MONTHLY CLIMATOLOGICAL SUMMARY for APR. 2024 NAME: Estensemeteo CITY: Ferrara STATE: Italy ELEV: 11 LAT: 044:48:49 LONG: -011:41:15 TEMPERATURE ( °C), RAIN (mm), WIND SPEED (kmh) HEAT COOL AVG MEAN DEG DEG WIND DOM DAY TEMP HIGH TIME LOW TIME DAYS DAYS RAIN SPEED HIGH TIME DIR -------------------------------------------------------------------------------------------------------- 01 14.6 17.8 09:26 10.7 00:00 03.7 00.0 00.3 05.5 27.8 21:07 S 02 14.1 21.6 16:46 07.4 06:46 04.2 00.0 00.0 04.8 22.2 11:17 SW 03 13.4 17.7 15:23 09.5 03:11 04.9 00.0 00.0 02.8 18.5 08:15 E 04 14.6 21.7 18:18 08.0 07:19 03.7 00.0 00.0 04.7 18.5 21:27 SW 05 16.0 22.1 17:04 10.4 05:49 02.3 00.0 00.0 03.6 18.5 16:27 W 06 17.4 24.6 18:01 11.2 07:26 00.9 00.0 00.0 04.1 18.5 15:37 NW 07 18.1 25.1 17:16 11.9 07:06 00.2 00.0 00.0 03.7 16.6 15:32 N 08 18.1 25.5 15:28 12.0 06:47 00.2 00.0 00.0 04.0 27.8 16:05 ENE 09 17.3 22.9 13:43 12.2 04:26 01.0 00.0 00.0 05.7 25.9 16:36 NE 10 13.8 17.1 00:02 12.1 10:06 04.5 00.0 02.5 05.5 25.9 09:52 NNE 11 16.2 21.9 17:12 10.2 07:26 02.1 00.0 00.0 05.5 18.5 14:33 N 12 19.4 25.7 18:06 13.1 06:33 00.0 01.1 00.0 04.3 16.6 12:23 NNE 13 21.0 28.9 18:32 14.1 06:34 00.0 02.7 00.0 03.4 14.8 13:24 N 14 21.1 30.2 18:00 14.1 06:33 00.0 02.8 00.0 03.7 20.4 18:37 S 15 21.0 27.9 13:51 14.5 06:06 00.0 02.7 00.0 04.7 29.6 17:08 SW 16 16.9 25.1 15:33 09.9 21:16 01.4 00.0 00.0 09.1 53.6 19:46 NNE 17 11.6 17.9 15:23 06.2 06:08 06.7 00.0 00.0 05.3 29.6 19:51 N 18 10.0 15.2 11:51 07.6 00:00 08.3 00.0 09.9 08.4 38.9 14:01 NNE 19 11.3 18.1 18:12 05.3 06:42 07.0 00.0 00.0 06.0 22.2 20:19 W 20 10.8 17.9 15:25 07.1 07:28 07.5 00.0 02.5 05.8 53.6 17:59 NNE 21 10.4 17.5 14:18 06.4 06:34 07.9 00.0 05.8 06.0 35.1 17:33 NNW 22 07.8 09.3 02:31 06.3 23:07 10.5 00.0 30.5 14.5 51.8 10:26 NE 23 08.0 11.4 14:34 05.6 03:35 10.3 00.0 04.6 06.8 29.6 01:55 NW 24 09.2 12.9 19:16 07.2 05:39 09.1 00.0 00.8 04.6 20.4 14:54 NW -------------------------------------------------------------------------------------------------------- 14.7 (15.2) 30.2 day 14 05.3 day 19 096.6 009.4 056.9 05.5 53.7 day 20 NNE Max >= 30: 1 Max Rain: 30.5 ON 22-04-24 Days of Rain: 8 (> .2mm) 6 (> 2mm) 1 (> 20mm)