MONTHLY CLIMATOLOGICAL SUMMARY for DEC. 2018

NAME: Estensemeteo   CITY: Ferrara STATE: Italy
ELEV: 11 LAT: 044:48:49 LONG: -011:41:15

                            TEMPERATURE ( C), RAIN (mm), WIND SPEED (kmh)

                                               HEAT     COOL           AVG
      MEAN                                     DEG      DEG            WIND                       DOM
DAY   TEMP    HIGH   TIME     LOW    TIME      DAYS     DAYS    RAIN   SPEED    HIGH    TIME      DIR
--------------------------------------------------------------------------------------------------------
01    05.1    07.5   15:22    03.7   06:18     13.2     00.0    00.0   03.0     16.6    21:49     WNW
02    05.2    06.6   14:50    03.4   08:52     13.1     00.0    00.0   03.7     18.5    06:33      W 
03    07.5    10.7   15:07    05.7   04:45     10.8     00.0    00.0   02.0     12.9    09:40     WNW
04    06.9    11.1   14:55    02.3   00:00     11.4     00.0    00.0   02.6     22.2    08:06     WNW
05    04.9    09.4   15:59    00.8   08:41     13.4     00.0    00.0   02.0     16.6    04:22     WNW
06    08.0    09.4   13:16    07.1   04:44     10.3     00.0    00.0   04.1     22.2    14:22      NW
07    07.0    09.7   16:16    03.4   08:02     11.3     00.0    00.0   03.0     18.5    00:49      SW
08    08.0    11.9   15:23    04.4   23:54     10.3     00.0    01.3   05.9     24.1    05:26      W 
09    04.3    10.7   14:16   -00.2   06:09     14.0     00.0    00.0   04.9     25.9    23:49      NW
10    08.2    12.2   15:04    04.4   23:48     10.1     00.0    00.0   10.4     37.0    10:47     WNW
--------------------------------------------------------------------------------------------------------
06.5 (6.7)   12.2  day 10    -00.2  day 09   117.8    000.0   001.3   04.2     37.0   day 10     WNW
Min <=   0: 1
Max Rain: 1.3 ON 8-12-18
Days of Rain: 1 (> .2mm) 0 (> 2mm) 0 (> 20mm)