MONTHLY CLIMATOLOGICAL SUMMARY for NOV. 2007

NAME: Estensemeteo   CITY: Ferrara STATE: Italy
ELEV: 11 LAT: 044:48:49 LONG: -011:41:15

                            TEMPERATURE ( C), RAIN (mm), WIND SPEED (kmh)

                                               HEAT     COOL           AVG
      MEAN                                     DEG      DEG            WIND                       DOM
DAY   TEMP    HIGH   TIME     LOW    TIME      DAYS     DAYS    RAIN   SPEED    HIGH    TIME      DIR
----------------------------------------------------------------------------------------------------------------------------------------------------------
01    10.7    14.9   15:01    06.9   07:46     07.6     00.0    00.0   06.7     37.0    11:01      NE
02    10.0    15.0   14:36    04.7   04:56     08.3     00.0    00.0   04.4     16.6    15:16      NW
03    11.1    16.8   14:56    05.7   07:26     07.2     00.0    00.0   04.0     14.8    04:36     WNW
04    10.7    15.8   16:11    06.3   07:11     07.6     00.0    00.0   03.4     11.1    13:41      W 
05    10.0    15.3   12:01    04.6   07:56     08.3     00.0    00.3   04.9     33.3    12:31     ESE
06    09.5    12.4   15:06    06.2   00:00     08.8     00.0    00.0   03.0     11.1    09:46     NNW
07    08.5    14.4   14:51    03.6   08:26     09.8     00.0    00.3   03.9     18.5    10:31      SW
08    08.3    14.2   15:41    03.8   07:36     10.0     00.0    00.0   02.0     09.3    18:31      NE
09    08.5    14.2   15:01    05.3   04:16     09.8     00.0    01.0   09.2     42.5    16:36     WNW
10    08.0    13.0   15:51    02.4   02:41     10.3     00.0    00.0   09.4     33.3    10:36      W 
11    10.0    16.0   15:51    03.3   05:51     08.3     00.0    00.0   04.2     20.4    12:46     WSW
12    09.0    15.0   15:26    04.2   07:36     09.3     00.0    00.0   04.9     24.1    12:51      NE
13    05.8    11.8   14:41    01.9   04:06     12.5     00.0    00.0   04.3     18.5    13:11     WSW
14    05.4    09.2   15:36    02.4   00:21     12.9     00.0    00.0   04.4     22.2    11:46      NW
15    04.9    10.5   14:46    01.7   06:41     13.4     00.0    00.0   04.4     42.5    10:56      N 
16    03.3    09.2   13:56   -00.6   06:16     15.0     00.0    00.0   05.7     27.8    14:16     NNE
17    03.9    08.0   14:51    00.7   07:41     14.4     00.0    00.0   06.2     24.1    16:11     NNW
18    04.0    05.9   15:56    01.8   08:06     14.3     00.0    00.0   03.9     18.5    09:26      W 
19    05.4    09.8   14:11    02.2   00:00     12.9     00.0    00.0   02.8     14.8    14:16     WNW
20    03.6    08.3   15:46   -00.4   07:51     14.7     00.0    00.0   01.5     07.4    12:06     WNW
21    04.7    07.8   16:01    00.3   05:06     13.6     00.0    00.0   02.7     14.8    23:11     NNW
22    07.5    09.7   15:26    05.6   07:41     10.8     00.0    03.6   04.2     22.2    17:31     NNE
23    07.5    10.2   15:21    05.9   05:01     10.8     00.0    00.3   02.5     14.8    17:26      SW
24    08.6    11.6   17:56    07.2   05:16     09.7     00.0    05.6   03.5     38.9    16:51     WNW
25    09.9    13.6   15:16    07.7   04:16     08.4     00.0    00.3   04.5     18.5    12:01     WSW
26    08.2    09.6   05:36    05.4   03:01     10.1     00.0    00.3   05.2     24.1    05:11      SW
27    07.8    12.3   14:21    04.8   08:26     10.5     00.0    00.0   03.9     18.5    23:01     NNE
28    06.7    09.3   11:31    04.6   23:06     11.6     00.0    00.0   07.1     31.4    13:26     NNE
29    05.8    08.2   15:31    02.6   08:11     12.5     00.0    00.3   03.2     18.5    11:16     NNE
30    05.7    09.7   15:06    02.1   07:16     12.6     00.0    00.0   02.9     18.5    11:36     WSW
----------------------------------------------------------------------------------------------------------------------------------------------------------
07.4 (7.7)   16.8  day 03    -00.6  day 16   326.0    000.0   000.0   04.4     42.6   day 15      NW
Min <=   30: 30
Max Rain: 5.6 ON 24-11-14
Days of Rain: 9 (> .2mm) 2 (> 2mm) 0 (> 20mm)