MONTHLY CLIMATOLOGICAL SUMMARY for NOV. 2011

NAME: Estensemeteo   CITY: Ferrara STATE: Italy
ELEV: 11 LAT: 044:48:49 LONG: -011:41:15

                            TEMPERATURE ( C), RAIN (mm), WIND SPEED (kmh)

                                               HEAT     COOL           AVG
      MEAN                                     DEG      DEG            WIND                       DOM
DAY   TEMP    HIGH   TIME     LOW    TIME      DAYS     DAYS    RAIN   SPEED    HIGH    TIME      DIR
----------------------------------------------------------------------------------------------------------------------------------------------------------
01    12.3    15.0   15:33    09.2   07:12     06.0     00.0    01.0   00.7     09.3    11:43      N 
02    13.4    15.2   13:47    10.6   07:04     04.9     00.0    00.0   00.5     11.1    13:27     NNW
04    13.4    14.4   17:59    13.3   17:59     04.9     00.0    01.5   00.7     16.6    22:33      N 
05    16.2    18.5   11:11    13.7   08:59     02.1     00.0    05.3   08.7     33.3    11:39     NNE
06    15.6    17.1   15:18    13.6   00:00     02.7     00.0    06.3   07.0     29.6    07:53     ESE
07    14.0    15.9   10:47    12.0   07:30     04.3     00.0    05.4   03.3     18.5    21:20      E 
08    15.7    19.7   13:56    12.8   22:40     02.6     00.0    07.1   07.0     22.2    16:21      E 
09    13.7    16.8   13:17    10.9   06:58     04.6     00.0    00.0   02.0     11.1    13:24      E 
10    12.1    15.6   14:55    07.9   06:32     06.2     00.0    00.0   02.4     12.9    15:00      NW
11    10.4    13.5   14:59    07.3   00:00     07.9     00.0    00.3   04.2     20.4    15:40      NW
12    07.8    12.1   14:30    04.7   06:59     10.5     00.0    00.0   05.8     20.4    14:40      N 
13    08.7    13.2   14:44    03.6   07:25     09.6     00.0    00.0   03.0     12.9    08:58     NNW
14    08.0    12.9   14:19    02.0   00:00     10.3     00.0    00.0   03.4     12.9    14:20      NW
15    03.7    06.3   14:52    01.9   08:05     14.6     00.0    00.0   03.9     12.9    09:12     WNW
16    04.2    07.7   15:41    01.6   00:00     14.1     00.0    00.0   03.2     12.9    10:37     WNW
17    02.3    07.2   14:28    00.2   07:37     16.0     00.0    00.0   02.9     12.9    15:42     WNW
18    01.9    06.4   14:14   -00.3   07:49     16.4     00.0    00.3   02.7     09.3    05:57     WNW
19    01.2    04.7   14:01   -00.9   07:56     17.1     00.0    00.0   01.6     07.4    07:59     WNW
20    02.0    03.2   14:40    00.5   06:56     16.3     00.0    00.3   01.4     09.3    06:34     WNW
21    04.5    04.6   00:00    04.4   23:19     13.8     00.0    00.0   04.3     11.1    00:10      W 
22    06.1    08.4   15:16    04.1   02:59     12.2     00.0    00.0   04.4     14.8    22:38     WNW
23    08.7    13.0   14:48    06.1   23:34     09.6     00.0    00.0   05.5     16.6    13:56      NW
24    04.2    05.3   00:00    03.5   05:35     14.1     00.0    00.0   04.1     07.4    05:05      NW
25    06.5    12.0   14:21    00.7   07:59     11.8     00.0    00.0   03.2     12.9    11:30     WNW
26    02.3    07.4   15:49   -01.3   08:07     16.0     00.0    00.0   02.3     12.9    09:28      NW
27    04.1    10.7   15:01    00.0   06:06     14.2     00.0    00.3   02.8     11.1    13:48      NW
28    05.1    09.1   15:25    00.1   07:30     13.2     00.0    00.3   01.6     11.1    13:33      NW
29    05.6    10.2   15:13    01.4   07:19     12.7     00.0    00.0   02.5     11.1    13:14      W 
30    01.9    07.3   14:37   -01.3   06:20     16.4     00.0    00.3   01.7     11.1    01:28     WNW
----------------------------------------------------------------------------------------------------------------------------------------------------------
07.5 (8.0)   19.7  day 08    -01.3  day 30   357.1    000.0   028.2   03.4     33.3   day 06      NW
Min <=   30: 33
Max Rain: 7.1 ON 8-11-14
Days of Rain: 12 (> .2mm) 4 (> 2mm) 0 (> 20mm)