MONTHLY CLIMATOLOGICAL SUMMARY for NOV. 2012

NAME: Estensemeteo   CITY: Ferrara STATE: Italy
ELEV: 11 LAT: 044:48:49 LONG: -011:41:15

                            TEMPERATURE ( C), RAIN (mm), WIND SPEED (kmh)

                                               HEAT     COOL           AVG
      MEAN                                     DEG      DEG            WIND                       DOM
DAY   TEMP    HIGH   TIME     LOW    TIME      DAYS     DAYS    RAIN   SPEED    HIGH    TIME      DIR
----------------------------------------------------------------------------------------------------------------------------------------------------------
01    11.2    14.3   15:56    09.6   08:50     07.1     00.0    02.5   04.1     20.4    12:18     WNW
02    10.1    14.8   16:11    07.4   00:00     08.2     00.0    00.0   02.7     16.6    13:46     NNW
03    10.5    17.4   13:38    05.4   06:59     07.8     00.0    00.3   02.7     14.8    08:37     ENE
04    13.0    15.3   13:57    11.4   04:49     05.3     00.0    01.3   03.5     24.1    23:30      NE
05    14.7    18.8   14:46    10.0   00:00     03.6     00.0    00.0   05.8     24.1    01:20      SW
06    12.1    16.6   14:08    07.7   07:58     06.2     00.0    00.0   02.0     16.6    17:12      N 
07    10.5    14.5   15:07    06.1   07:31     07.8     00.0    00.0   03.2     12.9    15:31      W 
08    09.4    14.4   14:41    03.5   06:02     08.9     00.0    00.0   00.8     07.4    14:34     SSW
09    10.2    14.3   14:25    05.7   07:44     08.1     00.0    00.0   01.5     09.3    07:07     NNW
10    12.3    14.2   23:46    08.4   07:00     06.0     00.0    00.3   06.1     20.4    22:53     ENE
11    14.2    19.1   12:38    11.7   23:55     04.1     00.0    12.2   07.5     42.5    07:58     SSE
12    11.2    11.7   00:06    10.9   00:00     07.1     00.0    00.0   02.1     16.6    12:00     WSW
13    12.8    14.2   14:51    10.4   06:09     05.5     00.0    00.3   03.6     16.6    22:21     NNW
14    11.4    16.2   15:20    08.1   00:00     06.9     00.0    00.0   04.1     24.1    11:52     NNE
15    09.5    12.4   13:47    06.2   23:58     08.8     00.0    00.0   04.7     25.9    08:45      N 
16    09.0    12.3   16:20    03.7   06:57     09.3     00.0    00.0   02.4     12.9    10:50     NNW
17    09.1    10.6   15:18    07.1   08:16     09.2     00.0    00.0   00.7     07.4    06:22     NNW
18    09.1    09.9   15:00    08.3   07:57     09.2     00.0    00.0   03.6     14.8    20:47     WNW
19    08.5    08.8   11:58    08.2   07:30     09.8     00.0    04.6   06.7     18.5    21:13     WNW
20    10.6    14.1   14:55    07.6   00:00     07.7     00.0    00.0   05.1     20.4    14:26     NNW
21    09.1    13.8   14:24    04.8   08:06     09.2     00.0    00.0   02.7     12.9    13:13      W 
22    09.9    12.1   14:56    07.7   07:54     08.4     00.0    00.0   01.9     12.9    15:08      W 
23    11.1    14.3   14:01    08.9   06:26     07.2     00.0    00.8   02.6     14.8    10:17      W 
24    10.9    14.8   14:35    07.1   08:15     07.4     00.0    00.0   00.4     07.4    13:05     SSW
25    10.6    12.9   15:41    08.6   06:45     07.7     00.0    00.0   00.5     07.4    13:17     SSW
26    11.1    14.3   15:07    08.3   23:34     07.2     00.0    00.0   03.2     14.8    15:43     ENE
27    10.7    13.6   12:39    07.6   03:32     07.6     00.0    21.6   06.6     29.6    19:28     ESE
28    12.1    14.4   08:30    09.5   23:15     06.2     00.0    15.0   05.6     29.6    14:40     ESE
29    10.9    14.0   13:43    07.9   08:11     07.4     00.0    02.0   03.8     18.5    06:53      SE
30    08.2    09.7   06:10    06.3   00:00     10.1     00.0    12.4   10.1     35.1    20:36     NNE
----------------------------------------------------------------------------------------------------------------------------------------------------------
10.8 (10.9)   19.1  day 11     03.5  day 08   225.1    000.0   073.2   03.7     42.6   day 11      N 
Min <=   30: 30
Max Rain: 21.6 ON 27-11-14
Days of Rain: 12 (> .2mm) 7 (> 2mm) 1 (> 20mm)