MONTHLY CLIMATOLOGICAL SUMMARY for NOV. 2013

NAME: Estensemeteo   CITY: Ferrara STATE: Italy
ELEV: 33 LAT: 044:48:49 LONG: -011:41:15

                            TEMPERATURE ( C), RAIN (mm), WIND SPEED (kmh)

                                               HEAT     COOL           AVG
      MEAN                                     DEG      DEG            WIND                       DOM
DAY   TEMP    HIGH   TIME     LOW    TIME      DAYS     DAYS    RAIN   SPEED    HIGH    TIME      DIR
----------------------------------------------------------------------------------------------------------------------------------------------------------
01    14.7    19.6   14:20    09.8   07:07     03.6     00.0    00.0   01.1     09.3    17:53      N 
02    15.5    18.1   13:05    11.4   00:01     02.8     00.0    00.0   01.2     09.3    11:18      N 
03    16.8    21.4   12:19    12.9   00:00     01.5     00.0    00.0   02.8     18.5    13:52      N 
04    13.7    17.1   13:42    11.4   07:04     04.6     00.0    05.3   02.1     14.8    19:32      N 
05    13.6    16.2   14:50    10.4   23:25     04.7     00.0    03.3   03.6     22.2    12:19      N 
06    13.6    18.9   14:30    07.8   07:05     04.7     00.0    00.0   02.3     18.5    12:25      N 
07    14.0    17.8   13:38    08.0   07:11     04.3     00.0    00.3   01.2     07.4    12:20      N 
08    15.7    17.9   14:35    14.1   00:00     02.6     00.0    00.0   01.6     11.1    23:44     NNE
09    14.2    18.3   12:02    09.4   00:00     04.1     00.0    00.0   03.3     18.5    11:49     NNW
10    12.1    15.6   13:45    08.8   07:44     06.2     00.0    04.1   04.8     29.6    16:09      N 
11    13.7    15.2   13:24    11.3   06:00     04.6     00.0    00.5   09.8     51.8    08:46     NNE
12    13.4    16.6   15:10    10.8   08:29     04.9     00.0    02.0   06.7     25.9    00:18     NNW
13    13.7    17.6   14:03    09.3   06:55     04.6     00.0    00.0   04.0     18.5    14:23     NNW
14    11.6    13.2   13:07    10.3   21:35     06.7     00.0    06.3   04.0     18.5    23:54      NE
15    10.3    11.3   04:10    09.3   07:28     08.0     00.0    30.7   15.1     48.1    10:37      NE
16    11.4    14.9   13:39    09.0   00:00     06.9     00.0    00.8   04.2     25.9    13:39     NNW
17    10.4    12.9   15:34    07.5   04:37     07.9     00.0    00.0   01.7     09.3    13:18     NNE
18    11.8    13.4   13:42    10.4   07:32     06.5     00.0    00.0   04.0     20.4    22:43      NE
19    13.8    16.2   14:22    12.1   00:00     04.5     00.0    01.5   03.7     27.8    07:37      NE
20    11.9    15.6   14:45    08.3   00:00     06.4     00.0    00.0   02.8     16.6    23:13      S 
21    09.5    12.6   13:55    06.8   00:00     08.8     00.0    05.6   08.0     37.0    11:45     SSE
22    08.2    12.3   14:57    04.4   06:30     10.1     00.0    00.0   04.2     18.5    14:54      NE
23    08.7    10.5   14:54    07.2   20:32     09.6     00.0    26.2   08.3     42.5    08:16     NNE
24    09.0    12.3   14:38    06.9   00:00     09.3     00.0    06.1   05.1     18.5    18:34      NW
25    06.2    10.9   12:13    02.1   23:54     12.1     00.0    00.0   06.3     37.0    14:12     NNE
26    03.9    07.9   13:34    00.3   07:48     14.4     00.0    00.8   06.1     27.8    13:40      N 
27    03.3    05.9   15:05   -00.2   06:22     15.0     00.0    00.0   04.7     18.5    17:39     WNW
28    04.3    07.8   14:59    00.9   00:00     14.0     00.0    00.0   03.7     16.6    12:34     NNW
29    03.6    07.9   14:40   -01.5   06:49     14.7     00.0    00.0   02.3     14.8    12:23      W 
30    04.6    07.4   14:47    01.1   00:19     13.7     00.0    00.0   04.9     18.5    22:44      NW
----------------------------------------------------------------------------------------------------------------------------------------------------------
10.9 (10.9)   21.4  day 03    -01.5  day 29   221.7    000.0   093.5   04.4     51.8   day 11     NNE
Min <=   30: 30
Max Rain: 30.7 ON 15-11-13
Days of Rain: 14 (> .2mm) 9 (> 2mm) 2 (> 20mm)