MONTHLY CLIMATOLOGICAL SUMMARY for NOV. 2016

NAME: Estensemeteo   CITY: Ferrara STATE: Italy
ELEV: 11 LAT: 044:48:49 LONG: -011:41:15

                            TEMPERATURE ( C), RAIN (mm), WIND SPEED (kmh)

                                               HEAT     COOL           AVG
      MEAN                                     DEG      DEG            WIND                       DOM
DAY   TEMP    HIGH   TIME     LOW    TIME      DAYS     DAYS    RAIN   SPEED    HIGH    TIME      DIR
--------------------------------------------------------------------------------------------------------
01    10.6    14.7   13:15    07.6   07:41     07.7     00.0    00.3   02.3     12.9    19:29      NW
02    11.5    14.3   15:48    08.8   05:34     06.8     00.0    00.0   00.8     07.4    00:00     ESE
03    12.7    16.8   14:33    09.5   00:00     05.6     00.0    00.0   02.4     18.5    16:39     ESE
04    10.3    14.4   14:22    06.3   07:12     08.0     00.0    00.0   02.2     12.9    01:02      NE
05    10.4    11.4   16:13    09.4   09:10     07.9     00.0    05.8   03.7     18.5    12:15      NE
06    11.8    17.1   14:02    09.7   06:37     06.5     00.0    01.0   02.9     20.4    14:05     WNW
07    11.2    16.1   15:20    06.7   00:00     07.1     00.0    00.0   03.0     16.6    15:37      SW
08    07.7    11.6   15:51    04.1   07:35     10.6     00.0    00.0   03.2     12.9    18:44     WNW
09    08.0    11.8   13:59    04.1   07:30     10.3     00.0    01.8   02.2     14.8    17:54     NNW
10    07.8    11.8   14:34    04.9   00:00     10.5     00.0    00.0   01.9     12.9    12:23      W 
11    07.1    09.8   12:38    04.7   01:33     11.2     00.0    20.3   05.6     29.6    21:03     NNW
12    08.4    12.6   15:49    05.2   00:00     09.9     00.0    03.6   04.1     22.2    11:50     WNW
13    06.0    09.9   14:10    02.3   07:44     12.3     00.0    00.0   01.9     11.1    03:04     WSW
14    07.3    08.5   04:47    04.8   00:00     11.0     00.0    00.0   05.4     22.2    09:25      NE
15    04.8    08.8   14:54    01.5   07:14     13.5     00.0    00.0   02.5     18.5    09:32     NNE
16    04.9    09.7   15:37    00.8   06:56     13.4     00.0    00.0   01.3     09.3    10:14      S 
17    07.0    10.6   15:28    02.4   08:04     11.3     00.0    00.0   01.1     12.9    12:55      NE
18    08.5    09.4   16:49    07.6   07:02     09.8     00.0    06.3   02.1     12.9    12:05     NNW
19    09.5    11.6   14:15    08.4   00:00     08.8     00.0    36.6   02.9     18.5    11:04      W 
20    08.4    09.2   22:32    07.5   06:08     09.9     00.0    00.0   01.4     14.8    22:22     WNW
21    10.8    12.8   21:15    08.9   06:19     07.5     00.0    00.5   03.2     16.6    20:52     ESE
22    14.1    17.4   14:47    12.1   08:13     04.2     00.0    00.0   04.4     12.9    19:47      E 
23    14.6    17.0   12:27    12.8   06:28     03.7     00.0    00.3   04.9     22.2    14:27      E 
24    14.3    16.0   15:15    13.1   02:37     04.0     00.0    00.3   05.7     22.2    11:12      E 
25    14.8    15.7   14:46    13.4   00:00     03.5     00.0    04.8   04.6     25.9    04:27      E 
26    12.7    14.7   15:28    09.2   23:59     05.6     00.0    06.9   02.4     16.6    14:47     WNW
27    09.1    13.7   13:24    06.0   07:42     09.2     00.0    00.3   02.3     14.8    11:58     WSW
28    08.7    10.2   15:47    05.7   00:00     09.6     00.0    01.5   06.1     35.1    22:49      E 
29    04.4    07.3   14:57    01.0   07:52     13.9     00.0    00.0   06.3     27.8    12:08     ENE
30    02.8    07.5   15:17   -00.7   07:42     15.5     00.0    00.0   03.2     18.5    13:47      W 
--------------------------------------------------------------------------------------------------------
09.3 (9.5)   17.4  day 22    -00.7  day 30   268.8    000.0   090.2   03.2     35.2   day 28      NE
Min <=   0: 1
Max Rain: 36.6 ON 19-11-16
Days of Rain: 15 (> .2mm) 7 (> 2mm) 2 (> 20mm)