MONTHLY CLIMATOLOGICAL SUMMARY for JAN. 2016

NAME: Estensemeteo   CITY: Ferrara STATE: Italy
ELEV: 11 LAT: 044:48:49 LONG: -011:41:15

                            TEMPERATURE ( C), RAIN (mm), WIND SPEED (kmh)

                                               HEAT     COOL           AVG
      MEAN                                     DEG      DEG            WIND                       DOM
DAY   TEMP    HIGH   TIME     LOW    TIME      DAYS     DAYS    RAIN   SPEED    HIGH    TIME      DIR
--------------------------------------------------------------------------------------------------------
01    02.5    06.9   14:44   -01.6   21:30     15.8     00.0    00.0   01.6     09.3    23:15     SSE
02    00.7    03.2   23:59   -01.6   03:58     17.6     00.0    09.7   04.4     22.2    19:44     NNW
03    02.9    05.8   15:38    00.8   23:29     15.4     00.0    07.6   08.0     27.8    08:39      NW
04    01.6    02.6   20:41    00.2   07:20     16.7     00.0    05.8   04.9     18.5    13:31      NW
05    02.2    03.6   15:33    00.6   05:16     16.1     00.0    01.8   03.4     14.8    17:22      NW
06    03.6    05.6   16:12    02.7   22:08     14.7     00.0    01.3   05.9     25.9    14:41     WNW
07    03.6    06.7   13:48    01.1   08:02     14.7     00.0    00.0   02.8     12.9    05:52     WSW
08    04.6    07.6   14:14    01.1   02:11     13.7     00.0    00.0   02.7     12.9    13:54      N 
09    05.6    06.6   15:31    04.6   08:43     12.7     00.0    01.8   02.6     14.8    23:30      W 
10    05.9    08.7   12:23    03.5   08:32     12.4     00.0    00.5   05.6     18.5    20:43      N 
11    10.8    18.2   14:21    05.1   02:15     07.5     00.0    00.0   09.9     51.8    15:41     SSW
12    09.1    17.3   20:14    04.9   08:10     09.2     00.0    00.0   08.4     37.0    13:41     WSW
13    07.2    21.9   22:24    02.8   07:28     11.1     00.0    00.0   09.1     40.7    13:59     WNW
14    03.1    05.1   00:25   -02.1   08:16     15.2     00.0    05.6   03.2     14.8    23:51     NNE
15    04.1    07.8   15:19    01.1   00:00     14.2     00.0    00.3   07.5     35.1    11:54     WNW
16    03.9    08.8   15:40    00.7   00:19     14.4     00.0    00.0   04.3     18.5    22:24      NW
17    02.4    08.1   14:22   -02.7   08:11     15.9     00.0    00.0   06.0     24.1    20:35     WNW
18    01.2    05.5   15:07   -02.8   08:04     17.1     00.0    00.0   03.3     14.8    12:03     WNW
19    00.4    05.0   15:26   -03.5   08:31     17.9     00.0    00.0   01.5     09.3    16:08      E 
20    00.5    05.1   14:59   -03.5   07:27     17.8     00.0    00.0   01.6     09.3    13:26     NNW
21    00.9    05.4   15:04   -03.2   08:29     17.4     00.0    00.0   01.8     11.1    22:19     NNW
22    02.6    05.6   15:41    00.7   07:08     15.7     00.0    00.0   04.0     16.6    12:38      NW
23    02.4    06.5   15:53   -00.6   05:14     15.9     00.0    00.0   03.3     16.6    12:13      W 
24    02.2    08.6   15:27   -02.4   08:44     16.1     00.0    00.0   02.7     12.9    02:19      SW
25    03.3    11.7   15:55   -03.4   06:57     15.0     00.0    00.0   02.3     12.9    11:26      W 
26    05.3    19.1   19:21   -00.9   08:41     13.0     00.0    00.0   02.9     18.5    14:29      N 
27    05.3    13.4   14:52   -02.3   08:19     13.0     00.0    00.0   01.4     09.3    15:58      E 
28    08.1    16.1   20:39    06.1   08:20     10.2     00.0    00.0   00.8     05.5    16:31     NNE
29    07.7    16.9   21:59    02.8   03:33     10.6     00.0    00.0   01.6     11.1    12:51      SW
30    07.7    21.2   20:29    06.2   07:39     10.6     00.0    01.0   01.5     09.3    23:46     ENE
31    05.3    16.9   20:19    01.9   08:38     13.0     00.0    00.0   03.1     16.6    00:43      NW
--------------------------------------------------------------------------------------------------------
04.1 (5.1)   26.0  day 19    -03.5  day 20   440.8    000.0   035.2   03.9     51.8   day 11     WNW
Min <=   0: 13
Max Rain: 9.7 ON 2-01-16
Days of Rain: 10 (> .2mm) 4 (> 2mm) 0 (> 20mm)