MONTHLY CLIMATOLOGICAL SUMMARY for JAN. 2017

NAME: Estensemeteo   CITY: Ferrara STATE: Italy
ELEV: 11 LAT: 044:48:49 LONG: -011:41:15

                            TEMPERATURE ( C), RAIN (mm), WIND SPEED (kmh)

                                               HEAT     COOL           AVG
      MEAN                                     DEG      DEG            WIND                       DOM
DAY   TEMP    HIGH   TIME     LOW    TIME      DAYS     DAYS    RAIN   SPEED    HIGH    TIME      DIR
--------------------------------------------------------------------------------------------------------
01    01.3    06.6   15:48   -03.0   08:37     17.0     00.0    00.3   02.2     14.8    12:25      W 
02    02.6    05.8   13:32    00.1   08:22     15.7     00.0    00.0   01.0     09.3    14:33      W 
03    04.6    09.5   14:32    01.5   00:00     13.7     00.0    00.0   03.5     18.5    15:19      N 
04    01.5    07.7   14:09   -01.8   07:22     16.8     00.0    00.0   04.1     18.5    13:18      W 
05    02.6    07.9   12:16   -02.1   07:41     15.7     00.0    00.3   07.3     31.4    11:24      N 
06   -00.0    04.4   14:51   -03.2   23:21     18.3     00.0    00.0   03.3     18.5    13:33     ENE
07   -01.7    02.9   14:12   -05.4   08:25     20.0     00.0    00.0   02.3     18.5    14:50      S 
08   -01.3    03.5   14:43   -04.6   07:18     19.6     00.0    00.0   01.8     11.1    23:15      NE
09   -02.1    02.7   15:06   -06.0   06:17     20.4     00.0    00.0   03.2     18.5    09:54      W 
10    00.4    03.0   13:24   -02.9   00:30     17.9     00.0    00.0   03.9     20.4    10:12      NE
11   -01.3    02.6   15:14   -05.7   08:37     19.6     00.0    00.0   02.8     20.4    01:09      N 
12   -00.6    00.6   00:00   -03.4   03:37     18.9     00.0    00.0   03.2     16.6    23:34      NE
13    00.9    02.8   20:12    00.1   10:40     17.4     00.0    06.9   06.4     25.9    11:08     WNW
14    01.7    07.8   14:37   -01.7   21:07     16.6     00.0    00.0   05.2     24.1    10:19      W 
15    00.9    04.0   15:22   -01.7   02:04     17.4     00.0    00.3   03.3     22.2    12:25     NNW
16    02.0    03.9   14:50   -00.2   07:42     16.3     00.0    00.0   12.0     42.5    23:20      NE
17    03.6    05.6   14:32    02.2   07:24     14.7     00.0    00.0   18.6     62.9    13:42      NE
18    03.9    06.4   14:02    02.5   23:15     14.4     00.0    00.0   16.1     46.3    14:21     ENE
19    03.6    07.0   14:22   -00.1   00:00     14.7     00.0    00.0   07.9     29.6    13:09      NE
20    01.3    06.2   15:19   -02.5   08:08     17.0     00.0    00.0   03.9     18.5    11:28     NNW
21    00.9    05.8   15:33   -03.7   07:57     17.4     00.0    00.0   03.2     16.6    11:13     WNW
22    01.5    05.4   15:20   -03.1   07:52     16.8     00.0    00.0   03.5     16.6    10:05      W 
23    04.1    07.0   13:34    01.8   05:41     14.2     00.0    00.0   03.2     12.9    18:45      NW
24    05.6    10.9   15:02    01.8   23:21     12.7     00.0    00.0   03.1     18.5    23:58     NNW
25    02.7    07.8   15:47   -00.8   23:17     15.6     00.0    00.0   04.5     18.5    11:13      N 
26    01.0    06.1   14:32   -02.6   08:25     17.3     00.0    00.0   05.0     22.2    14:32     NNE
27    00.8    06.4   15:46   -03.2   08:52     17.5     00.0    00.0   01.4     09.3    14:08     WNW
28    01.8    05.7   16:30   -03.1   04:02     16.5     00.0    00.0   02.1     12.9    13:44      N 
29    01.8    07.2   14:39   -02.2   06:43     16.5     00.0    00.0   01.6     09.3    13:57     NNW
30    02.0    06.5   14:29   -03.4   07:50     16.3     00.0    00.0   01.3     12.9    18:18     NNE
31    04.1    05.6   15:28    02.5   00:30     14.2     00.0    00.0   02.0     12.9    15:37     NNE
--------------------------------------------------------------------------------------------------------
01.6 (2.0)   10.9  day 24    -06.0  day 09   517.0    000.0   007.6   04.6     62.9   day 17     NNE
Min <=   0: 23
Min <= -5: 3
Min <=  -5: 3
Max Rain: 6.9 ON 13-01-17
Days of Rain: 4 (> .2mm) 1 (> 2mm) 0 (> 20mm)