MONTHLY CLIMATOLOGICAL SUMMARY for DEC. 2012

NAME: Estensemeteo   CITY: Ferrara STATE: Italy
ELEV: 11 LAT: 044:48:49 LONG: -011:41:15

                            TEMPERATURE ( C), RAIN (mm), WIND SPEED (kmh)

                                               HEAT     COOL           AVG
      MEAN                                     DEG      DEG            WIND                       DOM
DAY   TEMP    HIGH   TIME     LOW    TIME      DAYS     DAYS    RAIN   SPEED    HIGH    TIME      DIR
--------------------------------------------------------------------------------------------------------
01    07.1    09.4   11:51    05.7   08:16     11.2     00.0    02.0   08.6     31.4    11:46      NE
02    05.9    07.7   15:51    04.7   22:41     12.4     00.0    01.8   05.5     22.2    18:41      NW
03    03.8    06.7   07:01    01.3   06:54     14.5     00.0    00.0   05.6     20.4    01:14     WSW
04    02.3    04.8   13:26    00.3   04:01     16.0     00.0    02.3   04.3     22.2    13:51     NNW
05    02.6    06.0   15:56   -00.8   08:06     15.7     00.0    00.0   02.8     11.1    14:26      W 
06    03.1    06.4   14:46   -00.6   08:16     15.2     00.0    00.0   04.7     18.5    14:46     WNW
07    01.7    04.7   13:31   -00.1   23:41     16.6     00.0    00.3   06.4     35.1    19:01     NNE
08   -00.1    00.8   13:51   -00.7   00:00     18.4     00.0    02.8   05.6     18.5    17:46     WNW
09   -00.3    02.9   15:56   -03.9   08:16     18.6     00.0    00.5   04.0     16.6    07:11     WSW
10   -00.2    02.8   15:41   -03.6   08:46     18.5     00.0    00.0   03.3     16.6    19:51      NW
11    01.9    06.0   14:01   -01.8   00:41     16.4     00.0    00.0   04.1     20.4    09:36     WNW
12    00.2    04.0   15:01   -03.5   07:36     18.1     00.0    00.0   01.9     11.1    12:16     WNW
13   -01.0    00.8   15:21   -04.1   04:26     19.3     00.0    00.0   02.5     12.9    23:46      NW
14    00.2    00.3   00:00   -00.1   08:21     18.1     00.0    01.0   05.0     16.6    16:26     WNW
15    00.9    01.6   18:46    00.3   08:51     17.4     00.0    01.3   05.2     20.4    18:01      W 
16    02.2    03.8   14:56    00.0   00:46     16.1     00.0    00.0   02.2     20.4    00:41      W 
17    02.0    03.6   15:21    00.5   07:11     16.3     00.0    00.3   05.2     20.4    00:00      W 
18    01.7    02.8   14:16   -00.2   00:00     16.6     00.0    00.0   07.1     24.1    07:56     WNW
19   -00.6    01.2   14:31   -01.9   22:01     18.9     00.0    00.0   03.0     12.9    14:41      W 
20   -00.8    01.2   00:00   -03.6   06:29     19.1     00.0    00.3   00.1     05.5    23:16      W 
21    01.4    02.2   16:06    00.7   12:16     16.9     00.0    03.3   02.8     09.3    23:01     WSW
22    01.5    02.2   14:26    00.7   00:00     16.8     00.0    00.0   03.0     14.8    10:01     WNW
23    00.5    01.3   19:31   -00.8   08:11     17.8     00.0    00.0   02.9     12.9    07:51     WSW
24    02.6    05.4   15:46   -00.4   06:56     15.7     00.0    00.3   01.0     07.4    23:06     SSW
25    04.6    06.4   16:51    02.7   04:26     13.7     00.0    00.0   01.6     09.3    23:01      NW
26    05.5    06.2   00:00    05.1   06:16     12.8     00.0    03.8   04.6     27.8    21:51     WNW
27    05.7    06.3   14:06    05.2   23:51     12.6     00.0    00.0   02.8     12.9    23:56      SW
28    06.5    11.3   15:36    03.3   00:00     11.8     00.0    00.0   05.9     31.4    07:46      W 
29    04.6    09.3   15:51   -00.7   07:11     13.7     00.0    00.3   01.9     09.3    13:31      NW
30    03.5    07.8   15:11   -00.5   06:39     14.8     00.0    00.3   03.4     14.8    14:06     WSW
31    02.7    07.6   15:31   -00.8   08:36     15.6     00.0    00.0   02.8     11.1    11:16      W 
--------------------------------------------------------------------------------------------------------
02.3 (2.4)   11.3  day 28    -04.1  day 13   495.9    000.0   020.8   03.9     35.2   day 01     WNW
Min <=   0: 19
Max Rain: 3.8 ON 26-12-17
Days of Rain: 15 (> .2mm) 4 (> 2mm) 0 (> 20mm)