MONTHLY CLIMATOLOGICAL SUMMARY for DEC. 2017

NAME: Estensemeteo   CITY: Ferrara STATE: Italy
ELEV: 11 LAT: 044:48:49 LONG: -011:41:15

                            TEMPERATURE ( C), RAIN (mm), WIND SPEED (kmh)

                                               HEAT     COOL           AVG
      MEAN                                     DEG      DEG            WIND                       DOM
DAY   TEMP    HIGH   TIME     LOW    TIME      DAYS     DAYS    RAIN   SPEED    HIGH    TIME      DIR
--------------------------------------------------------------------------------------------------------
01    03.3    05.8   17:44    00.6   06:41     15.0     00.0    01.3   02.3     18.5    11:47     NNE
02    05.5    08.3   12:39    02.3   00:00     12.8     00.0    00.0   09.9     35.1    12:46      NE
03    03.7    07.4   14:43    01.3   08:13     14.6     00.0    00.0   04.9     20.4    11:17     NNW
04    02.3    06.8   14:53   -02.2   08:05     16.0     00.0    00.0   03.2     16.6    13:06      W 
05    02.2    06.4   15:23   -01.8   07:59     16.1     00.0    00.0   01.3     12.9    02:36     ESE
06    03.8    10.6   15:40   -01.4   07:51     14.5     00.0    00.0   02.6     16.6    11:45      W 
07    03.9    09.8   14:55   -01.6   06:47     14.4     00.0    00.0   00.6     07.4    23:58      W 
08    04.6    05.6   14:11    03.8   01:46     13.7     00.0    01.8   03.4     18.5    22:09      N 
09    04.2    06.9   12:50    00.1   00:00     14.1     00.0    00.8   04.3     24.1    03:55      W 
10    00.4    02.7   15:02   -02.1   05:21     17.9     00.0    00.3   04.0     20.4    18:20     NNE
11    05.3    14.8   23:51    00.7   04:37     13.0     00.0    01.3   04.0     22.2    22:07     ESE
12    07.9    16.7   01:54    04.3   00:00     10.4     00.0    00.0   03.7     37.0    01:33     WSW
13    03.3    08.1   14:14    00.3   00:00     15.0     00.0    00.0   03.4     18.5    05:42      W 
14    04.1    08.1   15:43   -00.1   01:06     14.2     00.0    00.0   02.6     14.8    23:53      NW
15    04.3    08.7   12:23    01.7   03:37     14.0     00.0    00.3   04.9     22.2    20:30      NW
16    04.8    08.2   14:47    01.9   03:19     13.5     00.0    00.0   07.0     27.8    05:31     NNW
17    02.7    07.2   15:36   -00.4   23:01     15.6     00.0    00.0   05.1     24.1    03:40     WNW
18    00.8    04.4   14:42   -02.4   07:22     17.5     00.0    00.0   01.6     12.9    10:25      W 
19    00.7    04.7   15:09   -03.0   07:14     17.6     00.0    00.0   02.5     12.9    07:46     WNW
20    01.8    05.7   14:24   -01.1   08:22     16.5     00.0    00.0   02.0     14.8    11:42     WNW
21    00.9    04.9   14:24   -03.0   06:02     17.4     00.0    00.3   01.8     12.9    05:56      W 
22    01.8    06.4   14:11   -01.4   04:54     16.5     00.0    00.0   03.1     18.5    15:59      W 
23    03.3    08.6   14:24   -00.7   08:26     15.0     00.0    00.0   02.3     18.5    13:38      W 
24    03.8    09.6   15:49   -01.2   08:34     14.5     00.0    00.0   01.6     12.9    13:20     WNW
25    02.7    09.5   14:25   -02.7   04:40     15.6     00.0    00.0   01.2     09.3    22:27     SSE
26    05.4    08.2   13:12    03.4   23:55     12.9     00.0    00.0   01.8     14.8    01:07      NE
27    06.8    10.0   16:42    03.4   01:38     11.5     00.0    02.3   07.2     31.4    13:05      SE
28    04.4    06.8   13:52    02.8   09:17     13.9     00.0    07.6   04.7     31.4    15:21      NW
29    04.5    07.7   14:56    01.8   00:00     13.8     00.0    00.0   03.1     18.5    04:22      W 
30    02.4    06.3   14:54   -00.1   08:51     15.9     00.0    00.0   01.1     14.8    04:16      W 
31    02.5    04.9   15:59   -00.7   09:19     15.8     00.0    00.0   00.8     07.4    20:03      SW
--------------------------------------------------------------------------------------------------------
03.5 (3.9)   16.7  day 12    -03.0  day 21   459.0    000.0   015.7   03.3     37.0   day 02      NW
Min <=   0: 17
Max Rain: 7.6 ON 28-12-18
Days of Rain: 9 (> .2mm) 2 (> 2mm) 0 (> 20mm)