MONTHLY CLIMATOLOGICAL SUMMARY for FEB. 2008

NAME: Estensemeteo   CITY: Ferrara STATE: Italy
ELEV: 11 LAT: 044:48:49 LONG: -011:41:15

                            TEMPERATURE ( C), RAIN (mm), WIND SPEED (kmh)

                                               HEAT     COOL           AVG
      MEAN                                     DEG      DEG            WIND                       DOM
DAY   TEMP    HIGH   TIME     LOW    TIME      DAYS     DAYS    RAIN   SPEED    HIGH    TIME      DIR
----------------------------------------------------------------------------------------------------------------------------------------------------------
01    05.1    07.4   16:31    02.3   03:51     13.2     00.0    00.0   03.9     18.5    23:51      E 
02    06.2    07.3   18:46    04.9   08:01     12.1     00.0    00.3   04.8     18.5    15:26     NNE
03    06.0    06.9   02:11    05.2   09:46     12.3     00.0    06.1   10.9     37.0    05:46     NNE
04    06.2    08.2   21:41    05.2   07:51     12.1     00.0    02.0   04.9     27.8    17:31     ENE
05    07.2    08.9   16:31    05.1   05:26     11.1     00.0    00.5   06.1     24.1    11:51      W 
06    07.2    12.7   16:06    02.6   07:56     11.1     00.0    00.3   04.5     18.5    15:11     WSW
07    07.7    14.8   15:31    01.7   08:16     10.6     00.0    00.0   03.8     18.5    12:31     WNW
08    05.8    10.7   15:16    01.2   07:56     12.5     00.0    00.0   06.5     31.4    14:31      NE
09    05.1    10.2   15:51    00.6   07:56     13.2     00.0    00.0   06.0     25.9    11:06      N 
10    04.9    10.1   14:36    00.9   08:31     13.4     00.0    00.0   05.2     22.2    13:11      N 
11    04.5    09.5   14:46   -00.9   08:21     13.8     00.0    00.0   06.0     31.4    15:01     NNE
12    04.3    09.2   15:01    00.6   08:11     14.0     00.0    00.0   06.4     31.4    12:11      N 
13    04.1    10.0   16:11   -01.6   07:26     14.2     00.0    00.0   04.1     18.5    13:11      W 
14    05.1    12.0   15:56   -00.4   04:16     13.2     00.0    00.0   04.8     20.4    14:51      W 
15    04.2    09.7   15:46    00.3   07:26     14.1     00.0    00.0   04.5     16.6    18:21     NNW
16    02.6    07.1   14:01   -01.2   00:00     15.7     00.0    00.0   05.4     29.6    12:16     ESE
17    01.7    05.6   14:56   -01.6   23:21     16.6     00.0    00.0   05.1     25.9    11:31      SE
18    01.6    07.7   15:46   -03.8   08:06     16.7     00.0    00.0   05.1     24.1    13:56      W 
19    04.7    12.4   16:26   -01.8   07:21     13.6     00.0    00.0   03.6     22.2    14:21      W 
20    05.8    11.9   15:36    01.2   00:26     12.5     00.0    00.0   03.0     20.4    18:46      NE
21    05.1    12.9   16:06   -01.8   05:16     13.2     00.0    00.0   02.9     14.8    18:11      NE
22    05.7    12.7   15:06   -00.4   08:06     12.6     00.0    00.3   03.1     20.4    17:36      SE
23    04.7    11.1   15:56    00.9   07:56     13.6     00.0    00.3   02.0     11.1    01:23      E 
24    04.6    13.2   16:46   -01.7   06:41     13.7     00.0    00.3   02.2     16.6    15:21      SE
25    04.6    07.0   17:06    02.2   06:06     13.7     00.0    00.0   02.3     14.8    15:56      SE
26    06.4    09.2   16:41    04.7   09:06     11.9     00.0    00.5   03.5     16.6    17:06      S 
27    07.6    08.9   16:16    06.0   00:51     10.7     00.0    00.0   05.3     18.5    18:31      NE
28    09.4    14.0   16:06    05.6   00:00     08.9     00.0    00.0   02.8     11.1    11:51      NE
29    09.7    15.8   14:36    04.7   05:01     08.6     00.0    00.3   04.6     22.2    17:56     SSE
----------------------------------------------------------------------------------------------------------------------------------------------------------
05.4 (5.8)   15.8  day 29    -03.8  day 18   373.0    000.0   000.0   04.6     37.0   day 03     NNE
Min <=   30: 29
Max Rain: 6.1 ON 3-02-14
Days of Rain: 10 (> .2mm) 1 (> 2mm) 0 (> 20mm)