MONTHLY CLIMATOLOGICAL SUMMARY for FEB. 2009

NAME: Estensemeteo   CITY: Ferrara STATE: Italy
ELEV: 11 LAT: 044:48:49 LONG: -011:41:15

                            TEMPERATURE ( C), RAIN (mm), WIND SPEED (kmh)

                                               HEAT     COOL           AVG
      MEAN                                     DEG      DEG            WIND                       DOM
DAY   TEMP    HIGH   TIME     LOW    TIME      DAYS     DAYS    RAIN   SPEED    HIGH    TIME      DIR
----------------------------------------------------------------------------------------------------------------------------------------------------------
01    02.1    03.4   00:18    01.3   19:46     16.2     00.0    05.6   11.7     35.1    14:11     NNE
02    05.0    07.1   19:26    02.3   00:11     13.3     00.0    19.0   08.8     35.1    21:06      NE
03    04.6    05.8   02:16    03.2   08:46     13.7     00.0    04.1   06.7     31.4    00:11     WNW
04    07.6    12.2   14:36    04.5   08:06     10.7     00.0    01.3   05.8     24.1    11:11      W 
05    09.3    14.3   15:16    05.5   07:36     09.0     00.0    01.0   03.9     16.6    19:31      E 
06    09.5    13.8   13:51    05.7   08:01     08.8     00.0    09.4   05.6     25.9    18:36     ESE
07    10.8    15.3   13:36    07.2   23:11     07.5     00.0    03.3   07.8     31.4    06:41      SE
08    07.2    09.2   16:56    05.8   02:46     11.1     00.0    00.3   05.0     22.2    17:11      W 
09    07.7    11.8   15:01    05.3   00:00     10.6     00.0    00.0   04.8     22.2    02:11      SW
10    05.8    08.1   16:16    03.2   02:11     12.5     00.0    00.3   05.7     27.8    13:26     NNW
11    05.3    08.4   16:06    03.8   08:46     13.0     00.0    00.0   04.9     22.2    17:36      W 
12    05.1    09.7   15:11    00.7   08:06     13.2     00.0    00.0   04.5     16.6    23:06     WNW
13    03.6    07.7   15:01   -00.1   08:06     14.7     00.0    00.0   04.6     16.6    14:11     WNW
14    02.4    07.9   15:51   -02.4   05:01     15.9     00.0    00.0   05.2     20.4    14:11      W 
15    02.7    07.9   15:36   -02.8   06:21     15.6     00.0    00.0   03.0     18.5    12:31      W 
16    02.6    08.9   15:51   -03.1   07:31     15.7     00.0    00.0   04.0     12.9    14:21     WSW
17    03.7    09.7   16:46   -00.3   07:41     14.6     00.0    00.0   04.9     16.6    13:36     WSW
18    02.8    06.3   15:56   -00.6   07:56     15.5     00.0    00.0   06.4     40.7    04:21     ENE
19    02.3    07.2   16:06   -02.1   07:11     16.0     00.0    00.0   02.5     14.8    12:26      S 
20    02.8    08.8   16:26   -03.4   06:11     15.5     00.0    00.0   03.3     12.9    13:56     WSW
21    05.3    10.9   16:01    00.4   07:36     13.0     00.0    00.0   03.2     14.8    12:06     WSW
22    04.5    11.5   14:51   -00.3   07:31     13.8     00.0    00.0   03.2     22.2    17:36      SE
23    03.9    08.5   15:56   -00.9   08:16     14.4     00.0    00.0   03.5     14.8    13:11      NW
24    06.2    11.0   15:51    02.6   05:41     12.1     00.0    00.0   05.1     31.4    21:46      NE
25    05.9    10.4   16:26    00.8   07:21     12.4     00.0    00.0   05.4     29.6    11:51     NNE
26    06.0    12.3   15:51   -00.4   05:56     12.3     00.0    00.0   04.0     25.9    13:56      W 
27    06.3    12.4   15:31    00.6   07:21     12.0     00.0    00.0   03.1     16.6    14:46     NNE
28    06.8    15.6   16:11   -00.8   07:46     11.5     00.0    00.0   03.2     18.5    17:41      E 
----------------------------------------------------------------------------------------------------------------------------------------------------------
05.3 (5.6)   15.6  day 28    -03.4  day 20   364.7    000.0   000.0   05.0     40.7   day 18     NNW
Min <=   30: 28
Max Rain: 19.0 ON 2-02-14
Days of Rain: 9 (> .2mm) 5 (> 2mm) 0 (> 20mm)