MONTHLY CLIMATOLOGICAL SUMMARY for FEB. 2013

NAME: Estensemeteo   CITY: Ferrara STATE: Italy
ELEV: 11 LAT: 044:48:49 LONG: -011:41:15

                            TEMPERATURE ( C), RAIN (mm), WIND SPEED (kmh)

                                               HEAT     COOL           AVG
      MEAN                                     DEG      DEG            WIND                       DOM
DAY   TEMP    HIGH   TIME     LOW    TIME      DAYS     DAYS    RAIN   SPEED    HIGH    TIME      DIR
----------------------------------------------------------------------------------------------------------------------------------------------------------
01    03.6    05.2   15:56    02.0   01:19     14.7     00.0    00.0   02.8     14.8    12:31      E 
02    04.6    06.2   16:51    02.6   23:01     13.7     00.0    23.4   06.8     44.4    18:21     NNW
03    06.0    11.0   15:36    01.3   00:00     12.3     00.0    00.8   04.6     22.2    00:26      W 
04    06.7    11.6   07:26    00.7   06:24     11.6     00.0    00.0   01.9     11.1    06:39      SW
05    04.9    08.9   14:26    01.3   08:06     13.4     00.0    00.0   02.6     16.6    23:26      NE
06    04.2    08.9   14:31    01.6   00:00     14.1     00.0    00.3   06.9     38.9    17:21     NNW
07    04.9    07.7   15:16    01.1   00:46     13.4     00.0    00.0   04.5     18.5    13:26      NW
08    04.3    08.4   15:11    00.3   08:11     14.0     00.0    00.0   03.9     16.6    16:31     NNE
09    02.6    06.3   14:06   -00.1   22:41     15.7     00.0    00.0   03.8     18.5    16:01      NW
10    02.2    06.3   15:16   -00.5   00:56     16.1     00.0    00.0   04.7     24.1    00:21      SE
11    00.6    01.7   09:46   -00.3   04:51     17.7     00.0    08.9   06.8     33.3    17:11     ENE
12    01.7    03.1   15:26    00.4   00:46     16.6     00.0    01.3   03.9     14.8    16:36     WNW
13    01.1    03.5   15:36   -00.8   08:56     17.2     00.0    00.3   08.0     20.4    12:46     WNW
14    04.4    08.8   15:41    01.3   08:11     13.9     00.0    00.0   06.1     22.2    04:56     WNW
15    04.8    09.3   15:56   -00.4   07:56     13.5     00.0    00.0   02.6     11.1    22:46     NNW
16    05.9    10.2   15:31    00.2   08:01     12.4     00.0    00.0   03.5     14.8    11:16     NNW
17    06.0    09.2   14:51    01.3   06:44     12.3     00.0    00.0   02.9     14.8    15:01     NNE
18    05.4    09.1   15:01    00.7   07:46     12.9     00.0    00.0   04.5     20.4    14:21      N 
19    05.7    09.5   07:51   -00.5   06:29     12.6     00.0    00.0   03.1     16.6    07:26      SW
20    04.5    06.4   16:41    00.9   07:11     13.8     00.0    03.8   01.5     11.1    12:56     ENE
21    01.9    04.6   00:06    00.2   23:46     16.4     00.0    44.2   09.5     31.4    21:26      NE
22    00.4    01.3   18:56   -00.6   08:16     17.9     00.0    02.5   05.9     29.6    06:49      N 
23    01.7    03.2   15:26    00.3   08:06     16.6     00.0    14.0   09.4     42.5    20:56      NE
24    04.4    09.9   14:21    00.8   06:51     13.9     00.0    01.0   06.2     25.9    11:26     SSW
25    04.3    10.9   15:11   -00.3   07:56     14.0     00.0    00.0   05.0     29.6    15:46      SE
26    04.8    11.1   16:51    00.2   07:06     13.5     00.0    00.3   07.9     31.4    13:26     WNW
27    04.7    06.4   15:11    02.5   02:26     13.6     00.0    02.3   05.8     18.5    23:16     WNW
28    06.4    11.3   16:56    02.3   04:01     11.9     00.0    00.0   04.0     12.9    10:26     WSW
----------------------------------------------------------------------------------------------------------------------------------------------------------
04.0 (4.1)   11.6  day 04    -00.8  day 13   399.6    000.0   087.4   05.0     44.4   day 23     NNW
Min <=   0: 8
Max Rain: 44.2 ON 21-02-15
Days of Rain: 13 (> .2mm) 7 (> 2mm) 2 (> 20mm)