MONTHLY CLIMATOLOGICAL SUMMARY for FEB. 2015

NAME: Estensemeteo   CITY: Ferrara STATE: Italy
ELEV: 11 LAT: 044:48:49 LONG: -011:41:15

                            TEMPERATURE ( C), RAIN (mm), WIND SPEED (kmh)

                                               HEAT     COOL           AVG
      MEAN                                     DEG      DEG            WIND                       DOM
DAY   TEMP    HIGH   TIME     LOW    TIME      DAYS     DAYS    RAIN   SPEED    HIGH    TIME      DIR
----------------------------------------------------------------------------------------------------------------------------------------------------------
01    04.4    08.0   14:30    01.5   05:22     13.9     00.0    09.1   06.9     27.8    14:12     WNW
02    02.8    08.2   16:27   -00.9   07:58     15.5     00.0    00.3   03.8     18.5    15:43      SW
03    03.6    07.4   16:12    00.3   02:40     14.7     00.0    00.0   05.6     24.1    23:42      NE
04    05.5    07.9   15:44    04.0   08:43     12.8     00.0    00.5   06.1     27.8    04:58     NNE
05    03.7    05.8   02:17    01.9   23:24     14.6     00.0    57.4   23.9     59.2    11:24      NE
06    04.8    06.4   09:12    02.3   00:52     13.5     00.0    48.8   21.3     74.0    03:10      NE
07    04.0    07.0   13:39    00.9   22:49     14.3     00.0    02.0   06.3     33.3    14:08      N 
08    01.5    04.7   21:52   -01.2   08:06     16.8     00.0    00.3   05.3     20.4    12:40     WNW
09    02.7    07.7   14:48   -02.0   08:11     15.6     00.0    00.0   04.0     20.4    14:07      SW
10    03.4    10.6   16:28   -01.8   07:59     14.9     00.0    00.0   02.3     12.9    06:33     SSE
11    04.5    10.2   15:58   -00.2   08:09     13.8     00.0    00.0   02.9     16.6    10:51     WSW
12    04.0    10.3   15:49   -01.1   09:04     14.3     00.0    00.0   02.0     07.4    06:41     WSW
13    06.4    10.4   14:59    03.2   08:39     11.9     00.0    00.0   01.9     01.9    00:00     NNE
14    07.4    12.1   14:56    04.9   13:05     10.9     00.0    00.0   05.1     20.4    13:51     ENE
15    07.3    10.8   16:21    00.0   13:44     11.0     00.0    00.0   06.9     24.1    12:15      E 
16    08.8    12.8   15:48    06.9   05:01     09.5     00.0    04.8   08.3     27.8    14:38      NE
17    07.6    12.0   15:00    04.0   21:34     10.7     00.0    00.0   04.4     20.4    14:58     NNE
18    05.7    11.4   16:39    01.1   06:42     12.6     00.0    00.0   12.0     29.6    11:32      E 
19    05.1    11.9   15:54   -00.1   07:49     13.2     00.0    00.0   18.5     20.4    00:00      SW
20    05.0    11.8   15:54   -00.4   07:34     13.3     00.0    00.0   18.5     20.4    00:00      S 
21    06.6    13.7   12:59   -00.8   07:54     11.7     00.0    00.0   18.5     20.4    00:00     ESE
22    07.8    08.8   19:14    06.7   08:34     10.5     00.0    12.7   18.5     20.4    00:00     NNE
23    09.6    14.2   15:34    06.1   07:19     08.7     00.0    00.0   18.5     20.4    00:00      W 
24    08.6    10.4   13:34    06.2   07:39     09.7     00.0    05.8   18.2     44.4    23:37     ENE
25    08.0    11.2   16:04    06.2   05:00     10.3     00.0    07.1   09.8     29.6    02:23     NNW
26    09.0    11.7   14:58    06.7   01:53     09.3     00.0    00.0   03.3     12.9    11:39      N 
27    08.8    12.7   14:04    05.4   07:10     09.5     00.0    00.0   05.2     14.8    00:00     WNW
28    08.8    14.0   15:09    04.8   08:09     09.5     00.0    00.0   06.8     16.6    13:04     WSW
----------------------------------------------------------------------------------------------------------------------------------------------------------
05.9 (6.2)   14.2  day 23    -02.0  day 09   347.0    000.0   149.9   09.5     74.0   day 06     NNE
Min <=   0: 10
Max Rain: 57.4 ON 5-02-15
Days of Rain: 11 (> .2mm) 7 (> 2mm) 2 (> 20mm)