MONTHLY CLIMATOLOGICAL SUMMARY for FEB. 2016

NAME: Estensemeteo   CITY: Ferrara STATE: Italy
ELEV: 11 LAT: 044:48:49 LONG: -011:41:15

                            TEMPERATURE ( C), RAIN (mm), WIND SPEED (kmh)

                                               HEAT     COOL           AVG
      MEAN                                     DEG      DEG            WIND                       DOM
DAY   TEMP    HIGH   TIME     LOW    TIME      DAYS     DAYS    RAIN   SPEED    HIGH    TIME      DIR
--------------------------------------------------------------------------------------------------------
01    06.9    08.8   16:53    04.5   07:38     11.4     00.0    00.0   02.2     12.9    16:06     SSW
02    07.1    08.3   16:09    04.9   01:56     11.2     00.0    00.0   02.1     12.9    08:31     SSW
03    07.4    09.0   16:37    06.2   08:24     10.9     00.0    05.3   04.0     51.8    19:50     NNE
04    07.2    12.3   15:38    02.9   00:00     11.1     00.0    00.5   06.0     22.2    11:06      W 
05    05.2    12.0   15:39    00.4   04:27     13.1     00.0    00.0   03.2     14.8    19:14      NE
06    05.9    11.1   15:51    01.1   06:17     12.4     00.0    00.3   02.9     14.8    11:12     NNW
07    08.6    11.2   12:35    04.6   03:22     09.7     00.0    01.3   08.6     29.6    12:09     ESE
08    07.9    10.5   15:27    04.4   00:00     10.4     00.0    00.0   04.8     20.4    01:37      W 
09    08.6    16.0   15:02    01.6   06:08     09.7     00.0    01.0   07.2     37.0    16:23     SSE
10    09.3    12.7   15:21    04.0   00:00     09.0     00.0    05.8   14.2     55.5    08:02     WNW
11    05.5    10.8   15:42    00.4   07:23     12.8     00.0    00.0   03.0     16.6    08:53      NW
12    06.2    09.8   15:14    03.4   00:29     12.1     00.0    14.5   04.8     31.4    23:54     ENE
13    05.6    09.8   15:39    02.1   07:17     12.7     00.0    00.0   06.7     25.9    07:21     WNW
14    05.8    07.1   17:21    04.5   01:00     12.5     00.0    16.8   04.3     29.6    12:57     NNW
15    06.7    08.2   21:46    05.4   06:26     11.6     00.0    23.1   03.9     24.1    23:54      NW
16    07.9    10.1   12:21    06.3   00:00     10.4     00.0    20.8   14.3     40.7    21:42      NE
17    06.9    09.3   15:04    05.3   02:58     11.4     00.0    16.5   05.7     46.3    02:18      N 
18    08.0    11.7   15:32    05.1   08:35     10.3     00.0    00.3   07.4     31.4    15:06     WNW
19    08.6    14.5   15:18    04.2   04:27     09.7     00.0    00.0   05.5     27.8    23:06     WSW
20    08.0    12.4   15:27    04.8   07:28     10.3     00.0    00.0   05.7     24.1    01:05     WNW
21    08.4    15.3   16:29    03.7   08:02     09.9     00.0    00.0   04.4     18.5    14:46      SW
22    08.3    13.4   16:06    04.2   07:18     10.0     00.0    00.0   02.7     16.6    16:29     ENE
23    10.1    14.8   14:47    05.4   08:02     08.2     00.0    03.8   03.7     18.5    11:11      NW
24    08.6    11.7   14:56    05.2   04:46     09.7     00.0    00.3   06.6     31.4    11:36     ESE
25    07.5    09.0   16:07    05.7   05:07     10.8     00.0    01.5   03.4     18.5    05:30     ENE
26    07.2    08.7   14:22    06.3   00:00     11.1     00.0    00.5   03.0     16.6    23:20      E 
27    06.4    08.6   23:54    05.5   11:38     11.9     00.0    05.6   12.8     38.9    14:29      NE
28    11.1    13.3   16:22    08.3   01:00     07.2     00.0    32.8   12.9     51.8    23:05     ENE
29    10.2    12.2   15:33    07.9   20:21     08.1     00.0    46.5   10.3     50.0    00:05     ENE
--------------------------------------------------------------------------------------------------------
07.6 (7.8)   16.0  day 09     00.4  day 11   309.6    000.0   197.1   06.1     55.5   day 29     NNE
Max Rain: 46.5 ON 29-02-17
Days of Rain: 19 (> .2mm) 11 (> 2mm) 4 (> 20mm)