MONTHLY CLIMATOLOGICAL SUMMARY for FEB. 2017

NAME: Estensemeteo   CITY: Ferrara STATE: Italy
ELEV: 11 LAT: 044:48:49 LONG: -011:41:15

                            TEMPERATURE ( C), RAIN (mm), WIND SPEED (kmh)

                                               HEAT     COOL           AVG
      MEAN                                     DEG      DEG            WIND                       DOM
DAY   TEMP    HIGH   TIME     LOW    TIME      DAYS     DAYS    RAIN   SPEED    HIGH    TIME      DIR
--------------------------------------------------------------------------------------------------------
01    05.0    06.3   16:47    03.8   05:57     13.3     00.0    00.0   01.0     07.4    16:47      N 
02    06.0    07.9   16:49    04.3   06:28     12.3     00.0    01.3   00.9     09.3    14:30      NE
03    08.0    13.0   15:55    04.8   08:40     10.3     00.0    00.8   02.9     27.8    13:35     ENE
04    07.0    07.5   03:30    06.1   00:00     11.3     00.0    09.4   05.7     25.9    22:15     NNW
05    05.5    07.4   16:13    02.9   06:17     12.8     00.0    39.1   09.6     46.3    18:58      NE
06    07.7    10.0   16:32    05.3   05:47     10.6     00.0    12.2   09.0     44.4    13:59      N 
07    08.5    12.2   15:05    04.7   23:58     09.8     00.0    00.0   03.7     16.6    00:59      N 
08    06.0    09.1   12:47    02.7   00:00     12.3     00.0    00.0   04.8     24.1    10:37     ESE
09    04.3    08.1   13:16    01.1   07:14     14.0     00.0    00.0   03.6     18.5    11:21      NE
10    05.4    06.8   15:53    04.0   06:15     12.9     00.0    00.0   03.2     14.8    14:18      N 
11    06.6    08.4   14:35    04.7   07:59     11.7     00.0    00.0   01.5     07.4    15:43      N 
12    07.8    09.8   15:50    06.0   07:38     10.5     00.0    00.0   01.1     07.4    19:57      N 
13    07.1    08.7   15:41    04.8   00:00     11.2     00.0    00.0   02.6     18.5    19:02      NE
14    06.3    11.1   15:43    01.8   06:32     12.0     00.0    00.0   03.1     18.5    12:32     NNW
15    07.4    13.8   15:54    01.8   07:07     10.9     00.0    00.0   04.1     20.4    11:59     WNW
16    08.1    14.2   16:18    02.8   07:43     10.2     00.0    00.0   03.2     16.6    14:03     WNW
17    06.6    12.4   15:18    01.4   08:47     11.7     00.0    06.9   04.0     18.5    20:55      NE
18    07.7    13.2   16:30    01.4   08:18     10.6     00.0    00.0   02.5     12.9    12:43     SSE
19    05.0    11.2   15:33   -00.7   06:27     13.3     00.0    00.0   02.6     14.8    16:55     SSW
20    05.1    08.6   15:28    01.4   00:00     13.2     00.0    00.0   02.2     12.9    11:06     WNW
21    04.4    09.3   16:13    00.1   01:25     13.9     00.0    00.3   03.0     14.8    18:39      NW
22    07.2    13.2   16:09    04.1   07:01     11.1     00.0    00.0   02.0     16.6    14:39     SSE
23    06.2    12.8   15:13    02.4   07:17     12.1     00.0    00.0   02.6     16.6    17:54      SE
24    06.9    08.9   15:42    04.3   07:35     11.4     00.0    08.6   05.1     55.5    23:58      NE
25    08.1    12.1   14:44    04.1   07:48     10.2     00.0    00.0   08.0     55.5    00:29     ENE
26    07.1    13.6   15:58    01.3   05:58     11.2     00.0    00.0   03.5     18.5    16:43      SW
27    07.3    13.2   14:43    01.8   07:49     11.0     00.0    00.0   01.6     14.8    20:20      E 
28    11.3    14.8   14:14    04.7   05:33     07.0     00.0    00.0   10.9     44.4    19:34      S 
--------------------------------------------------------------------------------------------------------
06.8 (6.9)   14.8  day 28    -00.7  day 19   322.7    000.0   078.5   03.9     55.5   day 25      NE
Min <=   0: 1
Max Rain: 39.1 ON 5-02-17
Days of Rain: 8 (> .2mm) 5 (> 2mm) 1 (> 20mm)