MONTHLY CLIMATOLOGICAL SUMMARY for FEB. 2018

NAME: Estensemeteo   CITY: Ferrara STATE: Italy
ELEV: 11 LAT: 044:48:49 LONG: -011:41:15

                            TEMPERATURE ( C), RAIN (mm), WIND SPEED (kmh)

                                               HEAT     COOL           AVG
      MEAN                                     DEG      DEG            WIND                       DOM
DAY   TEMP    HIGH   TIME     LOW    TIME      DAYS     DAYS    RAIN   SPEED    HIGH    TIME      DIR
--------------------------------------------------------------------------------------------------------
01    08.9    12.7   13:04    04.8   08:18     09.4     00.0    00.0   06.3     42.5    13:17      S 
02    06.8    09.2   00:07    04.9   00:00     11.5     00.0    17.3   02.5     22.2    16:06      N 
03    03.9    04.9   02:29    02.6   00:00     14.4     00.0    18.1   06.5     44.4    04:12      N 
04    04.7    09.2   15:15    01.1   08:11     13.6     00.0    00.0   01.8     16.6    15:23      E 
05    05.6    08.7   15:47    03.0   08:08     12.7     00.0    00.0   05.0     22.2    16:24      NE
06    05.6    06.8   14:57    04.6   09:57     12.7     00.0    13.7   07.9     31.4    23:55      NE
07    05.1    06.8   16:32    04.1   00:00     13.2     00.0    00.8   04.5     31.4    02:37      NW
08    05.6    09.7   15:34    01.1   07:58     12.7     00.0    00.0   01.6     16.6    03:12      W 
09    05.8    09.8   16:22    00.7   00:00     12.5     00.0    00.0   01.0     11.1    09:29     NNW
10    02.5    08.1   17:05   -00.2   02:11     15.8     00.0    00.0   02.4     18.5    17:13     NNE
11    04.6    09.4   15:13    01.1   08:07     13.7     00.0    00.0   04.6     16.6    20:52      E 
12    03.3    03.9   20:02    02.6   06:14     15.0     00.0    12.2   06.4     29.6    23:00     NNE
13    04.1    07.6   14:04    00.9   00:00     14.2     00.0    00.3   04.8     27.8    00:27     NNW
14    03.2    08.6   15:04   -01.1   07:02     15.1     00.0    00.0   02.8     14.8    16:10      W 
15    03.3    08.8   16:25   -01.4   07:21     15.0     00.0    00.0   02.4     11.1    04:50      W 
16    05.0    09.9   15:30    00.3   08:06     13.3     00.0    00.0   02.1     09.3    13:48      SW
17    04.8    08.3   16:00    00.5   07:31     13.5     00.0    00.5   02.3     14.8    13:37     WNW
18    05.0    06.6   13:11    04.2   00:00     13.3     00.0    18.0   05.7     33.3    13:17     NNE
19    04.3    06.8   14:20    02.0   22:55     14.0     00.0    01.5   06.1     22.2    12:22     NNE
20    03.3    05.2   16:02    01.0   05:33     15.0     00.0    00.0   04.4     20.4    12:50     NNW
21    04.8    07.5   13:42    02.6   07:12     13.5     00.0    00.3   07.5     29.6    23:13     NNE
22    03.6    05.4   00:07    02.2   17:34     14.7     00.0    17.3   12.7     42.5    10:52      NE
23    03.6    05.1   20:38    01.4   05:47     14.7     00.0    23.6   10.3     33.3    11:07     NNE
24    06.5    10.2   15:26    04.4   00:32     11.8     00.0    00.3   06.6     31.4    02:17     NNE
25    01.3    05.4   00:01   -01.2   00:00     17.0     00.0    02.3   13.2     40.7    23:50     ENE
26   -02.4   -00.6   12:59   -03.9   23:09     20.7     00.0    00.0   17.9     48.1    09:58      NE
27   -02.6    00.8   14:42   -05.3   06:50     20.9     00.0    00.0   06.2     42.5    02:07      N 
28   -01.9    02.2   15:14   -06.3   07:32     20.2     00.0    00.0   03.5     18.5    23:37     ENE
--------------------------------------------------------------------------------------------------------
03.9 (4.1)   12.7  day 01    -06.3  day 28   404.2    000.0   126.1   05.7     48.1   day 26     NNE
Max <=   0: 1
Min <=   0: 7
Min <= -5: 2
Min <=  -5: 2
Max Rain: 23.6 ON 23-02-18
Days of Rain: 14 (> .2mm) 8 (> 2mm) 1 (> 20mm)