MONTHLY CLIMATOLOGICAL SUMMARY for MAR. 2008

NAME: Estensemeteo   CITY: Ferrara STATE: Italy
ELEV: 11 LAT: 044:48:49 LONG: -011:41:15

                            TEMPERATURE ( C), RAIN (mm), WIND SPEED (kmh)

                                               HEAT     COOL           AVG
      MEAN                                     DEG      DEG            WIND                       DOM
DAY   TEMP    HIGH   TIME     LOW    TIME      DAYS     DAYS    RAIN   SPEED    HIGH    TIME      DIR
----------------------------------------------------------------------------------------------------------------------------------------------------------
01    10.4    16.5   15:26    05.8   06:51     07.9     00.0    00.0   05.1     31.4    13:41     WSW
02    13.9    26.2   15:06    03.7   02:11     04.4     00.0    00.0   07.3     51.8    12:56     WNW
03    07.3    16.5   11:01    04.1   18:46     11.0     00.0    04.1   11.1     55.5    14:41      NE
04    06.2    08.2   16:41    03.8   04:41     12.1     00.0    01.0   17.8     51.8    13:56     ENE
05    05.1    06.5   14:06    03.1   03:31     13.2     00.0    00.0   16.7     44.4    09:46      NE
06    05.6    06.4   00:00    04.5   03:31     12.7     00.0    11.4   07.9     37.0    00:56      N 
07    07.4    08.8   14:21    06.0   07:41     10.9     00.0    05.6   02.7     16.6    13:41      N 
08    09.1    13.6   15:36    06.5   08:06     09.2     00.0    00.0   02.7     18.5    18:51      SE
09    10.4    15.6   14:26    05.4   07:06     07.9     00.0    00.0   06.3     35.1    16:36     SSE
10    10.2    13.3   17:36    07.2   00:00     08.1     00.0    00.0   05.1     24.1    15:51      S 
11    09.5    16.9   16:11    03.2   07:01     08.8     00.0    00.0   04.0     18.5    19:46      NE
12    10.7    19.4   15:56    02.0   06:41     07.6     00.0    00.0   04.4     20.4    17:41      NE
13    10.9    16.9   16:36    06.3   00:01     07.4     00.0    00.0   03.8     20.4    18:16     ENE
14    10.2    15.8   15:36    04.6   05:16     08.1     00.0    00.0   04.3     20.4    17:36      E 
15    12.3    18.4   16:56    07.2   23:41     06.0     00.0    00.3   05.7     38.9    14:31     SSW
16    10.8    18.9   16:46    02.5   07:16     07.5     00.0    00.0   04.5     31.4    21:26      NW
17    09.4    13.1   15:31    05.9   05:21     08.9     00.0    00.0   07.3     31.4    13:16     ENE
18    08.1    13.6   14:11    03.0   07:11     10.2     00.0    00.0   05.3     25.9    12:26      E 
19    07.6    13.6   15:01    02.8   02:41     10.7     00.0    00.0   05.6     29.6    12:11     ENE
20    07.6    15.0   13:31    00.3   05:31     10.7     00.0    00.0   08.9     48.1    16:26     SSW
21    08.5    13.5   16:56    04.6   00:00     09.8     00.0    00.5   04.4     18.5    10:51      NW
22    06.4    11.7   12:31    01.8   05:31     11.9     00.0    02.3   06.2     27.8    14:41     ESE
23    05.6    10.3   15:16    00.8   06:51     12.7     00.0    00.3   04.9     48.1    17:36     NNW
24    06.5    13.7   15:36   -00.3   07:11     11.8     00.0    00.0   06.6     37.0    13:01      SW
25    08.4    14.6   15:51    00.7   05:46     09.9     00.0    00.0   05.3     20.4    18:01     ENE
26    08.3    09.1   15:41    07.4   11:21     10.0     00.0    05.1   08.0     25.9    10:41     NNE
27    09.9    13.4   16:16    06.9   06:11     08.4     00.0    00.5   04.9     18.5    13:41     NNE
28    11.3    18.4   15:51    05.2   06:41     07.0     00.0    00.0   04.1     20.4    18:31     WSW
29    11.6    19.3   15:06    05.2   07:16     06.7     00.0    00.0   05.7     25.9    15:51      E 
30    11.6    19.3   15:21    06.3   07:51     06.7     00.0    00.0   03.5     20.4    15:36      E 
31    10.1    12.2   00:00    09.7   00:01     08.2     00.0    00.0   00.3     03.7    00:00      E 
----------------------------------------------------------------------------------------------------------------------------------------------------------
09.1 (9.4)   26.2  day 02    -00.3  day 24   286.3    000.0   000.0   06.1     55.5   day 23     ENE
Min <=   30: 31
Max Rain: 11.4 ON 6-03-14
Days of Rain: 10 (> .2mm) 5 (> 2mm) 0 (> 20mm)