MONTHLY CLIMATOLOGICAL SUMMARY for MAR. 2015

NAME: Estensemeteo   CITY: Ferrara STATE: Italy
ELEV: 11 LAT: 044:48:49 LONG: -011:41:15

                            TEMPERATURE ( C), RAIN (mm), WIND SPEED (kmh)

                                               HEAT     COOL           AVG
      MEAN                                     DEG      DEG            WIND                       DOM
DAY   TEMP    HIGH   TIME     LOW    TIME      DAYS     DAYS    RAIN   SPEED    HIGH    TIME      DIR
----------------------------------------------------------------------------------------------------------------------------------------------------------
01    08.0    14.1   16:06    02.6   07:56     10.3     00.0    00.0   04.2     18.5    15:46     WSW
02    09.3    12.7   15:41    07.2   23:46     09.0     00.0    00.0   04.0     20.4    12:11     NNW
03    08.1    13.4   16:11    03.4   06:46     10.2     00.0    00.3   04.7     18.5    16:36      E 
04    08.8    12.9   13:26    05.5   02:56     09.5     00.0    14.7   06.0     51.8    23:56     ENE
05    08.5    11.4   15:51    04.7   00:00     09.8     00.0    01.5   15.0     62.9    00:11     ENE
06    07.6    12.1   15:31    03.6   07:11     10.7     00.0    00.0   05.3     25.9    12:51     ENE
07    07.4    12.3   16:21    01.9   06:51     10.9     00.0    00.0   05.5     29.6    20:01     NNE
08    08.3    12.8   17:06    03.9   07:56     10.0     00.0    00.0   06.2     33.3    10:11      NE
09    07.0    11.4   17:46    01.1   04:26     11.3     00.0    00.0   03.2     16.6    10:26     NNE
10    08.4    15.1   16:56    02.4   06:11     09.9     00.0    00.0   04.0     16.6    14:41      NW
11    09.9    18.5   15:31    04.2   07:16     08.4     00.0    00.0   03.9     20.4    17:26     SSE
12    09.8    15.0   16:41    05.6   07:31     08.5     00.0    00.0   04.5     22.2    15:16     ESE
13    08.1    14.9   13:56    01.7   06:46     10.2     00.0    00.0   07.5     31.4    16:46      SE
14    08.0    13.8   15:11    02.7   04:06     10.3     00.0    00.0   05.9     24.1    16:21      E 
15    09.0    13.3   13:21    05.1   07:16     09.3     00.0    05.8   11.4     33.3    16:26      E 
16    08.2    08.9   15:06    07.7   09:01     10.1     00.0    34.5   15.2     40.7    15:51      NE
17    10.9    15.3   14:11    06.9   00:00     07.4     00.0    05.1   09.3     37.0    01:39      NE
18    09.9    15.4   16:21    05.1   08:31     08.4     00.0    00.3   03.3     18.5    15:06      NW
19    10.2    17.1   15:51    04.7   07:06     08.1     00.0    00.0   03.8     22.2    16:31      SE
20    10.1    15.9   15:56    04.4   06:21     08.2     00.0    00.0   06.5     29.6    13:36     ESE
21    10.1    15.3   13:26    05.9   00:36     08.2     00.0    00.3   04.5     18.5    17:46      NE
22    10.3    12.9   17:21    08.3   07:01     08.0     00.0    00.8   08.7     38.9    11:06      NE
23    11.5    15.6   16:16    06.7   07:11     06.8     00.0    00.0   04.5     22.2    12:11      NE
24    10.8    15.9   13:31    05.8   05:01     07.5     00.0    00.0   07.2     27.8    16:26      E 
25    11.2    12.2   22:36    10.4   23:46     07.1     00.0    35.6   16.0     57.4    14:56      NE
26    11.7    13.6   15:41    10.2   07:41     06.6     00.0    07.9   03.9     22.2    00:36      S 
27    11.8    13.8   17:46    09.3   00:00     06.5     00.0    06.9   06.4     42.5    14:11     ENE
28    11.8    18.5   15:11    05.7   06:36     06.5     00.0    00.0   04.9     20.4    17:46      S 
29    11.6    18.5   15:21    05.6   07:21     06.7     00.0    00.0   05.7     20.4    15:01     ESE
30    13.1    22.5   15:41    07.4   08:01     05.2     00.0    00.0   05.8     33.3    15:21      NW
31    15.3    22.1   18:26    08.2   06:04     03.0     00.0    00.0   04.5     18.5    19:26     WSW
----------------------------------------------------------------------------------------------------------------------------------------------------------
09.8 (10.1)   22.5  day 30     01.1  day 09   262.7    000.0   114.4   06.5     62.9   day 05     ENE
Max Rain: 35.6 ON 25-03-15
Days of Rain: 12 (> .2mm) 7 (> 2mm) 2 (> 20mm)