MONTHLY CLIMATOLOGICAL SUMMARY for MAR. 2018

NAME: Estensemeteo   CITY: Ferrara STATE: Italy
ELEV: 11 LAT: 044:48:49 LONG: -011:41:15

                            TEMPERATURE ( C), RAIN (mm), WIND SPEED (kmh)

                                               HEAT     COOL           AVG
      MEAN                                     DEG      DEG            WIND                       DOM
DAY   TEMP    HIGH   TIME     LOW    TIME      DAYS     DAYS    RAIN   SPEED    HIGH    TIME      DIR
--------------------------------------------------------------------------------------------------------
01   -02.4   -01.3   14:27   -03.2   09:51     20.7     00.0    00.0   07.7     29.6    09:44      N 
02   -00.6    00.6   15:20   -02.5   00:17     18.9     00.0    08.4   05.1     18.5    00:00     WNW
03    00.3    02.3   18:09   -03.0   05:02     18.0     00.0    18.3   04.9     25.9    20:38     NNW
04    00.9    02.5   15:13   -00.5   06:43     17.4     00.0    00.0   04.2     20.4    03:57     WNW
05    03.0    05.4   14:57    00.7   03:33     15.3     00.0    13.0   05.3     18.5    18:42     WNW
06    05.7    07.7   17:58    03.7   07:18     12.6     00.0    02.3   01.9     11.1    02:30      W 
07    07.1    13.2   16:53    02.6   06:30     11.2     00.0    08.6   04.7     29.6    11:02     ENE
08    09.0    16.3   16:27    03.2   07:49     09.3     00.0    00.0   04.7     25.9    00:30     WSW
09    09.8    16.9   16:11    03.6   07:58     08.5     00.0    00.0   04.2     18.5    23:02      SE
10    10.2    14.9   14:05    05.3   05:27     08.1     00.0    00.0   02.8     18.5    17:09      E 
11    09.9    11.3   17:03    08.7   02:36     08.4     00.0    20.3   05.7     27.8    13:19     ENE
12    11.6    16.0   16:13    08.2   08:33     06.7     00.0    00.5   02.0     14.8    13:03      W 
13    11.4    16.5   15:54    07.1   03:34     06.9     00.0    00.0   02.8     14.8    20:30     WSW
14    10.8    16.6   15:57    06.2   06:59     07.5     00.0    00.0   03.2     20.4    20:02      E 
15    09.1    12.1   12:43    06.4   03:40     09.2     00.0    01.3   07.0     25.9    19:03      E 
16    10.8    16.2   16:10    07.8   04:30     07.5     00.0    00.3   06.5     25.9    11:25     WNW
17    09.7    12.2   16:12    06.9   00:00     08.6     00.0    09.4   04.5     20.4    03:16      NE
18    07.8    11.0   14:17    04.9   00:00     10.5     00.0    24.9   13.4     48.1    14:27     ENE
19    03.8    04.9   00:07    03.1   09:47     14.5     00.0    01.8   11.4     48.1    01:38     NNE
20    05.5    09.3   13:35    02.6   06:07     12.8     00.0    00.0   05.9     31.4    23:47      NE
21    05.7    08.9   15:45    01.8   00:00     12.6     00.0    00.0   15.1     48.1    09:19     ENE
22    04.6    09.9   17:26   -00.8   06:28     13.7     00.0    00.0   05.0     24.1    12:21      N 
23    06.7    12.3   16:25    02.7   04:44     11.6     00.0    00.0   04.1     18.5    22:22     ESE
24    07.4    13.3   13:48    02.1   05:23     10.9     00.0    00.0   04.4     20.4    16:12     ESE
25    07.3    12.4   16:04    02.6   06:29     11.0     00.0    00.0   03.5     20.4    17:13     ENE
26    08.9    15.9   18:00    01.4   07:47     09.4     00.0    00.0   03.1     20.4    23:27      W 
27    12.0    18.1   17:21    08.4   07:04     06.3     00.0    00.0   06.5     25.9    18:16      SE
28    10.7    17.5   17:21    05.3   07:49     07.6     00.0    00.0   03.9     20.4    19:35     ENE
29    11.7    16.9   14:42    08.9   00:00     06.6     00.0    00.0   05.0     18.5    18:30      NE
30    13.4    21.0   13:59    05.7   07:00     04.9     00.0    00.0   10.2     37.0    11:49      SE
31    13.0    16.0   00:03    09.7   23:37     05.3     00.0    02.5   06.7     33.3    12:04     SSW
--------------------------------------------------------------------------------------------------------
07.6 (7.8)   21.0  day 30    -03.2  day 01   332.4    000.0   111.6   05.7     48.1   day 21      NE
Max <=   0: 1
Min <=   0: 5
Max Rain: 24.9 ON 18-03-18
Days of Rain: 13 (> .2mm) 9 (> 2mm) 2 (> 20mm)