MONTHLY CLIMATOLOGICAL SUMMARY for APR. 2008

NAME: Estensemeteo   CITY: Ferrara STATE: Italy
ELEV: 11 LAT: 044:48:49 LONG: -011:41:15

                            TEMPERATURE ( C), RAIN (mm), WIND SPEED (kmh)

                                               HEAT     COOL           AVG
      MEAN                                     DEG      DEG            WIND                       DOM
DAY   TEMP    HIGH   TIME     LOW    TIME      DAYS     DAYS    RAIN   SPEED    HIGH    TIME      DIR
----------------------------------------------------------------------------------------------------------------------------------------------------------
01    13.6    21.5   15:51    05.4   07:41     04.7     00.0    00.0   03.9     20.4    10:11      W 
02    13.4    19.9   17:51    08.1   00:00     04.9     00.0    00.0   06.7     57.4    18:31     WSW
03    10.2    17.1   13:51    05.1   05:51     08.1     00.0    00.3   05.2     38.9    19:26      N 
04    11.9    17.5   16:41    06.3   07:21     06.4     00.0    00.0   08.4     37.0    14:36     ENE
05    11.0    17.4   16:11    04.7   05:36     07.3     00.0    00.0   04.3     33.3    14:56     SSE
06    09.9    16.1   18:11    02.8   07:21     08.4     00.0    00.0   04.2     16.6    18:36      E 
07    14.5    20.3   17:46    08.8   06:01     03.8     00.0    00.0   07.9     33.3    13:11      W 
08    10.1    11.8   00:01    07.9   08:41     08.2     00.0    03.6   03.8     14.8    16:56     NNW
09    12.2    17.9   15:41    09.0   07:26     06.1     00.0    01.5   04.7     18.5    18:51      SE
10    13.2    16.8   16:41    11.3   08:46     05.1     00.0    00.8   03.1     16.6    18:41      NE
11    14.9    21.4   15:36    11.1   07:41     03.4     00.0    00.5   07.8     33.3    15:31     SSE
12    13.4    17.9   13:51    09.1   00:00     04.9     00.0    00.5   04.3     29.6    15:01      SW
13    11.8    15.8   18:11    08.1   06:51     06.5     00.0    00.0   05.0     20.4    13:56     NNE
14    11.0    19.0   14:16    05.5   07:06     07.3     00.0    18.8   04.7     37.0    16:06     ESE
15    09.5    11.2   14:21    08.1   06:01     08.8     00.0    03.0   04.3     22.2    18:51     WNW
16    12.2    18.9   15:41    08.1   06:26     06.1     00.0    00.0   06.0     27.8    18:01      S 
17    12.2    18.1   14:56    06.8   07:11     06.1     00.0    04.3   06.6     31.4    16:41     ESE
18    13.6    16.4   15:56    10.8   00:06     04.7     00.0    06.3   08.2     29.6    12:56     NNE
19    15.2    20.8   18:36    09.3   07:26     03.1     00.0    00.3   05.7     27.8    13:56     WNW
20    15.7    22.8   16:26    09.6   06:21     02.6     00.0    00.0   04.6     27.8    17:16      SE
21    13.4    15.9   12:51    10.6   23:16     04.9     00.0    03.8   06.9     31.4    14:16      E 
22    13.1    17.2   17:16    10.1   07:21     05.2     00.0    01.5   02.8     20.4    15:26     NNW
23    14.7    22.1   18:06    08.6   07:51     03.6     00.0    00.3   04.1     25.9    22:56     ESE
24    15.9    20.7   17:01    11.1   06:56     02.4     00.0    08.6   05.1     25.9    01:51     ESE
25    15.0    21.7   16:16    08.4   07:06     03.3     00.0    00.0   04.2     29.6    20:16      SE
26    15.2    21.6   15:21    07.8   06:41     03.1     00.0    00.0   04.3     24.1    15:41      E 
27    16.5    22.2   16:51    11.3   06:41     01.8     00.0    00.0   03.9     20.4    12:11      E 
28    16.1    23.6   16:51    08.8   06:11     02.2     00.0    00.0   04.6     22.2    18:21     SSE
29    13.8    16.8   00:41    11.1   07:16     04.5     00.0    03.3   03.6     24.1    11:21      SW
30    15.0    20.6   15:16    09.7   05:46     03.3     00.0    00.3   05.2     29.6    15:26     ESE
----------------------------------------------------------------------------------------------------------------------------------------------------------
13.3 (13.6)   23.6  day 28     02.8  day 06   150.9    000.0   000.0   05.1     57.4   day 02     ESE
Min <=   30: 30
Max Rain: 18.8 ON 14-04-14
Days of Rain: 17 (> .2mm) 8 (> 2mm) 0 (> 20mm)