MONTHLY CLIMATOLOGICAL SUMMARY for APR. 2009

NAME: Estensemeteo   CITY: Ferrara STATE: Italy
ELEV: 11 LAT: 044:48:49 LONG: -011:41:15

                            TEMPERATURE ( C), RAIN (mm), WIND SPEED (kmh)

                                               HEAT     COOL           AVG
      MEAN                                     DEG      DEG            WIND                       DOM
DAY   TEMP    HIGH   TIME     LOW    TIME      DAYS     DAYS    RAIN   SPEED    HIGH    TIME      DIR
----------------------------------------------------------------------------------------------------------------------------------------------------------
01    12.8    18.3   16:56    09.4   04:21     05.5     00.0    00.5   08.9     35.1    03:46      NE
02    12.3    13.1   12:06    11.2   00:00     06.0     00.0    14.0   06.7     29.6    06:46     ENE
03    13.5    18.8   17:46    08.9   07:51     04.8     00.0    00.3   05.2     20.4    15:31     WNW
04    12.1    14.4   18:16    10.8   08:11     06.2     00.0    11.2   04.5     18.5    13:46      W 
05    15.3    21.5   16:56    10.7   08:06     03.0     00.0    00.3   03.3     16.6    14:56     WNW
06    16.3    22.2   17:06    10.9   07:21     02.0     00.0    00.0   04.9     16.6    09:11     WNW
07    16.9    24.3   17:11    10.7   07:11     01.4     00.0    00.0   04.5     16.6    21:36     WSW
08    16.3    21.7   18:51    10.8   07:16     02.0     00.0    00.0   04.9     24.1    19:21     WSW
09    14.3    20.7   16:21    09.6   06:56     04.0     00.0    00.0   04.7     24.1    14:56     ESE
10    14.5    18.7   15:41    10.6   00:21     03.8     00.0    00.0   06.8     29.6    14:06     ESE
11    14.5    20.8   16:56    09.7   07:56     03.8     00.0    00.0   04.3     20.4    17:16      E 
12    15.2    21.6   15:11    10.6   04:01     03.1     00.0    00.3   05.9     31.4    17:06      E 
13    16.2    24.7   16:16    09.4   07:31     02.1     00.0    00.0   06.9     31.4    18:26     ENE
14    16.7    23.9   17:36    09.0   07:06     01.6     00.0    00.0   03.9     14.8    15:56      W 
15    17.6    25.6   16:16    09.8   07:26     00.7     00.0    00.0   04.8     29.6    16:56     SSE
16    14.9    19.2   15:01    10.7   05:31     03.4     00.0    01.5   06.1     29.6    20:51      SE
17    14.6    20.4   14:16    09.3   07:21     03.7     00.0    00.5   05.6     40.7    17:11     SSW
18    14.0    21.2   14:51    08.9   05:46     04.3     00.0    00.5   05.3     42.5    16:11     SSE
19    12.7    14.1   14:21    11.4   09:11     05.6     00.0    23.4   06.3     33.3    20:56      NE
20    13.6    16.6   14:41    12.3   02:21     04.7     00.0    11.4   10.4     38.9    15:06      NE
21    15.7    20.2   14:41    11.6   06:46     02.6     00.0    00.3   09.5     44.4    18:21      NE
22    18.2    23.9   16:06    12.6   06:36     00.1     00.0    00.0   07.5     35.1    14:36      NE
23    13.1    19.3   11:16    08.7   00:00     05.2     00.0    02.5   09.3     50.0    14:26      E 
24    12.0    17.9   16:46    07.1   05:36     06.3     00.0    00.0   05.7     27.8    10:41     ENE
25    13.7    20.9   15:36    07.7   06:36     04.6     00.0    00.0   04.2     20.4    19:31     SSE
26    13.0    15.3   13:21    09.6   03:41     05.3     00.0    07.4   08.4     31.4    18:46      E 
27    15.0    16.6   12:31    13.7   04:16     03.3     00.0    05.1   15.8     59.2    15:16     ESE
28    15.3    19.0   13:51    12.9   08:01     03.0     00.0    02.0   10.9     42.5    00:46     ESE
29    14.0    18.8   15:06    11.0   00:00     04.3     00.0    07.9   05.8     40.7    14:41      S 
30    12.6    17.6   15:56    09.9   06:41     05.7     00.0    02.8   06.4     33.3    16:56     WNW
----------------------------------------------------------------------------------------------------------------------------------------------------------
14.6 (15.0)   25.6  day 15     07.1  day 24   112.2    000.0   000.0   06.6     59.2   day 23      E 
Min <=   30: 30
Max Rain: 23.4 ON 19-04-14
Days of Rain: 18 (> .2mm) 9 (> 2mm) 1 (> 20mm)