MONTHLY CLIMATOLOGICAL SUMMARY for APR. 2011

NAME: Estensemeteo   CITY: Ferrara STATE: Italy
ELEV: 11 LAT: 044:48:49 LONG: -011:41:15

                            TEMPERATURE ( C), RAIN (mm), WIND SPEED (kmh)

                                               HEAT     COOL           AVG
      MEAN                                     DEG      DEG            WIND                       DOM
DAY   TEMP    HIGH   TIME     LOW    TIME      DAYS     DAYS    RAIN   SPEED    HIGH    TIME      DIR
----------------------------------------------------------------------------------------------------------------------------------------------------------
01    16.9    24.3   18:06    10.2   06:26     01.4     00.0    00.0   03.6     12.9    21:21     WSW
02    16.9    25.2   16:21    09.7   07:06     01.4     00.0    00.0   03.1     20.4    17:41     ESE
03    17.2    26.0   16:11    10.0   07:41     01.1     00.0    00.0   03.4     24.1    17:41      SE
04    17.4    24.5   15:46    10.8   07:51     00.9     00.0    00.0   04.3     42.5    22:01     ENE
05    16.1    20.9   17:51    11.7   07:41     02.2     00.0    00.0   06.3     40.7    04:56      E 
06    17.0    23.1   18:01    09.6   07:46     01.3     00.0    00.0   04.8     18.5    15:11      S 
07    19.2    27.4   17:36    11.2   07:11     00.0     00.9    00.0   04.7     18.5    17:16     WSW
08    19.8    28.3   17:41    11.8   07:26     00.0     01.5    00.0   03.5     16.6    00:31     SSE
09    22.2    30.9   16:26    13.3   07:01     00.0     03.9    00.0   07.1     31.4    12:56     WNW
10    18.6    23.8   16:06    13.1   00:00     00.0     00.3    00.0   07.8     31.4    11:56     ESE
11    17.4    25.3   15:31    09.2   07:31     00.9     00.0    00.0   05.2     22.2    17:11     ESE
12    18.7    25.8   16:21    10.8   07:31     00.0     00.4    00.0   05.6     51.8    22:36      N 
13    12.9    17.8   17:01    08.4   07:41     05.4     00.0    01.3   06.5     37.0    00:06     SSE
14    10.7    15.9   13:41    06.7   07:11     07.6     00.0    01.3   03.4     25.9    14:41      N 
15    11.7    15.9   17:31    08.8   23:51     06.6     00.0    01.5   05.3     33.3    13:26     ESE
16    12.2    17.4   17:01    06.1   06:56     06.1     00.0    00.0   06.6     31.4    17:21     ENE
17    13.4    18.5   17:41    07.5   06:56     04.9     00.0    00.0   04.7     25.9    13:11      NE
18    14.1    20.5   15:56    06.2   07:01     04.2     00.0    00.0   03.9     24.1    13:46      NE
19    15.3    21.8   16:11    07.5   07:06     03.0     00.0    00.0   04.2     25.9    13:21     ENE
20    15.9    23.7   16:21    08.6   06:56     02.4     00.0    00.0   03.6     24.1    17:26     SSE
21    16.0    24.4   17:06    08.3   06:46     02.3     00.0    00.0   03.4     25.9    17:51      SE
22    16.3    24.4   16:26    10.0   07:06     02.0     00.0    00.0   04.8     27.8    17:01      E 
23    16.4    20.2   17:11    13.2   03:01     01.9     00.0    00.0   04.7     18.5    14:46      NW
24    16.2    22.7   16:21    11.4   07:11     02.1     00.0    00.0   04.7     25.9    17:21      S 
25    17.1    22.7   14:26    11.3   06:53     01.2     00.0    00.0   04.2     20.4    14:26     ESE
26    17.1    22.0   16:11    12.5   06:53     01.2     00.0    00.0   07.3     35.1    12:26     ESE
27    16.7    22.6   16:36    12.4   03:21     01.6     00.0    00.5   05.5     25.9    16:06      NE
28    15.9    20.7   14:06    11.7   03:31     02.4     00.0    00.0   05.1     25.9    13:51     NNE
29    15.3    19.7   17:36    12.0   07:16     03.0     00.0    00.3   04.1     18.5    18:26     ENE
30    15.4    19.9   16:06    12.1   07:31     02.9     00.0    00.3   03.4     24.1    16:11     ESE
----------------------------------------------------------------------------------------------------------------------------------------------------------
16.2 (16.4)   30.9  day 09     06.1  day 16   070.2    007.0   000.0   04.8     51.8   day 12      E 
Max >=  30: 1
Min <=   30: 30
Max Rain: 1.5 ON 15-04-14
Days of Rain: 6 (> .2mm) 0 (> 2mm) 0 (> 20mm)