MONTHLY CLIMATOLOGICAL SUMMARY for APR. 2013

NAME: Estensemeteo   CITY: Ferrara STATE: Italy
ELEV: 11 LAT: 044:48:49 LONG: -011:41:15

                            TEMPERATURE ( C), RAIN (mm), WIND SPEED (kmh)

                                               HEAT     COOL           AVG
      MEAN                                     DEG      DEG            WIND                       DOM
DAY   TEMP    HIGH   TIME     LOW    TIME      DAYS     DAYS    RAIN   SPEED    HIGH    TIME      DIR
----------------------------------------------------------------------------------------------------------------------------------------------------------
01    09.2    12.3   15:11    05.9   07:46     09.1     00.0    02.0   07.2     27.8    00:00      NE
02    08.7    11.3   16:11    06.6   08:06     09.6     00.0    04.1   06.5     27.8    00:36     NNE
03    09.4    13.7   14:56    06.7   08:06     08.9     00.0    00.0   04.4     22.2    18:21      SE
04    09.0    13.4   12:46    04.0   06:56     09.3     00.0    01.8   09.0     33.3    14:56      E 
05    08.9    09.5   00:06    08.1   06:03     09.4     00.0    14.5   10.0     42.5    06:23     NNE
06    10.9    15.3   17:21    04.6   08:01     07.4     00.0    00.0   04.0     18.5    18:46     ENE
07    11.2    14.3   16:01    06.9   00:56     07.1     00.0    00.0   06.3     27.8    13:51      NE
08    09.6    12.3   13:21    06.7   07:21     08.7     00.0    00.5   06.4     22.2    16:51      E 
09    10.3    14.2   15:26    06.4   06:38     08.0     00.0    02.0   04.1     20.4    23:31     ENE
10    11.9    16.5   17:26    08.8   07:11     06.4     00.0    00.8   03.9     18.5    19:21     ENE
11    13.2    19.2   16:16    07.1   05:41     05.1     00.0    00.0   03.4     16.6    22:31     ENE
12    17.6    21.4   15:16    12.8   00:00     00.7     00.0    00.0   09.1     40.7    11:51     SSW
13    16.4    21.8   17:21    09.4   06:33     01.9     00.0    00.0   04.4     16.6    21:21     WSW
14    17.5    23.3   17:16    10.1   06:48     00.8     00.0    00.0   03.4     16.6    20:31     ESE
15    18.0    23.6   15:56    10.7   06:13     00.3     00.0    00.0   04.5     22.2    15:36     ESE
16    17.8    23.9   16:01    11.0   07:21     00.5     00.0    17.0   04.6     24.1    17:01     ESE
17    19.3    25.1   17:36    11.3   08:16     00.0     01.0    00.0   03.0     14.8    19:46      SE
18    20.5    27.4   17:11    11.8   07:01     00.0     02.2    00.0   03.5     20.4    18:26      SE
19    20.6    26.3   13:51    13.4   06:08     00.0     02.3    00.0   08.3     31.4    16:11     ESE
20    16.2    18.5   11:56    13.8   00:00     02.1     00.0    02.5   10.7     35.1    16:11      E 
21    13.9    15.6   17:46    11.6   00:00     04.4     00.0    02.8   02.9     18.5    15:06     ENE
22    12.5    16.8   12:21    10.7   22:46     05.8     00.0    10.9   04.1     24.1    13:36     NNW
23    13.6    19.3   17:21    07.7   07:31     04.7     00.0    00.3   04.1     16.6    18:51     NNE
24    16.9    22.2   17:16    08.4   06:48     01.4     00.0    00.0   03.0     14.8    19:31      E 
25    17.7    24.3   17:11    11.1   06:56     00.6     00.0    00.0   03.1     18.5    16:06     SSE
26    17.6    22.8   13:06    13.1   04:36     00.7     00.0    00.0   02.9     29.6    15:41     ESE
27    16.8    19.3   16:16    14.3   06:28     01.5     00.0    00.8   04.0     22.2    22:46      SE
28    18.4    24.6   15:41    14.3   07:16     00.0     00.1    05.3   06.1     27.8    18:06      SE
29    17.9    21.8   15:16    15.4   01:31     00.4     00.0    00.8   05.2     29.6    13:41     ENE
30    17.2    21.3   17:56    14.6   06:31     01.1     00.0    01.3   04.5     22.2    16:11      E 
----------------------------------------------------------------------------------------------------------------------------------------------------------
14.6 (14.5)   27.4  day 18     04.0  day 04   115.7    005.6   067.6   05.2     42.6   day 12      E 
Min <=   30: 30
Max Rain: 17.0 ON 16-04-14
Days of Rain: 16 (> .2mm) 7 (> 2mm) 0 (> 20mm)