MONTHLY CLIMATOLOGICAL SUMMARY for APR. 2015

NAME: Estensemeteo   CITY: Ferrara STATE: Italy
ELEV: 11 LAT: 044:48:49 LONG: -011:41:15

                            TEMPERATURE ( C), RAIN (mm), WIND SPEED (kmh)

                                               HEAT     COOL           AVG
      MEAN                                     DEG      DEG            WIND                       DOM
DAY   TEMP    HIGH   TIME     LOW    TIME      DAYS     DAYS    RAIN   SPEED    HIGH    TIME      DIR
----------------------------------------------------------------------------------------------------------------------------------------------------------
01    14.4    19.9   15:35    10.1   00:00     03.9     00.0    00.0   12.6     42.5    12:44     WNW
02    12.1    19.9   18:05    05.2   07:31     06.2     00.0    00.0   06.3     25.9    14:14     WSW
03    11.6    15.8   14:25    08.1   08:22     06.7     00.0    00.0   10.8     38.9    16:01     ESE
04    08.9    10.7   01:36    07.4   07:51     09.4     00.0    04.3   05.3     24.1    21:59      E 
05    09.2    12.8   17:01    06.0   23:20     09.1     00.0    03.3   13.9     51.8    13:43     ENE
06    08.6    14.4   16:37    03.3   07:15     09.7     00.0    00.0   06.6     38.9    23:24     ENE
07    09.1    15.4   16:19    02.4   06:41     09.2     00.0    00.0   05.0     25.9    13:33     NNE
08    11.2    19.7   16:31    03.3   03:03     07.1     00.0    00.0   05.1     20.4    12:52     SSW
09    12.0    18.5   15:26    04.6   07:26     06.3     00.0    00.0   06.8     29.6    11:31      SE
10    12.5    19.9   14:19    05.7   06:38     05.8     00.0    00.0   06.4     27.8    16:29     ESE
11    13.1    20.7   16:53    07.8   03:41     05.2     00.0    00.0   04.4     20.4    21:25      W 
12    14.3    22.1   16:29    08.1   06:09     04.0     00.0    00.0   03.1     16.6    15:19     ESE
13    16.9    24.8   17:05    09.3   05:46     01.4     00.0    00.0   04.1     20.4    14:40      SW
14    16.4    23.0   16:39    10.8   04:47     01.9     00.0    00.0   05.0     18.5    17:19     ESE
15    16.9    25.2   15:47    09.6   03:48     01.4     00.0    00.0   05.9     24.1    16:49     ESE
16    17.0    25.2   15:29    09.8   07:00     01.3     00.0    00.0   02.9     18.5    18:40     NNE
17    16.4    20.6   12:56    13.3   08:32     01.9     00.0    01.5   05.3     27.8    03:55     SSE
18    13.4    19.5   15:09    09.0   21:16     04.9     00.0    06.3   07.2     42.5    16:51      E 
19    11.0    15.9   15:13    05.6   06:32     07.3     00.0    00.0   06.0     25.9    10:12     ENE
20    12.7    19.5   18:21    05.1   06:51     05.6     00.0    00.0   04.5     18.5    10:22     WSW
21    16.5    24.1   17:40    08.5   04:34     01.8     00.0    00.0   03.5     22.2    15:09     SSW
22    17.5    26.9   17:03    09.6   07:06     00.8     00.0    00.0   05.4     25.9    19:03      S 
23    17.1    24.7   17:11    10.2   04:47     01.2     00.0    00.0   05.0     44.4    18:48     SSW
24    15.5    21.2   17:45    09.6   05:54     02.8     00.0    00.0   04.5     20.4    12:43      NE
25    15.1    20.3   14:00    09.8   06:28     03.2     00.0    00.0   04.3     18.5    16:46      E 
26    16.7    23.8   15:46    12.2   06:21     01.6     00.0    04.3   04.5     33.3    19:43     SSE
27    15.0    16.9   18:03    13.2   23:40     03.3     00.0    08.4   06.9     33.3    21:19     ESE
28    14.7    19.2   18:20    12.5   08:12     03.6     00.0    14.0   07.1     25.9    23:07      NW
29    15.2    19.4   14:53    11.2   06:18     03.1     00.0    13.2   08.1     31.4    11:28     ESE
30    15.9    21.4   18:07    12.8   06:24     02.4     00.0    00.3   05.2     24.1    11:05      SE
----------------------------------------------------------------------------------------------------------------------------------------------------------
13.9 (14.3)   26.9  day 22     02.4  day 07   131.8    000.0   055.9   06.1     51.8   day 05     ESE
Max Rain: 14.0 ON 28-04-15
Days of Rain: 9 (> .2mm) 7 (> 2mm) 0 (> 20mm)