MONTHLY CLIMATOLOGICAL SUMMARY for APR. 2016

NAME: Estensemeteo   CITY: Ferrara STATE: Italy
ELEV: 11 LAT: 044:48:49 LONG: -011:41:15

                            TEMPERATURE ( C), RAIN (mm), WIND SPEED (kmh)

                                               HEAT     COOL           AVG
      MEAN                                     DEG      DEG            WIND                       DOM
DAY   TEMP    HIGH   TIME     LOW    TIME      DAYS     DAYS    RAIN   SPEED    HIGH    TIME      DIR
--------------------------------------------------------------------------------------------------------
01    15.0    18.4   15:57    12.2   00:00     03.3     00.0    00.0   05.2     25.9    05:37      NE
02    14.2    18.7   14:04    11.4   00:00     04.1     00.0    00.0   02.2     18.5    18:00     ESE
03    13.2    20.0   16:40    07.1   06:37     05.1     00.0    00.0   03.7     18.5    20:16     SSE
04    14.1    19.1   15:29    10.4   01:57     04.2     00.0    00.0   06.1     24.1    14:50     ESE
05    15.3    20.9   17:05    12.6   00:00     03.0     00.0    00.0   03.7     16.6    12:43     ESE
06    14.6    21.1   17:36    10.4   07:38     03.7     00.0    00.0   03.3     16.6    18:48     ESE
07    13.2    16.1   12:57    10.1   01:13     05.1     00.0    00.0   04.4     18.5    16:46     ESE
08    13.9    16.6   17:08    11.6   06:53     04.4     00.0    00.0   03.7     16.6    13:54     SSW
09    13.8    17.3   15:20    11.3   23:58     04.5     00.0    00.0   05.3     25.9    15:08      N 
10    14.6    21.9   17:19    09.1   03:55     03.7     00.0    00.0   03.4     16.6    19:57     SSW
11    16.3    23.6   17:19    09.2   05:33     02.0     00.0    00.0   03.8     18.5    21:19      SW
12    16.4    23.5   17:19    09.3   07:05     01.9     00.0    00.0   04.6     24.1    18:45      S 
13    16.1    22.8   15:24    10.0   05:45     02.2     00.0    00.0   03.4     18.5    19:29     ESE
14    16.2    22.6   14:52    11.9   04:06     02.1     00.0    00.3   08.3     33.3    16:47      S 
15    15.5    23.3   17:22    08.9   06:48     02.8     00.0    00.0   04.2     24.1    19:34     SSE
16    18.4    26.0   17:12    10.6   06:24     00.0     00.1    00.0   06.3     29.6    11:38     SSW
17    18.0    24.2   17:27    11.8   06:32     00.3     00.0    00.0   07.0     33.3    16:02      S 
18    18.0    24.6   15:22    12.9   00:00     00.3     00.0    00.0   06.9     44.4    18:00      S 
19    14.8    20.1   17:50    09.9   05:33     03.5     00.0    00.0   07.4     31.4    12:16     NNE
20    14.7    20.6   15:20    08.3   05:44     03.6     00.0    00.0   05.8     24.1    17:13      SE
21    14.6    21.8   15:35    07.4   06:16     03.7     00.0    00.0   04.5     24.1    15:32      SE
22    16.1    23.1   15:57    09.7   06:59     02.2     00.0    00.0   04.8     25.9    18:48      S 
23    14.5    19.1   14:18    11.7   23:55     03.8     00.0    08.1   03.7     31.4    16:02      SW
24    11.5    13.5   09:42    08.9   23:16     06.8     00.0    06.1   07.8     44.4    11:27      NE
25    10.5    16.1   15:38    06.7   00:00     07.8     00.0    00.0   08.3     31.4    16:03      W 
26    10.7    16.9   17:04    03.7   05:10     07.6     00.0    00.0   04.4     29.6    17:37     SSW
27    14.8    21.2   15:36    08.8   00:22     03.5     00.0    00.0   09.3     44.4    14:20      SW
28    11.6    16.9   15:26    06.0   06:13     06.7     00.0    00.0   06.9     25.9    12:20      NE
29    13.2    19.1   16:53    07.2   06:45     05.1     00.0    00.0   05.0     22.2    13:05      NE
30    13.8    20.5   14:22    06.9   04:24     04.5     00.0    02.1   05.6     29.6    14:30      SE
--------------------------------------------------------------------------------------------------------
14.6 (14.9)   26.0  day 16     03.7  day 26   111.5    000.1   017.6   05.3     44.4   day 24      SE
Max Rain: 8.1 ON 23-04-16
Days of Rain: 4 (> .2mm) 3 (> 2mm) 0 (> 20mm)