MONTHLY CLIMATOLOGICAL SUMMARY for APR. 2017

NAME: Estensemeteo   CITY: Ferrara STATE: Italy
ELEV: 11 LAT: 044:48:49 LONG: -011:41:15

                            TEMPERATURE ( C), RAIN (mm), WIND SPEED (kmh)

                                               HEAT     COOL           AVG
      MEAN                                     DEG      DEG            WIND                       DOM
DAY   TEMP    HIGH   TIME     LOW    TIME      DAYS     DAYS    RAIN   SPEED    HIGH    TIME      DIR
--------------------------------------------------------------------------------------------------------
01    14.3    21.8   16:54    07.9   07:32     04.0     00.0    00.0   04.5     27.8    18:25      SE
02    14.5    18.1   15:50    10.9   07:45     03.8     00.0    00.0   09.5     33.3    15:24      E 
03    16.6    23.3   18:00    10.1   04:57     01.7     00.0    00.0   05.9     25.9    12:53      NW
04    17.4    24.1   16:48    10.7   07:39     00.9     00.0    00.0   05.3     31.4    23:58      E 
05    14.3    18.0   17:18    11.7   08:08     04.0     00.0    02.8   06.1     31.4    00:06     NNE
06    13.4    18.9   17:25    09.2   07:19     04.9     00.0    00.0   07.1     29.6    14:22      S 
07    13.8    19.7   15:24    08.1   07:37     04.5     00.0    00.0   04.4     22.2    15:55      SE
08    14.4    22.8   16:56    07.7   07:03     03.9     00.0    00.0   04.3     25.9    18:38      SE
09    15.7    23.1   16:59    08.9   03:37     02.6     00.0    00.0   04.4     20.4    14:35      E 
10    16.4    25.1   16:50    09.5   06:57     01.9     00.0    00.0   03.1     22.2    17:49     ESE
11    16.3    24.3   15:01    10.6   06:57     02.0     00.0    00.0   03.9     22.2    15:37      E 
12    16.3    22.4   15:45    11.2   06:00     02.0     00.0    00.0   05.4     25.9    18:10      SE
13    16.9    24.6   17:40    09.6   06:45     01.4     00.0    00.0   04.2     24.1    13:07      SW
14    17.8    24.8   17:30    12.7   06:41     00.5     00.0    00.0   04.0     20.4    20:46     ESE
15    15.1    18.3   12:14    12.3   06:52     03.2     00.0    16.0   03.5     18.5    16:10      NE
16    16.6    22.7   18:08    12.4   00:00     01.7     00.0    02.3   04.9     38.9    22:07     ESE
17    13.8    18.1   15:55    09.8   07:05     04.5     00.0    00.5   07.6     35.1    00:48     ESE
18    09.2    15.4   11:03    06.0   19:23     09.1     00.0    01.0   06.8     55.5    11:28     ENE
19    09.3    16.1   15:21    03.4   07:19     09.0     00.0    00.0   05.5     25.9    16:49     WNW
20    10.0    16.4   17:18    03.4   07:50     08.3     00.0    00.0   04.8     29.6    18:52     SSE
21    10.3    16.1   17:56    04.4   05:58     08.0     00.0    00.0   06.0     22.2    10:40     SSE
22    12.1    21.7   17:21    03.9   06:32     06.2     00.0    00.0   04.4     27.8    19:00     SSE
23    13.3    19.7   15:48    07.8   04:10     05.0     00.0    00.0   04.8     29.6    18:10     ESE
24    15.3    19.9   15:56    11.3   06:58     03.0     00.0    00.0   04.4     18.5    18:48     ENE
25    16.7    22.5   15:29    10.7   06:07     01.6     00.0    00.0   05.7     29.6    22:54      S 
26    16.3    20.3   17:09    14.6   23:57     02.0     00.0    01.3   08.8     33.3    13:44     SSE
27    16.6    20.2   17:14    14.1   06:03     01.7     00.0    07.7   04.6     31.4    21:10     SSE
28    14.1    17.7   12:52    09.5   23:18     04.2     00.0    00.3   07.7     42.5    07:15     WSW
29    12.5    18.0   15:52    07.3   07:13     05.8     00.0    00.0   06.2     33.3    11:47     ESE
30    13.1    19.1   15:26    06.4   07:02     05.2     00.0    00.0   02.6     20.4    15:32      SE
--------------------------------------------------------------------------------------------------------
14.4 (14.8)   25.1  day 10     03.4  day 20   116.3    000.0   032.0   05.3     55.5   day 18      SE
Max Rain: 16.0 ON 15-04-17
Days of Rain: 8 (> .2mm) 4 (> 2mm) 0 (> 20mm)