MONTHLY CLIMATOLOGICAL SUMMARY for APR. 2018

NAME: Estensemeteo   CITY: Ferrara STATE: Italy
ELEV: 11 LAT: 044:48:49 LONG: -011:41:15

                            TEMPERATURE ( C), RAIN (mm), WIND SPEED (kmh)

                                               HEAT     COOL           AVG
      MEAN                                     DEG      DEG            WIND                       DOM
DAY   TEMP    HIGH   TIME     LOW    TIME      DAYS     DAYS    RAIN   SPEED    HIGH    TIME      DIR
--------------------------------------------------------------------------------------------------------
01    13.0    19.3   16:23    08.7   08:10     05.3     00.0    00.5   07.5     29.6    17:18      W 
02    12.6    19.9   17:00    05.7   06:32     05.7     00.0    00.0   05.1     24.1    19:45     WSW
03    12.6    16.5   17:49    08.3   07:31     05.7     00.0    00.0   04.2     18.5    18:58      NE
04    12.4    15.4   15:47    10.2   07:52     05.9     00.0    04.6   06.5     22.2    06:33     ENE
05    13.2    17.6   16:46    10.4   07:30     05.1     00.0    06.6   04.3     25.9    16:26     WNW
06    13.2    19.9   16:44    06.9   06:57     05.1     00.0    00.0   03.9     22.2    16:43     ESE
07    13.5    20.8   16:59    07.5   07:44     04.8     00.0    00.0   03.2     18.5    21:44     ESE
08    13.2    19.1   15:41    07.3   07:20     05.1     00.0    00.0   06.0     29.6    15:54      E 
09    12.5    15.5   13:29    09.7   03:48     05.8     00.0    00.0   04.7     20.4    14:01     WNW
10    14.0    19.3   14:15    10.6   07:32     04.3     00.0    00.5   04.9     33.3    13:25     SSW
11    12.1    16.7   14:57    08.2   06:43     06.2     00.0    03.0   06.7     27.8    19:35      E 
12    14.3    17.8   16:10    11.9   07:44     04.0     00.0    00.0   06.8     24.1    19:09      E 
13    14.7    20.3   18:21    09.2   07:06     03.6     00.0    00.3   04.1     18.5    19:29     SSE
14    15.6    22.2   16:23    09.0   06:58     02.7     00.0    00.0   02.2     18.5    14:51      E 
15    15.2    19.0   15:13    12.1   05:12     03.1     00.0    00.0   05.2     24.1    19:50     WNW
16    17.1    24.5   17:33    10.2   06:53     01.2     00.0    00.0   04.7     18.5    23:33     WNW
17    18.4    23.7   15:24    12.9   07:29     00.0     00.1    00.0   04.1     25.9    13:44     ENE
18    19.1    24.2   15:04    13.4   06:59     00.0     00.8    00.0   05.8     29.6    13:40      E 
19    19.3    25.6   16:52    12.3   07:10     00.0     01.0    00.0   04.0     20.4    15:43     ENE
20    20.8    28.4   16:53    12.6   05:19     00.0     02.5    00.0   04.1     18.5    16:56      NW
21    20.4    27.8   15:04    13.7   06:52     00.0     02.1    00.0   04.0     20.4    17:33     ESE
22    18.8    27.4   15:44    10.9   06:52     00.0     00.5    00.0   04.3     24.1    16:51     ESE
23    18.6    27.2   17:43    12.4   06:52     00.0     00.3    00.0   02.4     18.5    19:49     ENE
24    20.3    28.1   17:53    14.2   02:42     00.0     02.0    00.0   02.8     14.8    23:22      E 
25    20.8    28.8   18:29    14.0   06:52     00.0     02.5    00.0   04.5     29.6    18:48     SSW
26    21.0    29.6   17:19    14.5   07:04     00.0     02.7    00.0   04.1     24.1    18:33     SSE
27    19.5    24.4   16:34    14.5   06:41     00.0     01.2    00.0   07.1     27.8    14:41      E 
28    20.1    27.2   16:13    13.7   05:05     00.0     01.8    00.0   03.4     20.4    17:25     ESE
29    19.0    26.3   15:23    14.0   05:32     00.0     00.7    01.5   04.7     37.0    16:25      E 
30    19.3    23.9   14:59    14.9   06:59     00.0     01.0    00.0   05.9     29.6    11:22     WSW
--------------------------------------------------------------------------------------------------------
16.5 (16.8)   29.6  day 26     05.7  day 02   073.7    019.2   017.0   04.7     37.0   day 29     ESE
Max Rain: 6.6 ON 5-04-18
Days of Rain: 7 (> .2mm) 3 (> 2mm) 0 (> 20mm)