MONTHLY CLIMATOLOGICAL SUMMARY for MAY. 2012

NAME: Estensemeteo   CITY: Ferrara STATE: Italy
ELEV: 11 LAT: 044:48:49 LONG: -011:41:15

                            TEMPERATURE ( C), RAIN (mm), WIND SPEED (kmh)

                                               HEAT     COOL           AVG
      MEAN                                     DEG      DEG            WIND                       DOM
DAY   TEMP    HIGH   TIME     LOW    TIME      DAYS     DAYS    RAIN   SPEED    HIGH    TIME      DIR
----------------------------------------------------------------------------------------------------------------------------------------------------------
01    18.2    25.5   15:07    13.8   00:00     00.1     00.0    07.9   04.1     31.4    17:07      SE
02    18.0    21.9   17:00    10.4   06:15     00.3     00.0    00.3   06.8     24.1    17:20     WNW
04    19.0    24.3   17:02    11.2   06:21     00.0     00.7    00.0   06.3     20.4    16:18     WSW
05    19.3    23.8   16:08    11.4   06:14     00.0     01.0    00.0   06.4     29.6    14:15      SW
06    17.2    20.3   15:10    14.5   06:06     01.1     00.0    02.0   07.6     31.4    17:50     SSE
07    16.7    22.7   17:00    12.9   06:02     01.6     00.0    02.0   04.9     24.1    19:34      E 
08    19.7    24.3   17:25    10.9   06:05     00.0     01.4    00.0   04.7     16.6    15:02      SE
09    21.2    25.0   16:06    14.6   06:20     00.0     02.9    00.0   04.5     18.5    13:16      W 
10    23.8    29.2   16:30    14.7   06:03     00.0     05.5    00.0   02.5     11.1    12:41      W 
11    23.6    31.1   16:09    16.3   05:43     00.0     05.3    00.0   03.1     16.6    19:25      S 
12    24.6    31.7   17:13    16.3   06:16     00.0     06.3    00.0   03.3     16.6    15:11     WSW
13    14.6    22.2   00:01    11.0   23:16     03.7     00.0    08.9   08.9     46.3    02:36      E 
15    16.2    22.8   16:00    09.3   06:20     02.1     00.0    00.0   06.2     25.9    12:25     ESE
16    12.2    15.8   14:25    09.1   23:16     06.1     00.0    01.5   07.7     35.1    08:37      E 
17    12.6    12.7   23:39    11.9   00:05     05.7     00.0    00.0   07.1     16.6    23:29      SE
18    15.3    21.4   14:35    07.2   05:41     03.0     00.0    00.0   05.5     22.2    18:39      SE
19    16.9    23.7   15:20    09.8   06:28     01.4     00.0    00.0   03.6     22.2    15:20     SSE
20    15.2    20.3   11:40    11.2   04:03     03.1     00.0    06.3   03.2     20.4    12:20     ESE
21    14.3    19.7   17:38    11.7   04:12     04.0     00.0    24.9   08.2     31.4    10:36     ENE
22    15.8    20.9   15:17    10.8   05:44     02.5     00.0    00.0   04.1     18.5    15:32     WNW
23    19.9    26.1   17:20    15.3   06:33     00.0     01.6    00.3   03.0     14.8    14:11      W 
24    22.0    30.2   15:21    17.2   05:01     00.0     03.7    00.0   03.9     31.4    17:40     WNW
25    21.7    26.6   15:31    17.0   00:00     00.0     03.4    00.3   04.6     24.1    12:42      SE
26    19.5    24.3   17:18    15.7   05:24     00.0     01.2    00.0   03.6     18.5    13:08      E 
27    20.1    26.0   16:00    14.5   06:16     00.0     01.8    00.0   03.2     18.5    16:30      SE
28    21.1    26.1   17:20    15.7   06:13     00.0     02.8    00.0   01.6     11.1    17:35      SW
29    23.3    28.5   17:20    14.7   06:28     00.0     05.0    00.0   03.4     14.8    16:10     WSW
30    24.9    30.1   18:24    17.5   06:26     00.0     06.6    00.0   04.1     18.5    19:08      S 
31    21.7    26.9   17:44    16.9   11:21     00.0     03.4    04.6   04.7     20.4    11:38     ESE
----------------------------------------------------------------------------------------------------------------------------------------------------------
18.8 (18.8)   31.7  day 12     06.7  day 17   036.6    052.5   058.9   04.9     46.3   day 13     SSE
Max >=  30: 4
Min <=   30: 30
Max Rain: 24.9 ON 21-05-14
Days of Rain: 11 (> .2mm) 7 (> 2mm) 1 (> 20mm)