MONTHLY CLIMATOLOGICAL SUMMARY for MAY. 2017

NAME: Estensemeteo   CITY: Ferrara STATE: Italy
ELEV: 11 LAT: 044:48:49 LONG: -011:41:15

                            TEMPERATURE ( C), RAIN (mm), WIND SPEED (kmh)

                                               HEAT     COOL           AVG
      MEAN                                     DEG      DEG            WIND                       DOM
DAY   TEMP    HIGH   TIME     LOW    TIME      DAYS     DAYS    RAIN   SPEED    HIGH    TIME      DIR
--------------------------------------------------------------------------------------------------------
01    12.8    19.9   13:05    06.7   06:55     05.5     00.0    01.5   05.9     35.1    14:32     ESE
02    13.0    20.6   16:34    05.7   06:17     05.3     00.0    00.0   07.2     31.4    18:03     SSE
03    13.8    18.9   13:59    10.9   01:42     04.5     00.0    01.0   04.1     24.1    16:27     ENE
04    14.2    18.5   12:40    10.7   00:32     04.1     00.0    10.9   03.1     25.9    23:14      S 
05    15.2    22.1   17:53    10.2   06:03     03.1     00.0    00.8   04.9     20.4    21:54     WSW
06    14.1    18.6   11:36    09.9   05:26     04.2     00.0    22.6   06.7     29.6    15:23      E 
07    12.9    14.7   15:38    11.6   07:00     05.4     00.0    02.3   08.0     37.0    16:14     WNW
08    14.7    20.3   19:02    09.9   06:37     03.6     00.0    00.0   04.0     20.4    13:19     WSW
09    15.5    19.6   15:58    12.3   00:00     02.8     00.0    03.3   05.3     27.8    16:54     SSE
10    15.0    19.8   16:47    10.2   06:20     03.3     00.0    00.0   06.7     24.1    12:27     ESE
11    15.8    21.0   13:52    12.1   06:39     02.5     00.0    00.0   05.4     25.9    14:00      E 
12    17.9    25.5   15:56    13.9   07:13     00.4     00.0    03.6   03.4     27.8    17:32      S 
13    19.8    26.3   18:32    14.2   06:10     00.0     01.5    00.0   05.7     25.9    19:38      SW
14    20.4    26.8   18:13    14.4   06:29     00.0     02.1    00.3   04.5     18.5    14:38      SW
15    19.7    25.2   15:53    15.4   07:02     00.0     01.4    01.0   06.0     44.4    04:29      N 
16    20.9    26.7   15:22    14.7   06:20     00.0     02.6    00.0   04.3     27.8    10:42      NE
17    21.6    28.1   16:00    14.6   06:00     00.0     03.3    00.0   04.0     24.1    14:27     SSE
18    21.3    27.3   15:03    15.6   06:33     00.0     03.0    00.0   04.3     24.1    18:24     ESE
19    20.7    27.0   13:40    16.1   05:32     00.0     02.4    00.0   05.6     55.5    15:44     SSW
20    16.7    21.3   16:52    14.8   03:49     01.6     00.0    00.0   04.7     22.2    17:49     NNW
21    20.6    26.3   17:05    15.3   04:57     00.0     02.3    00.0   04.9     20.4    10:52     NNW
22    21.6    27.9   17:40    14.8   04:32     00.0     03.3    00.0   03.3     18.5    22:50      S 
23    22.9    29.2   18:08    14.9   05:19     00.0     04.6    00.0   03.9     18.5    16:58     WSW
24    22.7    29.2   15:24    16.7   05:16     00.0     04.4    00.0   03.8     18.5    21:30     SSW
25    20.8    24.8   15:33    16.7   00:00     00.0     02.5    00.0   10.7     35.1    09:22     ESE
26    20.2    26.1   17:04    13.4   05:50     00.0     01.9    00.0   05.0     22.2    14:28      SE
27    22.2    28.7   16:13    15.2   06:10     00.0     03.9    00.0   04.1     20.4    17:27     SSE
28    23.2    29.9   16:09    16.1   05:19     00.0     04.9    00.0   06.9     29.6    15:45      SE
29    23.4    30.4   16:27    15.4   04:02     00.0     05.1    00.0   06.0     24.1    16:45      SE
30    24.0    31.9   17:07    16.9   05:07     00.0     05.7    00.0   04.4     25.9    17:30      SE
31    24.3    31.7   17:22    18.4   06:03     00.0     06.0    00.0   03.9     22.2    19:44     SSE
--------------------------------------------------------------------------------------------------------
18.8 (19.1)   31.9  day 30     05.7  day 02   046.4    061.0   047.5   05.2     55.5   day 19      SE
Max >=  30: 3
Max Rain: 22.6 ON 6-05-17
Days of Rain: 10 (> .2mm) 5 (> 2mm) 1 (> 20mm)