MONTHLY CLIMATOLOGICAL SUMMARY for MAY. 2018

NAME: Estensemeteo   CITY: Ferrara STATE: Italy
ELEV: 11 LAT: 044:48:49 LONG: -011:41:15

                            TEMPERATURE ( C), RAIN (mm), WIND SPEED (kmh)

                                               HEAT     COOL           AVG
      MEAN                                     DEG      DEG            WIND                       DOM
DAY   TEMP    HIGH   TIME     LOW    TIME      DAYS     DAYS    RAIN   SPEED    HIGH    TIME      DIR
--------------------------------------------------------------------------------------------------------
01    16.1    21.2   15:04    12.3   04:37     02.2     00.0    04.8   03.1     31.4    15:13      SE
02    15.1    19.9   17:20    12.1   05:08     03.2     00.0    11.7   06.5     24.1    19:25     NNW
03    15.6    20.4   16:45    12.0   06:17     02.7     00.0    11.7   04.7     27.8    19:54     WNW
04    18.5    23.6   13:20    14.8   05:57     00.0     00.2    03.8   08.6     37.0    14:02     ENE
05    19.9    24.6   18:05    15.1   03:11     00.0     01.6    00.3   03.9     20.4    16:05     NNE
06    22.0    28.2   15:58    16.9   07:04     00.0     03.7    00.0   03.4     29.6    16:24      E 
07    22.1    27.2   16:50    16.4   06:28     00.0     03.8    00.0   02.7     16.6    16:15     NNE
08    20.5    27.3   16:09    16.1   06:43     00.0     02.2    01.0   03.3     29.6    20:12     WNW
09    18.4    24.9   15:04    14.7   06:08     00.0     00.1    04.6   03.0     27.8    16:24     NNW
10    19.3    24.4   17:14    15.9   07:13     00.0     01.0    00.0   03.5     22.2    12:19     WNW
11    20.4    28.2   16:17    15.0   06:13     00.0     02.1    02.0   03.6     29.6    16:42      NW
12    20.5    27.9   17:20    14.8   06:14     00.0     02.2    01.0   03.0     24.1    18:26      W 
13    20.2    27.1   16:43    15.2   07:22     00.0     01.9    00.0   04.7     50.0    18:58      S 
14    16.9    20.0   17:19    13.4   07:34     01.4     00.0    01.0   06.8     27.8    21:32      W 
15    15.3    19.7   15:22    11.3   06:49     03.0     00.0    00.0   04.3     24.1    17:01      NW
16    17.1    23.3   16:02    11.7   06:06     01.2     00.0    00.0   03.0     25.9    19:08     SSE
17    16.4    23.2   17:08    12.4   06:18     01.9     00.0    00.3   03.2     37.0    17:58      W 
18    18.4    25.7   16:59    11.6   05:50     00.0     00.1    00.0   01.9     18.5    19:44      NE
19    20.0    26.6   15:34    13.9   05:05     00.0     01.7    00.0   02.6     18.5    19:08     ENE
20    20.6    26.8   15:44    14.4   06:21     00.0     02.3    00.0   05.0     27.8    16:12      E 
21    21.2    27.3   16:11    15.1   05:50     00.0     02.9    00.0   05.3     25.9    17:01     ENE
22    18.1    21.7   14:10    15.8   06:36     00.2     00.0    11.9   04.1     18.5    02:39      N 
23    19.5    23.8   17:30    15.7   02:12     00.0     01.2    01.8   02.5     20.4    12:53     NNW
24    22.2    28.2   16:52    16.1   06:38     00.0     03.9    00.0   02.5     16.6    08:55     WNW
25    23.5    29.3   17:37    17.9   06:29     00.0     05.2    00.0   02.0     14.8    22:15     NNW
26    24.3    31.1   17:38    18.3   06:14     00.0     06.0    00.0   03.1     18.5    18:46      E 
27    24.5    31.2   15:43    18.6   05:14     00.0     06.2    00.0   03.1     25.9    16:28     ESE
28    23.7    30.4   18:19    18.9   06:14     00.0     05.4    07.4   02.3     42.5    18:49      NE
29    23.9    30.8   17:30    19.4   06:47     00.0     05.6    00.0   03.0     24.1    19:12     WNW
30    24.4    29.3   13:56    19.2   06:17     00.0     06.1    00.0   02.5     18.5    21:05     ESE
31    23.5    30.0   15:15    19.6   06:43     00.0     05.2    02.0   03.6     22.2    17:59     WSW
--------------------------------------------------------------------------------------------------------
20.1 (20.6)   31.2  day 27     11.3  day 15   015.8    070.6   065.3   03.7     50.0   day 13     N
Max >=  30: 5
Max Rain: 11.9 ON 22-05-18
Days of Rain: 15 (> .2mm) 7 (> 2mm) 0 (> 20mm)