MONTHLY CLIMATOLOGICAL SUMMARY for JUN. 2008

NAME: Estensemeteo   CITY: Ferrara STATE: Italy
ELEV: 11 LAT: 044:48:49 LONG: -011:41:15

                            TEMPERATURE ( C), RAIN (mm), WIND SPEED (kmh)

                                               HEAT     COOL           AVG
      MEAN                                     DEG      DEG            WIND                       DOM
DAY   TEMP    HIGH   TIME     LOW    TIME      DAYS     DAYS    RAIN   SPEED    HIGH    TIME      DIR
----------------------------------------------------------------------------------------------------------------------------------------------------------
01    22.2    27.3   15:26    15.9   06:01     00.0     03.9    00.0   04.7     20.4    12:51      W 
02    22.0    27.6   16:01    18.2   00:00     00.0     03.7    00.0   05.0     40.7    16:16      W 
03    21.0    26.3   16:21    16.2   06:16     00.0     02.7    00.0   05.9     22.2    08:46     WSW
04    19.0    21.1   17:26    16.8   06:51     00.0     00.7    02.0   05.7     24.1    13:36     WNW
05    18.7    24.6   16:16    15.9   00:00     00.0     00.4    34.3   04.7     29.6    17:21     WSW
06    18.3    23.1   18:16    14.3   04:56     00.0     00.0    01.3   03.7     25.9    18:31     NNW
07    19.3    23.9   14:46    16.4   03:01     00.0     01.0    00.0   04.1     22.2    18:31     WNW
08    20.9    25.8   14:16    15.9   06:26     00.0     02.6    00.0   06.6     31.4    12:41      E 
09    20.5    26.4   16:51    15.2   05:41     00.0     02.2    00.0   04.6     25.9    11:11     WSW
10    22.5    28.6   17:11    16.2   05:56     00.0     04.2    00.0   03.5     14.8    14:11     WNW
11    22.9    29.6   17:11    16.9   00:00     00.0     04.6    09.4   06.1     42.5    22:06     WSW
12    19.0    22.4   12:41    16.9   00:00     00.0     00.7    04.6   03.3     20.4    00:01     ENE
13    18.1    21.2   14:51    15.8   00:00     00.2     00.0    03.8   05.7     31.4    16:46      NE
14    14.8    17.9   18:51    12.0   09:41     03.5     00.0    21.1   07.3     33.3    14:51     NNE
15    16.5    22.5   13:51    10.3   06:21     01.8     00.0    00.0   04.1     24.1    13:21     SSE
16    17.3    22.8   14:11    14.8   06:26     01.0     00.0    07.6   04.4     29.6    16:16     ENE
17    21.3    27.8   17:31    15.7   05:51     00.0     03.0    19.1   04.7     29.6    20:36     ESE
18    20.5    26.6   18:31    16.4   06:31     00.0     02.2    15.2   03.8     35.1    00:31     WNW
19    22.9    30.3   17:26    15.5   05:21     00.0     04.6    00.0   02.5     16.6    19:51      SE
20    25.2    31.9   16:51    18.4   06:06     00.0     06.9    00.0   03.4     20.4    19:36      SE
21    26.3    33.5   17:46    19.1   04:36     00.0     08.0    00.0   03.5     20.4    18:41     ESE
22    26.9    34.2   16:21    19.6   04:06     00.0     08.6    00.0   03.8     20.4    18:46      SE
23    27.7    35.6   17:56    20.4   04:36     00.0     09.4    00.0   03.4     18.5    15:41      SW
24    27.8    34.5   16:46    21.8   06:41     00.0     09.5    00.0   02.9     14.8    17:41     WSW
25    28.5    35.3   17:01    21.4   06:31     00.0     10.2    00.0   03.5     16.6    19:51      SW
26    28.5    35.8   16:16    20.9   06:06     00.0     10.2    00.0   04.0     20.4    19:11      SE
27    27.7    33.8   13:36    21.8   06:01     00.0     09.4    00.0   04.5     22.2    13:16     ESE
28    26.3    32.0   17:36    21.8   06:56     00.0     08.0    01.3   05.6     31.4    06:56     ENE
29    27.0    33.7   15:06    20.2   05:21     00.0     08.7    00.0   03.5     22.2    19:06      SE
30    27.1    33.8   18:06    21.4   06:41     00.0     08.8    00.0   04.6     25.9    19:11     NNW
----------------------------------------------------------------------------------------------------------------------------------------------------------
22.6 (22.9)   35.8  day 26     10.3  day 15   006.5    134.3   119.6   04.4     42.6   day 11      S 
Max >=  30: 12
Min <=   30: 30
Max Rain: 34.3 ON 5-06-14
Days of Rain: 11 (> .2mm) 8 (> 2mm) 2 (> 20mm)