MONTHLY CLIMATOLOGICAL SUMMARY for JUN. 2010

NAME: Estensemeteo   CITY: Ferrara STATE: Italy
ELEV: 11 LAT: 044:48:49 LONG: -011:41:15

                            TEMPERATURE ( C), RAIN (mm), WIND SPEED (kmh)

                                               HEAT     COOL           AVG
      MEAN                                     DEG      DEG            WIND                       DOM
DAY   TEMP    HIGH   TIME     LOW    TIME      DAYS     DAYS    RAIN   SPEED    HIGH    TIME      DIR
----------------------------------------------------------------------------------------------------------------------------------------------------------
01    19.9    26.6   18:16    12.3   06:06     00.0     01.6    00.0   04.6     29.6    13:01      NE
02    19.6    25.9   16:01    16.6   00:00     00.0     01.3    00.3   06.1     35.1    18:41     NNE
03    18.9    23.6   17:36    15.4   00:51     00.0     00.6    11.4   05.3     40.7    10:21     WSW
04    21.6    28.4   17:36    16.6   07:01     00.0     03.3    00.0   04.7     20.4    18:56      NW
05    22.5    28.6   16:21    16.4   06:06     00.0     04.2    00.0   05.3     20.4    15:36      W 
06    23.1    29.8   16:31    15.5   05:26     00.0     04.8    00.0   04.5     20.4    18:41      W 
07    23.5    30.6   15:51    17.3   06:11     00.0     05.2    00.0   03.6     20.4    19:16     SSE
08    24.3    31.1   17:36    19.8   06:36     00.0     06.0    00.0   03.9     25.9    17:46      W 
09    24.1    31.9   15:56    18.1   06:16     00.0     05.8    00.0   05.1     25.9    18:06      W 
10    24.6    30.7   15:06    19.8   04:16     00.0     06.3    00.0   06.1     24.1    15:11     SSW
11    25.7    32.9   15:11    19.6   05:56     00.0     07.4    00.0   04.0     22.2    16:56      SW
12    25.8    32.2   16:41    20.2   06:41     00.0     07.5    00.0   04.1     22.2    17:11      W 
13    24.4    30.7   16:01    19.8   18:46     00.0     06.1    02.3   06.1     66.6    17:51     NNE
14    23.5    30.3   17:16    17.3   06:26     00.0     05.2    00.0   04.3     22.2    13:21     NNW
15    21.6    23.1   10:01    20.4   00:00     00.0     03.3    06.6   05.8     31.4    15:31     SSE
16    22.3    26.2   17:21    19.3   01:41     00.0     04.0    15.2   06.5     31.4    14:01     SSW
17    19.5    24.0   11:41    16.3   06:11     00.0     01.2    00.5   04.5     37.0    12:41      NW
18    21.2    26.7   16:46    15.1   06:46     00.0     02.9    00.0   06.7     35.1    13:51      NE
19    19.4    25.8   16:46    14.3   18:56     00.0     01.1    14.2   05.6     74.0    18:36      NE
20    15.3    16.7   08:46    13.7   20:56     03.0     00.0    70.6   06.6     33.3    23:46      SE
21    16.8    19.9   15:31    13.8   06:21     01.5     00.0    02.5   05.5     27.8    00:01     ESE
22    20.1    26.5   17:41    15.1   06:06     00.0     01.8    00.3   02.3     16.6    19:01     WNW
23    22.0    26.9   17:41    18.2   06:06     00.0     03.7    00.0   03.8     20.4    10:51      W 
24    21.5    27.0   15:26    15.1   06:01     00.0     03.2    00.0   05.3     25.9    16:31      W 
25    22.9    29.4   16:16    15.3   05:51     00.0     04.6    00.0   04.5     22.2    11:06      W 
26    23.9    30.4   15:51    18.2   06:16     00.0     05.6    00.0   04.0     20.4    18:16     WNW
27    24.4    30.6   16:51    17.6   06:01     00.0     06.1    00.0   04.3     18.5    17:31      W 
28    25.1    31.3   15:56    17.4   06:11     00.0     06.8    00.0   04.7     18.5    18:36      W 
29    26.0    32.0   15:46    19.3   05:11     00.0     07.7    00.0   03.5     22.2    15:01      W 
30    27.4    33.4   16:16    21.1   05:41     00.0     09.1    00.0   02.1     16.6    13:41      N 
----------------------------------------------------------------------------------------------------------------------------------------------------------
22.4 (22.6)   33.4  day 30     12.3  day 01   004.5    126.1   124.0   04.8     74.0   day 19      W 
Max >=  30: 13
Min <=   30: 30
Max Rain: 70.6 ON 20-06-14
Days of Rain: 10 (> .2mm) 7 (> 2mm) 1 (> 20mm)