MONTHLY CLIMATOLOGICAL SUMMARY for JUN. 2012

NAME: Estensemeteo   CITY: Ferrara STATE: Italy
ELEV: 11 LAT: 044:48:49 LONG: -011:41:15

                            TEMPERATURE ( C), RAIN (mm), WIND SPEED (kmh)

                                               HEAT     COOL           AVG
      MEAN                                     DEG      DEG            WIND                       DOM
DAY   TEMP    HIGH   TIME     LOW    TIME      DAYS     DAYS    RAIN   SPEED    HIGH    TIME      DIR
--------------------------------------------------------------------------------------------------------
01    21.4    27.1   16:21    14.8   06:11     00.0     03.1    00.0   04.2     18.5    17:56     ENE
02    22.9    28.3   18:26    17.3   05:11     00.0     04.6    00.0   04.9     25.9    19:46      SW
03    22.0    27.5   14:46    17.1   06:01     00.0     03.7    00.0   04.9     31.4    17:16     ENE
04    22.6    29.0   15:56    19.6   23:51     00.0     04.3    00.5   04.8     24.1    18:41     ENE
05    22.0    27.8   16:41    16.3   05:36     00.0     03.7    00.0   07.1     38.9    18:11     SSW
06    22.1    28.7   17:16    17.1   05:21     00.0     03.8    00.0   04.3     31.4    18:56      SW
07    21.3    26.7   14:41    15.8   06:06     00.0     03.0    00.3   10.8     46.3    15:01      SW
08    20.0    26.2   13:51    14.4   04:21     00.0     01.7    04.6   04.0     29.6    14:56      SW
09    20.0    28.1   16:26    13.3   06:21     00.0     01.7    00.0   03.4     18.5    19:21      E 
10    22.5    30.7   17:01    14.7   06:21     00.0     04.2    00.0   03.9     22.2    18:21      SE
11    24.2    32.2   15:51    15.6   03:41     00.0     05.9    00.0   04.1     24.1    16:31      SE
12    25.8    33.9   16:21    16.8   06:01     00.0     07.5    00.0   03.2     20.4    16:36      SE
13    27.3    35.4   16:31    18.7   05:06     00.0     09.0    00.0   02.5     14.8    14:41     ENE
14    28.7    36.6   16:51    21.4   06:46     00.0     10.4    00.0   03.2     22.2    18:31      S 
15    28.9    35.8   15:11    21.4   05:16     00.0     10.6    00.0   03.3     18.5    18:26      SW
16    30.4    35.3   17:21    23.4   00:34     00.0     12.1    00.0   05.4     27.8    19:11      SW
17    29.6    34.7   16:48    23.3   06:23     00.0     11.3    00.0   05.6     22.2    17:50     ENE
18    27.8    32.4   15:27    21.8   06:30     00.0     09.5    00.0   07.4     31.4    16:58     ENE
19    28.3    33.3   16:38    19.9   06:24     00.0     10.0    00.0   03.9     16.6    20:21      NE
20    27.1    33.7   16:26    21.5   04:55     00.0     08.8    00.0   04.8     22.2    16:01     WSW
21    25.9    32.4   16:38    18.7   06:14     00.0     07.6    00.0   05.0     24.1    18:31     ESE
22    26.4    33.4   15:24    18.7   05:21     00.0     08.1    00.0   05.0     22.2    18:12     ESE
23    30.0    36.2   17:38    21.2   06:16     00.0     11.7    00.0   04.5     24.1    18:15      SE
30    29.2    37.1   18:01    22.5   03:15     00.0     10.9    00.0   03.2     18.5    19:20     WNW
--------------------------------------------------------------------------------------------------------
25.3 (25.2)   37.1  day 24     13.3  day 09   000.0    167.2   011.9   04.7     46.3   day 07     SSE
Max >=  30: 15
Max Rain: 4.6 ON 8-06-17
Days of Rain: 3 (> .2mm) 1 (> 2mm) 0 (> 20mm)