MONTHLY CLIMATOLOGICAL SUMMARY for JUN. 2014

NAME: Estensemeteo   CITY: Ferrara STATE: Italy
ELEV: 11 LAT: 044:48:49 LONG: -011:41:15

                            TEMPERATURE ( C), RAIN (mm), WIND SPEED (kmh)

                                               HEAT     COOL           AVG
      MEAN                                     DEG      DEG            WIND                       DOM
DAY   TEMP    HIGH   TIME     LOW    TIME      DAYS     DAYS    RAIN   SPEED    HIGH    TIME      DIR
----------------------------------------------------------------------------------------------------------------------------------------------------------
01    19.6    25.6   18:16    13.4   07:11     00.0     01.3    00.0   03.8     18.5    23:51     SSE
02    20.3    26.5   15:11    12.8   05:16     00.0     02.0    00.0   06.1     31.4    14:56      SE
03    20.1    26.8   16:51    15.0   06:01     00.0     01.8    03.0   04.2     29.6    19:11      E 
04    20.3    27.6   16:26    15.0   05:46     00.0     02.0    00.0   03.8     37.0    16:56     ESE
05    22.4    28.8   17:16    16.9   06:26     00.0     04.1    00.0   05.2     27.8    19:11     SSE
06    22.8    29.9   16:26    16.1   05:56     00.0     04.5    00.0   03.9     18.5    19:31     SSE
07    24.9    32.1   16:51    17.7   04:31     00.0     06.6    00.0   02.8     20.4    19:21     SSE
08    27.1    34.2   17:16    19.5   06:16     00.0     08.8    00.0   03.1     18.5    19:51      S 
09    27.4    34.7   16:41    19.9   06:26     00.0     09.1    00.0   03.6     24.1    18:11     ESE
10    27.9    35.5   17:36    18.8   06:16     00.0     09.6    00.0   03.0     22.2    19:21      SE
11    28.8    35.5   15:56    20.4   05:41     00.0     10.5    00.0   03.1     16.6    14:01     SSW
12    29.1    36.6   16:41    22.2   06:31     00.0     10.8    00.0   04.7     38.9    23:16      NE
13    27.6    33.7   17:21    20.8   04:16     00.0     09.3    00.0   05.3     29.6    00:01     WNW
14    23.5    28.9   14:46    18.8   00:00     00.0     05.2    14.7   07.9     33.3    23:56      E 
15    21.6    24.7   17:11    17.8   03:26     00.0     03.3    00.5   06.9     29.6    09:26     ENE
16    21.0    24.6   18:01    18.4   23:36     00.0     02.7    00.5   05.1     22.2    12:16      E 
17    21.6    26.8   16:21    16.7   06:41     00.0     03.3    00.0   04.5     25.9    19:01     ESE
18    21.9    27.1   17:06    15.0   05:51     00.0     03.6    00.0   05.9     27.8    16:11      E 
19    22.4    28.9   15:36    15.3   05:46     00.0     04.1    00.0   05.2     29.6    17:51     WNW
20    24.1    30.9   17:41    17.1   06:06     00.0     05.8    00.0   06.7     31.4    17:26      W 
21    23.6    27.8   14:46    19.4   04:41     00.0     05.3    00.0   07.3     25.9    10:31     ESE
22    24.3    30.9   16:41    17.9   06:41     00.0     06.0    00.0   04.0     20.4    18:56      E 
23    25.9    31.9   18:11    20.7   05:31     00.0     07.6    00.0   04.7     31.4    17:31      SW
24    25.4    31.7   17:16    20.0   05:06     00.0     07.1    00.0   04.8     29.6    17:56      SE
25    21.9    24.8   19:36    18.9   14:11     00.0     03.6    05.1   05.4     31.4    03:16     ENE
26    21.8    25.6   18:31    19.7   14:16     00.0     03.5    01.3   05.0     27.8    12:46      E 
27    23.6    29.1   16:21    18.6   04:21     00.0     05.3    00.0   04.2     20.4    19:41     ESE
28    24.6    31.2   16:41    18.5   06:41     00.0     06.3    00.0   04.1     20.4    19:56     ESE
29    24.0    28.9   16:51    19.5   06:31     00.0     05.7    00.8   06.5     40.7    23:56      S 
30    22.1    28.0   15:41    16.6   06:11     00.0     03.8    00.0   07.2     37.0    00:01      S 
----------------------------------------------------------------------------------------------------------------------------------------------------------
23.7 (23.8)   36.6  day 12     12.8  day 02   000.0    162.8   000.0   04.9     40.7   day 12     ESE
Max >=  30: 12
Min <=   30: 30
Max Rain: 14.7 ON 14-06-14
Days of Rain: 7 (> .2mm) 3 (> 2mm) 0 (> 20mm)