MONTHLY CLIMATOLOGICAL SUMMARY for JUN. 2016

NAME: Estensemeteo   CITY: Ferrara STATE: Italy
ELEV: 11 LAT: 044:48:49 LONG: -011:41:15

                            TEMPERATURE ( C), RAIN (mm), WIND SPEED (kmh)

                                               HEAT     COOL           AVG
      MEAN                                     DEG      DEG            WIND                       DOM
DAY   TEMP    HIGH   TIME     LOW    TIME      DAYS     DAYS    RAIN   SPEED    HIGH    TIME      DIR
--------------------------------------------------------------------------------------------------------
01    18.7    24.5   15:21    12.3   05:45     00.0     00.4    00.0   03.0     18.5    09:45     SSW
02    18.8    23.6   17:00    14.7   06:50     00.0     00.5    13.2   03.7     20.4    22:27     SSE
03    18.9    24.0   14:32    15.8   06:15     00.0     00.6    00.3   04.1     29.6    14:31      SW
04    19.2    24.7   13:19    16.3   05:54     00.0     00.9    03.3   03.3     25.9    16:24      SW
05    20.1    26.2   16:39    16.3   06:28     00.0     01.8    04.8   03.6     20.4    21:40     WSW
06    20.8    26.2   17:32    16.8   02:20     00.0     02.5    00.3   02.8     18.5    12:15     WNW
07    22.9    29.3   17:33    17.1   06:19     00.0     04.6    00.0   03.5     14.8    17:42      SE
08    22.2    29.8   15:42    16.2   06:25     00.0     03.9    00.0   04.0     33.3    17:44      SE
09    18.0    21.2   14:18    16.2   04:44     00.3     00.0    55.1   04.9     31.4    17:26      NE
10    20.1    25.2   18:42    16.4   06:59     00.0     01.8    15.5   04.8     24.1    00:57      NE
11    21.8    27.6   15:12    15.9   06:21     00.0     03.5    00.0   03.7     33.3    16:47     SSW
12    20.2    23.5   17:15    16.8   23:55     00.0     01.9    00.0   05.2     33.3    12:32      W 
13    21.4    27.7   18:02    15.5   06:55     00.0     03.1    00.0   03.7     22.2    19:46     SSE
14    19.6    25.3   16:20    16.8   06:17     00.0     01.3    11.9   05.3     33.3    17:54      E 
15    20.6    27.5   15:09    14.6   06:15     00.0     02.3    00.0   06.5     37.0    15:59      SW
16    22.6    26.9   16:49    19.0   07:03     00.0     04.3    00.0   07.6     29.6    16:02     ESE
17    22.6    27.9   15:24    16.3   06:27     00.0     04.3    00.0   07.5     35.1    16:29      SW
18    20.7    26.6   16:39    13.4   06:26     00.0     02.4    00.0   04.3     27.8    16:49      SW
19    18.9    22.8   16:43    16.0   06:22     00.0     00.6    00.3   07.4     27.8    19:40      NW
20    20.9    27.6   18:28    16.2   07:21     00.0     02.6    00.0   05.5     24.1    19:43     WSW
21    22.6    29.3   15:45    15.6   06:30     00.0     04.3    00.0   04.1     22.2    18:00      SE
22    24.7    31.3   16:43    17.4   05:24     00.0     06.4    00.0   03.1     18.5    15:14     NNE
23    27.2    32.8   17:42    20.4   05:22     00.0     08.9    00.0   04.4     22.2    13:10     NNE
24    28.4    34.3   16:57    21.5   03:33     00.0     10.1    00.0   03.4     18.5    20:52     NNW
25    27.3    35.8   16:37    22.2   05:38     00.0     09.0    00.0   02.6     35.1    17:48     ESE
26    25.8    31.6   15:01    21.4   06:32     00.0     07.5    00.0   04.0     20.4    15:35     ENE
27    23.2    28.6   14:40    18.5   07:15     00.0     04.9    00.0   06.3     33.3    15:55      N 
28    24.1    30.4   16:40    17.8   05:05     00.0     05.8    00.0   04.9     29.6    15:32      SE
29    24.9    31.8   15:18    17.1   05:34     00.0     06.6    00.0   05.0     20.4    14:53      SE
30    26.0    33.1   17:08    18.9   03:53     00.0     07.7    00.0   04.1     22.2    19:02     ESE
--------------------------------------------------------------------------------------------------------
22.1 (22.4)   35.8  day 25     12.3  day 01   000.3    114.5   104.6   04.6     37.0   day 25     SSE
Max >=  30: 8
Max Rain: 55.1 ON 9-06-16
Days of Rain: 9 (> .2mm) 6 (> 2mm) 1 (> 20mm)