MONTHLY CLIMATOLOGICAL SUMMARY for JUL. 2007

NAME: Estensemeteo   CITY: Ferrara STATE: Italy
ELEV: 11 LAT: 044:48:49 LONG: -011:41:15

                            TEMPERATURE ( C), RAIN (mm), WIND SPEED (kmh)

                                               HEAT     COOL           AVG
      MEAN                                     DEG      DEG            WIND                       DOM
DAY   TEMP    HIGH   TIME     LOW    TIME      DAYS     DAYS    RAIN   SPEED    HIGH    TIME      DIR
----------------------------------------------------------------------------------------------------------------------------------------------------------
01    24.6    31.0   15:56    18.0   05:16     00.0     06.3    00.0   05.5     31.4    18:31      E 
02    24.2    29.9   18:31    18.3   05:41     00.0     05.9    00.0   07.1     42.5    18:51     SSW
03    23.2    28.9   17:51    16.9   06:26     00.0     04.9    00.0   05.0     31.4    19:11     SSW
04    22.5    30.4   15:16    15.8   00:00     00.0     04.2    00.0   10.8     48.1    18:06      SW
05    20.5    27.8   19:06    11.7   05:51     00.0     02.2    00.0   05.3     31.4    16:06     WNW
06    23.7    31.3   16:51    15.5   06:31     00.0     05.4    00.0   05.3     25.9    15:06      W 
07    25.0    33.2   18:21    17.7   06:41     00.0     06.7    00.0   04.5     27.8    18:26     SSW
08    25.1    32.6   16:46    17.4   03:46     00.0     06.8    00.0   04.7     22.2    18:41      E 
09    25.1    31.4   18:21    19.4   06:31     00.0     06.8    00.0   05.8     38.9    18:06      SW
10    22.2    27.9   16:51    17.2   06:33     00.0     03.9    00.5   07.9     40.7    00:00      NW
11    19.4    25.4   18:46    13.7   04:36     00.0     01.1    02.8   06.5     40.7    00:01      NE
12    21.6    28.8   18:46    12.5   06:16     00.0     03.3    00.0   05.0     31.4    19:01     SSE
13    23.1    30.7   16:16    15.1   05:46     00.0     04.8    00.0   04.7     22.2    19:31     ESE
14    26.7    34.7   16:01    18.2   06:16     00.0     08.4    00.0   04.1     22.2    19:46     ESE
15    27.4    35.8   14:46    18.8   06:16     00.0     09.1    00.0   04.2     24.1    17:31     ESE
16    27.5    36.1   17:31    19.3   06:01     00.0     09.2    00.0   03.7     22.2    19:46     NNW
17    32.2    37.1   03:46    25.9   00:16     00.0     13.9    00.0   05.3     24.1    19:16     ESE
18    29.1    37.7   17:01    21.4   06:16     00.0     10.8    00.0   04.0     18.5    20:01     ESE
19    29.2    37.6   17:31    20.7   06:16     00.0     10.9    00.0   04.4     20.4    22:31      S 
20    29.6    37.1   18:01    22.2   06:46     00.0     11.3    00.0   06.3     42.5    19:31     SSW
21    28.1    34.6   17:31    21.5   07:01     00.0     09.8    00.0   07.1     31.4    17:01     WSW
22    27.2    35.1   17:31    19.0   06:31     00.0     08.9    00.0   04.8     27.8    18:16      SE
23    27.0    32.4   16:46    23.2   07:16     00.0     08.7    00.0   06.7     42.5    18:46      SW
24    25.6    32.5   16:46    18.5   06:31     00.0     07.3    00.0   04.1     22.2    17:46     ESE
25    27.3    35.3   17:01    18.9   07:01     00.0     09.0    00.0   04.2     27.8    18:31      SE
26    28.0    34.8   16:51    21.1   06:01     00.0     09.7    00.0   04.3     22.2    17:01      E 
27    27.4    33.1   17:06    22.3   06:51     00.0     09.1    00.0   05.6     27.8    12:36     ENE
28    25.3    34.3   16:01    19.7   00:00     00.0     07.0    00.0   08.7     61.0    18:31      NE
29    21.4    26.6   16:51    15.5   05:26     00.0     03.1    00.0   06.9     31.4    12:21      NE
31    19.3    21.8   00:00    18.8   00:06     00.0     01.0    00.0   03.4     05.5    00:00     ESE
----------------------------------------------------------------------------------------------------------------------------------------------------------
25.3 (25.3)   37.7  day 18     11.7  day 05   000.0    209.7   003.6   05.5     61.1   day 28      SE
Max >=  30: 22
Min <=   30: 30
Max Rain: 2.8 ON 11-07-14
Days of Rain: 2 (> .2mm) 1 (> 2mm) 0 (> 20mm)