MONTHLY CLIMATOLOGICAL SUMMARY for JUL. 2008

NAME: Estensemeteo   CITY: Ferrara STATE: Italy
ELEV: 11 LAT: 044:48:49 LONG: -011:41:15

                            TEMPERATURE ( C), RAIN (mm), WIND SPEED (kmh)

                                               HEAT     COOL           AVG
      MEAN                                     DEG      DEG            WIND                       DOM
DAY   TEMP    HIGH   TIME     LOW    TIME      DAYS     DAYS    RAIN   SPEED    HIGH    TIME      DIR
----------------------------------------------------------------------------------------------------------------------------------------------------------
01    26.7    32.9   16:51    21.9   06:46     00.0     08.4    04.3   05.4     25.9    10:21      E 
02    26.4    34.0   15:01    19.4   05:06     00.0     08.1    00.0   03.5     25.9    16:56     SSE
03    27.2    33.1   15:11    21.3   06:41     00.0     08.9    00.0   03.0     18.5    16:46     WNW
04    27.4    33.0   17:46    21.5   04:46     00.0     09.1    00.0   04.1     20.4    15:11     WSW
05    26.4    31.9   19:11    20.1   06:06     00.0     08.1    00.0   04.8     18.5    18:21     NNW
06    26.9    33.9   17:21    20.8   23:56     00.0     08.6    00.0   08.1     42.5    18:06      SE
07    26.0    33.3   16:21    18.8   06:06     00.0     07.7    00.0   07.5     42.5    18:01      SW
08    23.9    29.3   14:16    18.2   06:26     00.0     05.6    00.0   06.0     31.4    18:06      NE
09    23.9    30.0   18:11    16.6   06:21     00.0     05.6    00.0   04.0     18.5    15:01      NE
10    25.7    32.6   17:36    18.6   06:16     00.0     07.4    00.0   03.6     25.9    18:56      SE
11    26.5    33.7   17:11    19.6   06:01     00.0     08.2    00.0   04.7     24.1    18:26      SE
12    26.7    35.3   16:41    19.6   06:26     00.0     08.4    00.0   05.3     29.6    19:11     SSE
13    26.5    33.1   15:21    21.2   06:41     00.0     08.2    01.8   08.2     38.9    19:36     SSW
14    22.7    27.0   17:41    17.8   06:01     00.0     04.4    00.0   06.6     38.9    13:36      NW
15    23.1    30.4   16:56    15.5   06:11     00.0     04.8    00.0   04.3     24.1    15:26      S 
16    24.3    32.2   17:21    15.9   06:26     00.0     06.0    00.0   04.4     27.8    18:46     SSE
17    24.6    31.2   16:06    17.8   06:06     00.0     06.3    00.0   04.1     22.2    15:11     WNW
18    21.1    24.4   17:46    18.4   09:56     00.0     02.8    04.6   04.3     22.2    06:41      NE
19    23.7    30.8   18:56    17.7   05:26     00.0     05.4    00.0   03.4     20.4    19:26      E 
20    25.7    32.1   18:31    19.4   05:41     00.0     07.4    00.0   03.4     20.4    14:31     WSW
21    24.0    28.2   14:46    20.6   06:11     00.0     05.7    00.5   06.5     27.8    21:06     NNE
22    22.0    27.0   15:31    17.2   06:51     00.0     03.7    00.0   08.4     42.5    02:11      NE
23    22.2    29.3   18:01    13.6   05:26     00.0     03.9    00.0   03.7     24.1    17:21     WNW
24    24.0    31.2   17:16    15.1   05:01     00.0     05.7    00.0   03.9     22.2    16:11      W 
25    25.7    32.6   18:06    18.9   07:06     00.0     07.4    00.0   04.7     22.2    12:16      W 
26    25.5    32.7   16:31    19.3   06:21     00.0     07.2    00.0   03.7     18.5    23:01     NNE
27    25.0    30.8   18:11    18.8   03:21     00.0     06.7    66.3   04.8     42.5    02:56      N 
28    26.2    33.1   14:51    21.3   04:06     00.0     07.9    00.0   03.0     29.6    15:11      E 
29    26.5    34.0   18:01    19.6   06:26     00.0     08.2    00.0   02.6     18.5    20:01      SE
30    27.2    34.9   17:11    20.9   06:31     00.0     08.9    00.0   03.1     18.5    19:41     SSE
31    26.2    33.6   17:41    20.4   07:31     00.0     07.9    01.8   04.6     48.1    05:16      N 
----------------------------------------------------------------------------------------------------------------------------------------------------------
25.2 (25.3)   35.3  day 12     13.6  day 23   000.0    212.7   000.0   04.8     48.1   day 31     SSE
Max >=  30: 25
Min <=   30: 31
Max Rain: 66.3 ON 27-07-14
Days of Rain: 6 (> .2mm) 3 (> 2mm) 1 (> 20mm)