MONTHLY CLIMATOLOGICAL SUMMARY for JUL. 2013

NAME: Estensemeteo   CITY: Ferrara STATE: Italy
ELEV: 11 LAT: 044:48:49 LONG: -011:41:15

                            TEMPERATURE ( C), RAIN (mm), WIND SPEED (kmh)

                                               HEAT     COOL           AVG
      MEAN                                     DEG      DEG            WIND                       DOM
DAY   TEMP    HIGH   TIME     LOW    TIME      DAYS     DAYS    RAIN   SPEED    HIGH    TIME      DIR
----------------------------------------------------------------------------------------------------------------------------------------------------------
01    24.4    29.4   16:11    14.9   01:18     00.0     06.1    00.0   06.7     25.9    13:21     ESE
02    25.3    31.7   16:36    16.8   06:23     00.0     07.0    00.0   04.3     20.4    19:11     ESE
03    24.7    31.1   14:36    17.8   06:36     00.0     06.4    00.0   02.7     22.2    21:16      NW
04    26.6    31.8   16:21    20.0   07:01     00.0     08.3    00.0   04.4     18.5    16:46     NNW
05    28.1    32.9   17:01    19.8   06:14     00.0     09.8    00.0   03.2     18.5    13:16      E 
06    28.2    31.9   17:16    21.8   06:34     00.0     09.9    00.3   06.2     31.4    15:01      E 
07    27.4    30.8   17:26    21.1   06:14     00.0     09.1    00.0   07.2     31.4    11:36     ENE
08    27.1    30.9   16:16    21.5   06:23     00.0     08.8    00.8   04.9     25.9    14:51     ENE
09    27.9    32.4   17:21    21.3   06:33     00.0     09.6    00.0   03.5     18.5    15:51     ENE
10    28.0    32.3   17:51    20.4   06:03     00.0     09.7    00.0   03.9     18.5    16:11     ENE
11    26.6    31.8   15:16    21.3   06:33     00.0     08.3    00.0   05.9     42.5    15:56      S 
12    24.6    30.8   16:06    19.0   06:31     00.0     06.3    00.0   04.9     37.0    00:06      E 
13    24.5    30.7   15:51    17.3   23:56     00.0     06.2    00.3   04.7     64.8    23:36      E 
14    23.7    30.1   17:36    17.4   06:16     00.0     05.4    00.0   04.1     44.4    00:06      NE
15    26.9    32.6   17:16    18.7   06:54     00.0     08.6    00.0   03.7     22.2    19:16      SE
16    26.3    29.8   16:56    20.5   06:28     00.0     08.0    00.0   06.2     27.8    14:21     ESE
17    25.7    30.3   16:21    19.8   05:11     00.0     07.4    00.0   04.5     20.4    16:51     ESE
18    25.1    30.4   17:31    18.5   06:36     00.0     06.8    00.0   02.9     20.4    14:11      NE
19    25.3    32.1   16:46    18.7   06:36     00.0     07.0    00.0   02.5     14.8    12:31      SE
20    26.4    33.2   15:41    19.9   06:56     00.0     08.1    00.0   03.0     14.8    20:11      W 
21    26.7    32.0   15:46    19.9   06:36     00.0     08.4    00.0   03.5     22.2    09:26      E 
22    27.0    33.3   17:06    20.6   06:26     00.0     08.7    00.0   02.8     14.8    14:01     ESE
23    27.5    35.3   16:46    20.3   05:46     00.0     09.2    00.0   03.9     18.5    23:26      S 
24    27.4    34.5   16:36    21.4   06:51     00.0     09.1    00.0   04.2     24.1    17:56     WSW
25    27.6    33.8   19:31    21.5   06:26     00.0     09.3    00.0   03.2     18.5    13:21     WNW
26    29.2    36.1   17:41    23.1   06:46     00.0     10.9    00.0   03.1     22.2    19:31     SSE
27    29.9    36.9   16:26    23.9   07:11     00.0     11.6    00.0   03.0     20.4    19:26      SE
28    30.6    38.6   15:51    24.0   06:56     00.0     12.3    00.0   03.9     31.4    16:21     SSE
29    26.4    30.6   12:06    21.0   00:00     00.0     08.1    00.0   06.6     48.1    14:06      SW
30    25.1    32.8   19:36    17.7   06:41     00.0     06.8    00.3   04.3     24.1    02:31      NW
31    26.9    33.6   19:36    19.7   06:31     00.0     08.6    39.4   02.7     20.4    12:41     ESE
----------------------------------------------------------------------------------------------------------------------------------------------------------
26.7 (26.2)   38.6  day 28     14.9  day 01   000.0    259.8   039.1   04.2     64.8   day 13     ESE
Max >=  30: 29
Min <=   30: 31
Max Rain: 39.4 ON 31-07-14
Days of Rain: 5 (> .2mm) 1 (> 2mm) 1 (> 20mm)