MONTHLY CLIMATOLOGICAL SUMMARY for JUL. 2014

NAME: Estensemeteo   CITY: Ferrara STATE: Italy
ELEV: 11 LAT: 044:48:49 LONG: -011:41:15

                            TEMPERATURE ( C), RAIN (mm), WIND SPEED (kmh)

                                               HEAT     COOL           AVG
      MEAN                                     DEG      DEG            WIND                       DOM
DAY   TEMP    HIGH   TIME     LOW    TIME      DAYS     DAYS    RAIN   SPEED    HIGH    TIME      DIR
----------------------------------------------------------------------------------------------------------------------------------------------------------
01    22.8    28.2   14:56    16.3   05:50     00.0     04.5    00.0   07.6     29.6    12:32     ESE
02    23.6    29.6   15:20    18.8   06:41     00.0     05.3    00.0   04.3     25.9    19:04      E 
03    24.0    29.4   14:48    18.8   06:06     00.0     05.7    00.0   05.1     24.1    12:20      E 
04    23.1    28.9   17:20    16.4   06:12     00.0     04.8    00.0   04.1     24.1    13:42     ESE
05    24.6    30.7   17:51    17.9   06:46     00.0     06.3    00.0   04.3     24.1    15:06      W 
06    26.5    32.5   14:54    21.1   06:51     00.0     08.2    00.0   04.2     20.4    19:13      SE
07    26.3    33.9   16:33    20.1   06:21     00.0     08.0    00.0   04.7     27.8    18:52      SE
08    22.8    28.7   15:54    18.3   00:00     00.0     04.5    03.6   05.6     40.7    17:36     SSW
09    20.6    27.8   13:37    17.0   05:34     00.0     02.3    07.4   05.7     59.2    14:44      SW
10    18.5    23.3   18:27    14.9   08:35     00.0     00.2    23.6   05.7     29.6    14:39     NNW
11    22.2    29.1   17:25    15.4   06:20     00.0     03.9    00.0   03.0     22.2    22:39     SSE
12    22.6    29.9   14:23    17.9   06:06     00.0     04.3    00.0   04.4     27.8    16:03      SE
13    22.5    28.2   17:12    18.6   06:49     00.0     04.2    00.0   03.2     18.5    19:56     ESE
14    21.4    27.1   15:30    18.2   06:47     00.0     03.1    02.3   03.3     24.1    16:46     ENE
15    24.5    31.2   17:49    17.7   06:45     00.0     06.2    00.0   03.9     20.4    15:10      N 
16    27.6    34.2   17:41    20.2   06:13     00.0     09.3    00.0   02.8     14.8    18:47      NE
17    28.0    34.5   17:10    21.6   06:23     00.0     09.7    00.0   03.0     18.5    22:03     ESE
18    27.7    34.2   16:40    20.6   06:14     00.0     09.4    00.0   04.2     18.5    16:00     ESE
19    28.1    35.7   16:29    20.3   05:49     00.0     09.8    00.0   04.1     20.4    18:02      SE
20    28.0    34.3   15:33    21.4   05:25     00.0     09.7    00.0   02.2     24.1    18:43     SSE
21    23.4    26.2   00:10    19.7   00:00     00.0     05.1    01.8   04.3     50.0    09:11      SW
22    23.2    29.4   16:36    18.1   06:30     00.0     04.9    00.3   03.5     18.5    10:49      W 
23    26.5    31.7   17:15    21.8   05:58     00.0     08.2    00.0   03.1     29.6    14:30     ESE
24    22.1    26.1   00:17    19.7   00:00     00.0     03.8    03.0   04.6     24.1    09:24     WNW
25    23.7    29.9   16:04    18.2   06:50     00.0     05.4    00.0   03.3     18.5    19:42     ESE
26    21.7    26.4   13:07    18.6   21:29     00.0     03.4    20.8   04.4     29.6    14:42     ENE
27    22.8    28.1   18:42    18.4   03:51     00.0     04.5    00.0   03.8     16.6    17:36     NNW
28    25.5    32.4   17:22    19.3   06:07     00.0     07.2    00.0   05.6     22.2    21:51     SSE
29    23.2    29.4   14:57    20.1   00:00     00.0     04.9    00.0   05.7     33.3    16:13     SSW
30    20.7    24.2   18:28    17.7   09:21     00.0     02.4    68.1   05.7     27.8    15:05     WNW
31    23.3    28.0   18:57    19.4   05:46     00.0     05.0    00.0   03.6     18.5    00:45      S 
----------------------------------------------------------------------------------------------------------------------------------------------------------
23.9 (24.3)   35.7  day 19     14.9  day 10   000.0    174.1   130.7   04.3     59.2   day 09      SE
Max >=  30: 11
Min <=   30: 31
Max Rain: 68.1 ON 30-07-14
Days of Rain: 9 (> .2mm) 7 (> 2mm) 3 (> 20mm)