MONTHLY CLIMATOLOGICAL SUMMARY for JUL. 2017

NAME: Estensemeteo   CITY: Ferrara STATE: Italy
ELEV: 11 LAT: 044:48:49 LONG: -011:41:15

                            TEMPERATURE ( C), RAIN (mm), WIND SPEED (kmh)

                                               HEAT     COOL           AVG
      MEAN                                     DEG      DEG            WIND                       DOM
DAY   TEMP    HIGH   TIME     LOW    TIME      DAYS     DAYS    RAIN   SPEED    HIGH    TIME      DIR
--------------------------------------------------------------------------------------------------------
01    21.9    28.5   15:12    14.9   05:52     00.0     03.6    00.0   05.9     27.8    16:10      S 
02    22.3    27.8   15:35    15.7   05:51     00.0     04.0    00.0   03.8     20.4    16:12      NW
03    24.9    31.8   16:09    18.2   06:02     00.0     06.6    00.0   05.9     35.1    17:45      SE
04    24.7    30.2   14:52    18.8   05:43     00.0     06.4    00.0   07.4     24.1    17:38      E 
05    25.9    32.8   16:19    18.3   05:27     00.0     07.6    00.0   04.5     24.1    19:05     ESE
06    27.0    35.4   16:46    19.5   03:13     00.0     08.7    00.0   04.0     22.2    17:15      SE
07    28.0    35.6   17:11    19.7   05:28     00.0     09.7    00.0   04.2     20.4    15:23     WSW
08    27.9    35.8   17:54    21.3   05:07     00.0     09.6    00.0   03.0     18.5    19:32      E 
09    27.7    34.7   16:06    21.2   06:43     00.0     09.4    00.0   05.2     35.1    01:50      E 
10    28.3    34.3   18:33    22.8   03:53     00.0     10.0    00.0   04.7     22.2    18:50      S 
11    25.5    33.8   15:38    20.4   18:43     00.0     07.2    02.0   04.7     35.1    17:29      SW
12    25.4    32.4   18:39    19.1   06:07     00.0     07.1    00.0   03.6     22.2    19:10      SW
13    26.9    32.1   15:14    22.9   03:37     00.0     08.6    00.0   05.4     25.9    13:34      E 
14    23.6    27.7   17:42    19.9   06:08     00.0     05.3    00.0   05.2     38.9    10:02      NE
15    23.8    30.7   16:17    18.1   05:33     00.0     05.5    00.0   04.5     24.1    18:42      NE
16    23.5    27.7   16:03    18.6   05:19     00.0     05.2    00.0   06.2     31.4    11:37      E 
17    23.8    30.2   17:37    17.2   06:33     00.0     05.5    00.0   03.2     18.5    13:59     ESE
18    25.3    32.4   17:57    17.9   04:38     00.0     07.0    00.0   03.0     24.1    16:57      SE
19    25.8    34.1   16:45    18.1   04:50     00.0     07.5    00.0   04.0     22.2    19:12      SE
20    26.5    32.6   16:48    20.1   06:25     00.0     08.2    00.0   03.1     16.6    02:33      NW
21    26.6    32.8   14:04    21.2   05:47     00.0     08.3    00.0   05.1     29.6    14:27      E 
22    27.3    34.2   18:31    20.8   06:53     00.0     09.0    00.0   05.1     24.1    13:06     WSW
23    28.4    34.9   17:15    22.1   05:49     00.0     10.1    00.0   04.4     25.9    10:27      W 
24    24.7    32.7   14:28    19.6   00:00     00.0     06.4    00.0   03.9     50.0    15:09      E 
25    22.5    30.3   17:04    17.1   06:29     00.0     04.2    00.0   03.2     44.4    19:14      E 
26    22.5    30.0   16:12    16.1   06:49     00.0     04.2    00.0   04.9     29.6    16:19      NW
27    24.1    31.7   17:28    17.4   06:48     00.0     05.8    00.0   04.3     22.2    20:12      SE
28    25.7    33.4   18:23    18.9   04:30     00.0     07.4    00.0   04.0     22.2    19:14      SE
29    26.4    32.2   14:55    21.3   03:51     00.0     08.1    00.0   05.5     24.1    14:58      E 
30    26.2    33.3   17:40    21.2   06:34     00.0     07.9    00.0   05.0     29.6    17:47      N 
31    27.5    35.2   16:51    22.1   07:23     00.0     09.2    00.0   03.6     22.2    19:19     ESE
--------------------------------------------------------------------------------------------------------
25.5 (25.8)   35.8  day 08     14.9  day 01   000.0    223.4   002.0   04.5     50.0   day 24     ESE
Max >=  30: 27
Max Rain: 2.0 ON 11-07-17
Days of Rain: 1 (> .2mm) 0 (> 2mm) 0 (> 20mm)