MONTHLY CLIMATOLOGICAL SUMMARY for AUG. 2015

NAME: Estensemeteo   CITY: Ferrara STATE: Italy
ELEV: 11 LAT: 044:48:49 LONG: -011:41:15

                            TEMPERATURE ( C), RAIN (mm), WIND SPEED (kmh)

                                               HEAT     COOL           AVG
      MEAN                                     DEG      DEG            WIND                       DOM
DAY   TEMP    HIGH   TIME     LOW    TIME      DAYS     DAYS    RAIN   SPEED    HIGH    TIME      DIR
--------------------------------------------------------------------------------------------------------
01    22.2    27.7   16:04    16.8   06:11     00.0     03.9    07.1   05.1     22.2    16:10      NE
02    22.5    27.9   17:57    18.6   05:22     00.0     04.2    00.3   03.1     16.6    17:32      E 
03    25.5    31.8   18:20    18.7   05:32     00.0     07.2    00.0   03.7     18.5    15:43     NNE
04    27.2    34.0   16:34    20.7   05:50     00.0     08.9    00.0   03.5     18.5    18:38     ESE
05    28.3    33.7   17:10    22.8   06:09     00.0     10.0    00.0   03.9     24.1    14:23     ENE
06    28.7    35.1   17:16    22.3   04:44     00.0     10.4    00.0   03.5     18.5    17:45     NNE
07    28.8    35.2   15:59    23.4   05:24     00.0     10.5    00.0   03.2     18.5    15:49      NE
08    29.1    35.7   16:31    23.0   06:04     00.0     10.8    00.0   04.0     18.5    17:52     NNE
09    28.5    35.6   15:44    23.8   05:34     00.0     10.2    00.0   03.7     22.2    16:01     ENE
10    24.2    29.1   12:07    20.2   00:00     00.0     05.9    00.0   07.3     37.0    19:23      W 
11    26.0    33.5   15:57    19.4   06:40     00.0     07.7    00.0   04.9     20.4    16:09      NW
12    28.1    35.4   14:57    20.6   06:29     00.0     09.8    00.0   03.5     18.5    16:28      NW
13    28.6    36.5   16:37    21.5   07:09     00.0     10.3    00.0   04.5     20.4    17:18      SE
14    28.5    35.3   15:19    21.6   06:47     00.0     10.2    00.0   03.3     16.6    19:16     SSW
15    24.7    30.4   15:05    19.3   20:49     00.0     06.4    10.4   04.8     74.0    19:01     WSW
16    20.5    24.7   17:34    17.7   22:07     00.0     02.2    19.5   03.7     29.6    21:13      W 
17    22.5    29.3   16:44    16.8   07:34     00.0     04.2    00.0   06.1     25.9    19:52     WSW
18    22.9    29.3   17:40    16.4   07:02     00.0     04.6    00.0   04.8     24.1    19:47     SSW
19    19.3    22.5   00:18    16.3   10:25     00.0     01.0    17.3   05.3     24.1    09:37      N 
20    22.5    29.2   16:13    17.1   04:04     00.0     04.2    00.0   05.4     22.2    23:43     WSW
21    21.3    26.4   14:37    17.7   06:24     00.0     03.0    00.0   05.9     29.6    16:27      NE
22    21.4    27.5   16:07    15.8   06:25     00.0     03.1    00.0   04.0     20.4    17:28     ESE
23    21.8    28.6   14:16    15.1   05:25     00.0     03.5    00.0   04.5     22.2    16:04     ESE
24    21.8    26.5   13:55    19.3   06:44     00.0     03.5    06.7   05.7     24.1    15:41     ENE
25    23.2    29.7   15:04    17.7   06:39     00.0     04.9    00.0   03.1     20.4    19:35      NE
26    23.7    30.0   16:23    18.4   06:41     00.0     05.4    00.0   04.6     18.5    03:01      N 
27    24.6    32.0   17:02    18.0   06:36     00.0     06.3    00.0   03.6     22.2    18:36     SSE
28    25.5    33.4   15:36    19.1   06:24     00.0     07.2    00.0   03.6     20.4    18:32      SE
29    26.2    33.9   16:58    20.6   06:33     00.0     07.9    00.0   02.9     14.8    20:16     ESE
30    27.0    34.4   18:17    20.4   04:46     00.0     08.7    00.0   03.4     18.5    19:32     SSE
31    27.1    34.8   16:50    20.7   07:33     00.0     08.8    00.0   03.0     18.5    17:41      S 
--------------------------------------------------------------------------------------------------------
24.9 (25.3)   36.5  day 13     15.1  day 23   000.0    205.2   061.3   04.2     74.0   day 15     ENE
Max >=  30: 18
Max Rain: 19.5 ON 16-08-15
Days of Rain: 6 (> .2mm) 5 (> 2mm) 0 (> 20mm)