MONTHLY CLIMATOLOGICAL SUMMARY for AUG. 2017

NAME: Estensemeteo   CITY: Ferrara STATE: Italy
ELEV: 11 LAT: 044:48:49 LONG: -011:41:15

                            TEMPERATURE ( C), RAIN (mm), WIND SPEED (kmh)

                                               HEAT     COOL           AVG
      MEAN                                     DEG      DEG            WIND                       DOM
DAY   TEMP    HIGH   TIME     LOW    TIME      DAYS     DAYS    RAIN   SPEED    HIGH    TIME      DIR
--------------------------------------------------------------------------------------------------------
01    28.7    36.7   15:45    21.4   06:32     00.0     10.4    00.0   03.0     22.2    16:03      E 
02    30.5    38.7   17:07    22.8   06:24     00.0     12.2    00.0   02.7     18.5    16:48     WNW
03    30.7    38.7   16:45    23.4   06:46     00.0     12.4    00.0   03.4     20.4    19:32     ESE
04    31.1    38.7   18:44    24.3   02:52     00.0     12.8    00.0   03.1     25.9    16:18      NW
05    30.5    37.3   16:47    24.2   05:32     00.0     12.2    00.0   03.4     18.5    16:10      NE
06    28.5    36.7   15:27    22.6   00:00     00.0     10.2    06.9   03.4     51.8    18:59     NNE
07    24.9    30.3   15:56    19.4   06:41     00.0     06.6    00.0   06.1     25.9    13:36     ENE
08    25.5    32.2   15:18    19.1   06:38     00.0     07.2    00.0   05.8     25.9    17:49      E 
09    27.7    35.3   15:56    22.7   07:27     00.0     09.4    03.3   04.8     29.6    16:35      E 
10    25.2    29.9   12:44    21.4   15:40     00.0     06.9    01.3   04.3     35.1    15:27      SE
11    23.6    29.6   14:07    17.7   00:00     00.0     05.3    00.0   08.5     42.5    14:23      SW
12    21.8    28.3   16:03    15.7   05:20     00.0     03.5    00.0   04.8     20.4    15:17     WNW
13    23.8    31.3   16:57    16.3   06:25     00.0     05.5    00.0   05.3     27.8    16:57      SE
14    25.0    31.5   15:27    17.6   05:49     00.0     06.7    00.0   05.6     29.6    14:39      SE
15    26.0    33.7   17:26    18.8   04:46     00.0     07.7    00.0   04.4     27.8    17:47      SE
16    26.3    32.8   14:43    19.3   05:26     00.0     08.0    00.0   02.8     18.5    18:33     ESE
17    27.2    34.3   16:49    20.6   06:12     00.0     08.9    00.0   03.5     22.2    15:12     ESE
18    27.6    35.6   15:39    19.9   06:59     00.0     09.3    00.0   04.0     25.9    16:15      SE
19    26.2    33.1   17:09    21.3   03:51     00.0     07.9    00.0   04.7     31.4    22:56     ENE
20    22.8    27.8   15:17    18.1   06:59     00.0     04.5    06.6   06.4     27.8    00:10      NE
21    22.6    27.9   16:12    16.4   06:35     00.0     04.3    00.0   04.4     22.2    12:00      E 
22    22.0    28.3   16:22    14.9   06:54     00.0     03.7    00.0   04.2     22.2    19:39      SE
23    22.7    30.1   16:47    15.1   05:42     00.0     04.4    00.0   04.8     27.8    18:54      SE
24    24.4    32.9   15:22    17.5   05:33     00.0     06.1    00.0   04.9     29.6    18:59     ESE
25    25.8    33.3   16:18    19.9   05:46     00.0     07.5    00.0   03.8     25.9    18:58      E 
26    26.6    34.7   16:07    20.1   06:43     00.0     08.3    00.0   03.4     25.9    17:13      SE
27    28.1    36.3   17:52    20.4   06:50     00.0     09.8    00.0   03.3     18.5    14:22      W 
28    27.0    31.8   12:04    22.0   06:18     00.0     08.7    00.0   06.6     35.1    21:55     ESE
29    24.4    30.8   16:24    18.1   07:04     00.0     06.1    00.0   05.2     24.1    16:39     ESE
30    24.9    32.4   15:59    18.0   04:42     00.0     06.6    00.0   04.0     29.6    18:03      SE
--------------------------------------------------------------------------------------------------------
26.1 (26.3)   38.7  day 04     14.9  day 22   000.0    233.1   018.1   04.5     51.8   day 06     ESE
Max >=  30: 24
Max Rain: 6.9 ON 6-08-17
Days of Rain: 4 (> .2mm) 3 (> 2mm) 0 (> 20mm)