MONTHLY CLIMATOLOGICAL SUMMARY for SEP. 2007

NAME: Estensemeteo   CITY: Ferrara STATE: Italy
ELEV: 11 LAT: 044:48:49 LONG: -011:41:15

                            TEMPERATURE ( C), RAIN (mm), WIND SPEED (kmh)

                                               HEAT     COOL           AVG
      MEAN                                     DEG      DEG            WIND                       DOM
DAY   TEMP    HIGH   TIME     LOW    TIME      DAYS     DAYS    RAIN   SPEED    HIGH    TIME      DIR
----------------------------------------------------------------------------------------------------------------------------------------------------------
01    21.2    26.8   16:56    15.2   07:31     00.0     02.9    00.0   03.8     18.5    12:16      NW
02    21.7    27.3   15:21    16.9   05:01     00.0     03.4    00.0   04.9     24.1    15:11      E 
03    21.4    28.7   15:31    14.4   05:21     00.0     03.1    00.0   05.5     27.8    17:41     ESE
04    18.2    21.1   16:01    14.6   00:00     00.1     00.0    14.2   08.1     50.0    07:26     ENE
05    15.6    22.5   15:21    09.9   06:16     02.7     00.0    00.0   08.1     42.5    15:41     WSW
06    17.3    22.6   16:51    11.7   06:43     01.0     00.0    00.0   07.1     27.8    09:31     WSW
07    18.7    26.3   16:51    10.2   07:21     00.0     00.4    00.0   05.2     24.1    19:11     WNW
08    19.2    27.4   16:46    12.6   06:56     00.0     00.9    00.0   04.4     29.6    16:56      E 
09    20.2    27.5   17:11    14.1   07:11     00.0     01.9    00.0   04.0     20.4    18:16     NNE
10    20.5    26.2   17:36    16.5   02:56     00.0     02.2    26.2   04.3     59.2    11:56     ESE
11    20.6    26.1   15:16    15.8   00:00     00.0     02.3    00.0   08.4     37.0    17:31      SE
12    19.0    25.6   15:01    13.0   05:31     00.0     00.7    00.0   06.5     27.8    17:26     ESE
13    19.0    25.7   16:11    12.8   07:01     00.0     00.7    00.0   04.9     24.1    17:01     ESE
14    19.6    27.7   17:01    12.7   07:41     00.0     01.3    00.0   02.9     24.1    17:56      SE
15    20.4    27.9   17:41    14.6   03:11     00.0     02.1    00.0   03.2     18.5    20:21      NW
16    21.8    28.2   16:11    15.9   08:11     00.0     03.5    00.0   05.1     24.1    18:56      E 
17    22.1    27.3   16:36    18.1   07:21     00.0     03.8    00.0   03.9     25.9    13:06      NE
18    23.0    29.5   16:56    17.8   02:46     00.0     04.7    00.0   08.1     44.4    17:16      SW
19    18.1    22.3   14:41    13.8   00:00     00.2     00.0    00.3   07.6     37.0    11:11      NE
20    16.9    22.0   15:56    10.7   07:11     01.4     00.0    00.0   04.5     22.2    14:36     ENE
21    16.7    23.3   17:01    11.2   03:41     01.6     00.0    00.0   02.3     18.5    14:21     NNE
22    18.5    25.4   17:21    10.4   01:31     00.0     00.2    00.0   02.6     16.6    15:51      SE
23    18.5    26.4   17:16    11.9   07:56     00.0     00.2    00.0   02.3     25.9    16:41      NE
24    17.8    25.8   16:26    11.4   04:31     00.5     00.0    00.0   03.1     18.5    19:01      E 
25    18.0    24.5   15:21    12.6   04:36     00.3     00.0    00.0   04.8     29.6    16:01      E 
26    17.2    19.6   14:41    13.7   00:00     01.1     00.0    01.3   08.9     42.5    16:56      NE
27    14.0    18.3   12:56    11.1   07:36     04.3     00.0    13.0   06.4     27.8    03:41      SE
28    13.7    18.6   17:41    09.9   06:46     04.6     00.0    00.3   05.1     25.9    01:03     SSW
29    16.6    23.1   16:26    10.7   07:46     01.7     00.0    00.0   03.5     20.4    18:11      NE
30    17.2    21.1   17:31    14.1   07:21     01.1     00.0    00.0   02.7     11.1    09:36     NNW
----------------------------------------------------------------------------------------------------------------------------------------------------------
18.8 (19.1)   29.5  day 18     09.9  day 28   020.7    034.3   000.0   05.1     59.2   day 10      E 
Min <=   30: 30
Max Rain: 26.2 ON 10-09-14
Days of Rain: 6 (> .2mm) 3 (> 2mm) 1 (> 20mm)