MONTHLY CLIMATOLOGICAL SUMMARY for SEP. 2008

NAME: Estensemeteo   CITY: Ferrara STATE: Italy
ELEV: 11 LAT: 044:48:49 LONG: -011:41:15

                            TEMPERATURE ( C), RAIN (mm), WIND SPEED (kmh)

                                               HEAT     COOL           AVG
      MEAN                                     DEG      DEG            WIND                       DOM
DAY   TEMP    HIGH   TIME     LOW    TIME      DAYS     DAYS    RAIN   SPEED    HIGH    TIME      DIR
----------------------------------------------------------------------------------------------------------------------------------------------------------
01    23.9    30.9   15:21    18.9   05:51     00.0     05.6    02.5   05.0     31.4    15:11     ESE
02    23.8    30.7   17:41    18.8   07:41     00.0     05.5    00.0   03.3     24.1    18:11     ESE
03    24.4    31.0   18:31    19.3   03:31     00.0     06.1    00.0   04.8     25.9    18:51      SW
04    25.3    31.1   13:01    18.0   06:21     00.0     07.0    00.0   06.3     42.5    16:11      S 
05    26.6    33.3   16:01    22.2   07:31     00.0     08.3    00.0   07.0     37.0    18:51     SSE
06    26.8    34.3   17:21    20.4   06:31     00.0     08.5    00.0   05.2     29.6    16:41      SE
07    25.3    31.1   16:01    20.4   07:41     00.0     07.0    00.3   04.3     25.9    11:11      SW
08    22.9    29.6   17:36    15.4   05:51     00.0     04.6    00.0   04.7     27.8    10:56     WNW
09    23.3    30.7   17:16    16.5   06:56     00.0     05.0    00.0   02.9     14.8    19:16     ESE
10    24.6    31.9   16:36    18.0   07:21     00.0     06.3    00.0   03.0     18.5    19:26      S 
11    25.5    32.7   17:11    19.1   07:21     00.0     07.2    00.0   03.0     24.1    19:06      SE
12    24.9    32.2   15:06    20.4   04:36     00.0     06.6    00.0   04.4     31.4    16:26     NNE
13    19.4    22.1   00:16    15.2   00:00     00.0     01.1    26.2   05.4     22.2    22:51     NNE
14    15.8    20.8   14:21    13.0   08:11     02.5     00.0    39.6   10.4     42.5    12:51     NNE
15    14.9    18.6   14:16    11.8   02:36     03.4     00.0    00.3   06.1     25.9    11:51      N 
16    16.5    22.4   17:06    12.5   08:01     01.8     00.0    00.0   05.4     38.9    17:16      S 
17    16.6    23.1   15:31    10.7   06:51     01.7     00.0    00.0   06.2     31.4    18:01      SE
18    17.3    22.8   17:01    13.3   06:01     01.0     00.0    00.0   03.5     16.6    12:51     ENE
19    16.7    19.9   16:56    14.0   11:06     01.6     00.0    02.5   04.5     20.4    06:31     ENE
20    16.8    20.5   14:06    13.4   23:26     01.5     00.0    00.0   03.4     22.2    14:21     ESE
21    14.7    18.0   12:46    12.1   07:26     03.6     00.0    00.0   02.7     22.2    14:11      SE
22    15.2    20.7   16:51    10.8   08:06     03.1     00.0    00.0   03.1     18.5    16:11      E 
23    13.7    18.9   16:51    10.2   03:21     04.6     00.0    02.0   03.8     27.8    13:21     ENE
24    14.2    20.0   16:06    08.9   07:21     04.1     00.0    00.3   04.2     24.1    16:51     NNE
25    15.5    20.7   16:26    10.9   05:16     02.8     00.0    00.0   06.0     27.8    12:16     NNE
26    15.0    19.2   16:06    11.2   04:21     03.3     00.0    00.0   05.2     29.6    13:51      NE
27    14.9    19.1   15:11    10.3   08:01     03.4     00.0    00.0   09.1     46.3    10:26      NE
28    14.9    19.6   15:46    10.1   07:21     03.4     00.0    00.0   06.4     31.4    13:21     NNE
29    14.2    20.4   17:31    07.8   07:36     04.1     00.0    00.0   03.3     18.5    20:36     SSW
30    14.1    19.1   16:26    08.3   07:46     04.2     00.0    00.0   02.8     14.8    17:06      W 
----------------------------------------------------------------------------------------------------------------------------------------------------------
19.2 (19.6)   34.3  day 06     07.8  day 29   050.2    078.6   000.0   04.8     46.3   day 27     ENE
Max >=  30: 11
Min <=   30: 30
Max Rain: 39.6 ON 14-09-14
Days of Rain: 8 (> .2mm) 4 (> 2mm) 2 (> 20mm)