MONTHLY CLIMATOLOGICAL SUMMARY for SEP. 2011

NAME: Estensemeteo   CITY: Ferrara STATE: Italy
ELEV: 11 LAT: 044:48:49 LONG: -011:41:15

                            TEMPERATURE ( C), RAIN (mm), WIND SPEED (kmh)

                                               HEAT     COOL           AVG
      MEAN                                     DEG      DEG            WIND                       DOM
DAY   TEMP    HIGH   TIME     LOW    TIME      DAYS     DAYS    RAIN   SPEED    HIGH    TIME      DIR
----------------------------------------------------------------------------------------------------------------------------------------------------------
01    25.4    31.4   17:41    19.6   07:21     00.0     07.1    00.0   03.4     20.4    15:26     WNW
02    25.7    31.7   18:11    20.3   07:46     00.0     07.4    00.0   02.1     18.5    19:31      W 
03    26.3    32.2   15:16    21.4   07:11     00.0     08.0    00.0   04.4     22.2    17:31     ESE
04    24.6    29.7   13:31    21.2   00:00     00.0     06.3    16.5   03.8     33.3    15:11     ESE
05    22.8    27.5   17:16    19.4   06:51     00.0     04.5    01.5   03.2     18.5    22:51     SSE
06    22.9    27.1   15:46    19.9   06:33     00.0     04.6    00.8   05.0     24.1    08:56     NNE
07    22.9    28.5   17:16    17.7   07:26     00.0     04.6    00.0   02.8     16.6    15:21      W 
08    23.6    28.3   15:46    19.2   07:31     00.0     05.3    00.0   03.7     16.6    14:16      W 
09    24.1    31.7   17:11    18.4   07:36     00.0     05.8    00.0   02.8     25.9    18:36     ESE
10    24.8    32.3   16:51    20.0   06:01     00.0     06.5    00.0   02.7     22.2    18:51     ESE
11    25.6    32.6   17:06    21.4   04:16     00.0     07.3    00.0   03.4     31.4    18:26     ESE
12    24.8    30.3   16:41    20.0   06:16     00.0     06.5    00.0   03.5     18.5    17:31      NW
13    25.9    32.6   16:16    20.1   07:41     00.0     07.6    00.0   02.2     24.1    13:51     SSE
14    26.1    33.1   17:26    20.9   07:46     00.0     07.8    00.0   02.5     22.2    18:06     SSE
15    25.6    32.3   15:51    21.2   05:46     00.0     07.3    00.0   03.4     18.5    18:31      NE
16    25.2    31.7   17:16    20.6   07:36     00.0     06.9    00.0   02.3     16.6    19:41     NNE
17    24.9    32.0   17:21    19.7   08:01     00.0     06.6    00.0   03.1     24.1    18:51      SE
18    22.1    29.2   13:06    18.7   07:51     00.0     03.8    04.3   07.3     42.5    13:51     SSW
19    18.4    20.5   16:31    15.4   22:56     00.0     00.1    01.3   07.3     27.8    14:26     WSW
20    19.4    25.1   16:56    14.4   02:51     00.0     01.1    00.8   05.8     27.8    14:46     NNE
21    20.3    27.2   16:16    13.2   07:46     00.0     02.0    00.0   03.7     16.6    15:16     WNW
22    21.6    27.6   17:16    16.3   08:26     00.0     03.3    00.0   02.8     12.9    19:46      W 
23    21.6    27.3   15:26    16.3   08:01     00.0     03.3    00.0   04.6     25.9    13:26      E 
24    20.8    27.8   15:51    15.6   07:31     00.0     02.5    00.0   02.2     20.4    17:21      NE
25    21.1    28.0   16:11    15.5   08:01     00.0     02.8    00.0   02.6     16.6    17:36      E 
26    21.1    28.3   16:11    15.6   07:51     00.0     02.8    00.0   02.9     20.4    16:36     NNE
27    21.3    27.9   16:51    15.3   07:16     00.0     03.0    00.0   03.5     18.5    16:06      N 
28    21.3    27.3   15:16    16.1   06:26     00.0     03.0    00.0   05.2     33.3    14:51      NE
29    20.7    27.5   15:11    14.2   08:16     00.0     02.4    00.0   02.8     18.5    15:51     NNE
30    20.8    27.7   16:21    14.5   08:06     00.0     02.5    00.0   03.2     16.6    14:31     NNE
----------------------------------------------------------------------------------------------------------------------------------------------------------
23.1 (23.6)   33.1  day 14     13.2  day 21   000.0    142.7   000.0   03.6     42.6   day 18     ENE
Max >=  30: 12
Min <=   30: 30
Max Rain: 16.5 ON 4-09-14
Days of Rain: 6 (> .2mm) 2 (> 2mm) 0 (> 20mm)