MONTHLY CLIMATOLOGICAL SUMMARY for SEP. 2013

NAME: Estensemeteo   CITY: Ferrara STATE: Italy
ELEV: 33 LAT: 044:48:49 LONG: -011:41:15

                            TEMPERATURE ( C), RAIN (mm), WIND SPEED (kmh)

                                               HEAT     COOL           AVG
      MEAN                                     DEG      DEG            WIND                       DOM
DAY   TEMP    HIGH   TIME     LOW    TIME      DAYS     DAYS    RAIN   SPEED    HIGH    TIME      DIR
----------------------------------------------------------------------------------------------------------------------------------------------------------
01    23.7    29.2   16:35    15.7   06:58     00.0     05.4    00.0   03.4     24.1    16:49     ESE
02    22.1    27.6   18:16    17.9   06:36     00.0     03.8    00.0   03.2     18.5    03:54     NNE
03    24.7    31.1   17:44    17.4   06:45     00.0     06.4    00.0   03.3     16.6    19:59      S 
04    24.8    30.7   16:33    17.7   07:14     00.0     06.5    00.0   03.9     22.2    18:30      E 
05    23.7    30.6   15:57    17.8   05:22     00.0     05.4    00.0   02.7     24.1    17:58      E 
06    25.0    30.6   16:54    17.7   07:09     00.0     06.7    00.0   03.1     18.5    18:19     ESE
07    25.4    31.6   14:59    18.0   06:54     00.0     07.1    00.0   03.8     24.1    18:44     ESE
08    25.7    29.4   17:35    19.6   06:03     00.0     07.4    00.0   03.8     18.5    20:18      S 
09    25.7    30.9   16:24    18.7   00:00     00.0     07.4    00.0   04.9     31.4    18:47      SW
10    22.9    27.5   15:01    16.2   06:38     00.0     04.6    00.0   03.6     20.4    15:38     SSW
11    18.7    22.6   13:22    15.2   00:00     00.0     00.4    00.5   04.9     25.9    15:52     NNE
12    18.3    23.7   18:28    13.2   03:48     00.0     00.0    00.0   02.5     18.5    13:27     NNW
13    19.4    25.9   17:08    13.7   06:00     00.0     01.1    00.0   02.2     18.5    13:46     SSE
14    19.7    25.7   15:11    12.9   06:03     00.0     01.4    00.0   02.7     20.4    13:35      W 
15    19.8    24.1   16:00    14.5   06:47     00.0     01.5    04.3   01.1     12.9    22:03      S 
16    20.7    24.6   16:20    16.3   08:05     00.0     02.4    00.0   03.3     18.5    11:16     WSW
17    18.7    23.0   15:59    14.3   00:00     00.0     00.4    00.5   07.3     29.6    11:19     ESE
18    17.2    23.6   15:46    10.8   07:34     01.1     00.0    00.0   02.8     16.6    18:16     NNW
19    19.4    25.0   16:34    12.5   07:31     00.0     01.1    00.0   03.4     18.5    12:14     NNW
20    20.9    26.1   15:14    14.2   06:02     00.0     02.6    00.0   03.9     20.4    17:52      SE
21    21.1    26.2   14:23    15.0   06:12     00.0     02.8    00.0   03.4     22.2    14:22     ESE
22    20.1    25.8   15:17    14.5   07:18     00.0     01.8    00.0   05.4     24.1    18:02      SE
23    20.9    26.5   17:21    12.3   06:43     00.0     02.6    00.0   02.6     18.5    14:15      SW
24    21.6    27.7   17:27    14.1   07:26     00.0     03.3    00.0   02.6     14.8    15:25      W 
25    20.5    27.1   15:57    15.1   04:11     00.0     02.2    00.0   02.8     16.6    10:37      W 
26    22.3    27.2   17:00    15.7   07:36     00.0     04.0    00.0   04.1     18.5    14:28     WSW
27    23.0    27.2   16:06    18.1   07:37     00.0     04.7    00.0   03.1     18.5    13:34      W 
28    22.7    26.1   17:44    19.3   06:36     00.0     04.4    00.0   01.7     14.8    19:16      S 
29    18.6    20.7   00:06    14.8   23:59     00.0     00.3    13.0   02.8     20.4    07:49      SE
30    14.3    15.0   16:58    13.4   08:40     04.0     00.0    00.0   05.1     18.5    14:09      N 
----------------------------------------------------------------------------------------------------------------------------------------------------------
21.4 (21.0)   31.6  day 07     10.8  day 18   005.1    097.7   018.3   03.4     31.5   day 09      SE
Max >=  30: 6
Min <=   30: 30
Max Rain: 13.0 ON 29-09-13
Days of Rain: 4 (> .2mm) 2 (> 2mm) 0 (> 20mm)