MONTHLY CLIMATOLOGICAL SUMMARY for SEP. 2016

NAME: Estensemeteo   CITY: Ferrara STATE: Italy
ELEV: 11 LAT: 044:48:49 LONG: -011:41:15

                            TEMPERATURE ( C), RAIN (mm), WIND SPEED (kmh)

                                               HEAT     COOL           AVG
      MEAN                                     DEG      DEG            WIND                       DOM
DAY   TEMP    HIGH   TIME     LOW    TIME      DAYS     DAYS    RAIN   SPEED    HIGH    TIME      DIR
--------------------------------------------------------------------------------------------------------
01    24.6    32.0   17:11    17.8   06:05     00.0     06.3    00.0   02.3     11.1    21:13     SSW
02    26.1    32.6   15:27    20.9   07:47     00.0     07.8    00.0   03.8     22.2    14:51      SE
03    25.6    33.1   15:28    19.0   07:07     00.0     07.3    00.0   04.4     22.2    18:33      SE
04    25.9    32.8   16:26    19.9   07:03     00.0     07.6    00.0   03.9     25.9    18:17      SE
05    23.8    29.4   15:33    19.9   00:00     00.0     05.5    00.0   04.9     29.6    17:10      E 
06    20.4    27.6   15:46    16.9   07:22     00.0     02.1    05.6   04.8     44.4    16:52     SSE
07    21.9    28.3   16:16    17.0   05:57     00.0     03.6    00.0   07.9     35.1    16:19      NE
08    23.3    28.7   17:08    18.1   07:02     00.0     05.0    00.0   04.2     24.1    16:16     NNE
09    24.7    30.7   16:17    18.7   07:38     00.0     06.4    00.0   04.3     24.1    12:40     ENE
10    24.8    31.5   15:45    19.2   05:15     00.0     06.5    00.0   04.6     25.9    15:48      NE
11    24.8    30.5   15:50    19.6   07:30     00.0     06.5    00.0   04.2     24.1    15:11     ENE
12    24.5    31.3   15:48    18.6   07:17     00.0     06.2    00.0   03.4     18.5    17:39      E 
13    24.4    31.5   16:53    18.4   06:06     00.0     06.1    00.0   03.5     18.5    13:40      NE
14    23.9    31.7   16:04    16.8   07:15     00.0     05.6    00.0   03.7     18.5    21:57      SE
15    23.1    28.2   14:32    18.8   03:46     00.0     04.8    00.0   04.0     18.5    18:49     ESE
16    18.8    20.2   16:42    17.7   06:00     00.0     00.5    44.4   02.6     27.8    15:31      SE
17    20.0    25.7   17:37    15.3   07:13     00.0     01.7    00.0   05.7     37.0    01:18     WSW
18    19.1    23.7   15:12    16.2   00:00     00.0     00.8    00.0   03.7     22.2    01:00     WNW
19    19.8    25.9   17:42    15.2   05:45     00.0     01.5    00.0   03.5     16.6    11:27      W 
20    19.6    26.9   16:29    15.0   05:59     00.0     01.3    00.0   04.1     38.9    17:41      S 
21    17.2    19.3   18:42    15.8   22:22     01.1     00.0    43.2   04.5     22.2    04:45      NE
22    18.1    23.3   17:33    15.1   08:18     00.2     00.0    00.0   03.4     18.5    15:29      E 
23    17.4    24.0   14:55    10.6   07:03     00.9     00.0    00.0   03.1     20.4    16:23      SE
24    18.1    25.2   16:02    13.1   02:57     00.2     00.0    00.0   02.4     12.9    17:18     ESE
25    18.6    24.9   16:24    12.7   07:12     00.0     00.3    00.0   02.2     14.8    15:34      W 
26    19.0    25.8   15:41    13.4   07:20     00.0     00.7    00.0   02.8     18.5    17:53      SE
27    18.8    25.2   15:53    13.6   07:14     00.0     00.5    00.0   02.8     24.1    17:02     SSE
28    18.6    25.1   16:17    12.6   07:02     00.0     00.3    00.0   02.3     14.8    20:43     SSE
29    18.7    25.9   16:12    12.5   06:39     00.0     00.4    00.0   03.0     18.5    17:47      S 
30    19.7    26.6   16:33    13.7   07:30     00.0     01.4    00.0   03.9     18.5    18:33     SSW
--------------------------------------------------------------------------------------------------------
21.4 (22.0)   33.1  day 03     10.6  day 23   002.4    096.7   093.2   03.8     44.4   day 06     ESE
Max >=  30: 10
Max Rain: 44.4 ON 16-09-16
Days of Rain: 3 (> .2mm) 3 (> 2mm) 2 (> 20mm)