YEARLY CLIMATOLOGICAL SUMMARY for Jan 2007

NAME: Estensemeteo   CITY: Ferrara STATE: Italy
ELEV: 11 LAT: 044:48:49 LONG: -011:41:15

                            TEMPERATURE ( C), RAIN (mm), WIND SPEED (kmh)

                                                 HEAT     COOL           AVG
      MEAN                                       DEG      DEG            WIND                        DOM
MTH   TEMP    HIGH   TIME      LOW     TIME      DAYS     DAYS   RAIN    SPEED    HIGH    TIME       DIR
--------------------------------------------------------------------------------------------------------
01
02
03    09.8    21.3   16:06    01.0   08:11    0178.0    0000.0    82.3    05.2     53.6    00:04      NE
04    18.0    27.8   17:11    06.7   06:46    0010.6    0006.5    00.0    04.2     31.4    00:04      E 
05    19.8    33.3   16:41    09.3   06:56    0024.5    0070.9    69.1    04.5     68.5    23:51      E 
06    22.6    33.8   17:01    14.0   06:21    0001.9    0127.1    62.0    04.7     46.3    00:04     ESE
07    25.4    37.7   17:01    11.7   05:51    0000.0    0208.6    03.6    05.6     61.0    00:04      SE
08    23.4    35.6   16:56    14.2   07:21    0000.0    0160.3    20.8    05.0     42.5    23:51      SE
09    18.8    29.5   16:56    09.9   06:46    0020.7    0034.3    55.1    05.1     59.2    23:57     ESE
10    14.0    26.7   17:16    04.2   07:56    0139.3    0005.5    68.6    04.8     44.4    23:57      E 
11    07.4    16.8   14:56   -00.6   06:16    0326.0    0000.0    11.7    04.4     42.5    23:57     ENE
12    03.1    12.0   15:11   -06.8   08:16    0472.6    0000.0    24.6    04.8     40.7    23:57      NE
--------------------------------------------------------------------------------------------------------
      16.2    37.7            -6.8            1173.7     613.2   397.8     4.8     68.5               NE

Max >=  32.0: 54
Max <=   0.0: 1
Min <=   0.0: 15
Min <= -18.0: 2
Max >=  32.0: 54
Max <=   0.0: 1
Min <=   0.0: 15
Min <= -18.0: 2
Max <=  -5.0: 0
Min <=  -5.0: 2
Max <= -10.0: 0
Min <= -10.0: 0
Max <= -15.0: 0
Min <= -15.0: 0
Max <= -20.0: 0
Min <= -20.0: 0
Max <= -25.0: 0
Min <= -25.0: 0
Max Rain: 0.3 ON 31-01-17
Days of Rain: 67 (> .2mm) 33 (> 2mm) 5 (> 20mm)