YEARLY CLIMATOLOGICAL SUMMARY for Jun 2011 NAME: Estensemeteo CITY: Ferrara STATE: Italy ELEV: 11 LAT: 044:48:49 LONG: -011:41:15 TEMPERATURE ( °C), RAIN (mm), WIND SPEED (kmh) HEAT COOL AVG MEAN DEG DEG WIND DOM MTH TEMP HIGH TIME LOW TIME DAYS DAYS RAIN SPEED HIGH TIME DIR -------------------------------------------------------------------------------------------------------- 01 02.9 07.9 15:46 -03.7 08:06 0478.0 0000.0 16.0 04.3 44.4 23:56 NNW 02 05.4 13.9 15:31 -03.8 08:06 0349.2 0000.0 47.2 04.3 42.5 00:04 NNW 03 09.5 22.3 16:26 -02.0 06:26 0273.0 0000.0 69.6 05.6 50.0 23:57 N 04 16.2 30.9 16:26 06.1 06:56 0070.2 0007.0 05.1 04.8 51.8 23:57 NNE 05 20.1 31.4 16:36 07.7 06:26 0016.0 0072.7 33.0 04.6 53.6 00:04 NE 06 22.9 33.2 17:41 15.7 06:06 0000.0 0139.4 49.8 04.6 38.9 23:57 ENE 07 24.0 35.3 17:06 13.4 05:41 0000.5 0176.2 40.1 04.7 42.5 23:51 ENE 08 26.0 38.1 16:16 14.7 05:36 0000.0 0239.4 00.0 03.8 44.4 23:56 E 09 23.1 33.1 17:26 13.2 07:46 0000.0 0142.7 25.1 03.6 42.5 23:57 E 10 14.4 29.3 16:41 03.7 06:51 0131.0 0015.0 29.0 04.0 51.8 00:06 ENE 11 07.5 19.6 14:11 -01.3 06:26 0296.5 0000.0 20.6 03.7 33.3 00:04 ENE 12 13.8 32.0 00:56 -01.2 08:54 0164.9 0014.7 10.4 03.6 51.8 23:59 NE -------------------------------------------------------------------------------------------------------- 15.7 38.1 -3.8 1779.2 807.1 345.9 4.3 53.7 NE Max >= 32.0: 74 Max <= 0.0: 0 Min <= 0.0: 28 Min <= -18.0: 0 Max >= 32.0: 74 Max <= 0.0: 0 Min <= 0.0: 28 Min <= -18.0: 0 Max <= -5.0: 0 Min <= -5.0: 0 Max <= -10.0: 0 Min <= -10.0: 0 Max <= -15.0: 0 Min <= -15.0: 0 Max <= -20.0: 0 Min <= -20.0: 0 Max <= -25.0: 0 Min <= -25.0: 0 Max Rain: 13.0 ON 20-01-21 Days of Rain: 81 (> .2mm) 37 (> 2mm) 2 (> 20mm)